{"id":17,"date":"2024-04-04T08:59:31","date_gmt":"2024-04-04T05:59:31","guid":{"rendered":"https:\/\/sisu.ut.ee\/biometeorology\/2018-2\/"},"modified":"2024-04-04T08:59:59","modified_gmt":"2024-04-04T05:59:59","slug":"2018-2","status":"publish","type":"page","link":"https:\/\/sisu.ut.ee\/biometeorology\/2018-2\/","title":{"rendered":"2018"},"content":{"rendered":"<table class=\"table table-hover\" border=\"0\" cellpadding=\"1\" cellspacing=\"1\">\n<tbody>\n<tr>\n<td>\n<p>\n\t\t\t\t\tBecker, H.; Aosaar, J.; Varik, M.; Morozov, G.; Aun, K.; Mander, \u00dc.; Soosaar, K.; Uri, V. (2018). Annual net nitrogen mineralization and litter flux in well-drained downy birch, Norway spruce and Scots pine forest ecosystems. Silva Fennica, 52 (4), \u00a01\u221218. DOI:\u00a0<a href=\"https:\/\/doi.org\/10.14214\/sf.10013\" target=\"_blank\" title=\"\" rel=\"noopener\">10.14214\/sf.10013<\/a>.\n\t\t\t\t<\/p>\n<\/td>\n<\/tr>\n<tr>\n<td>\n<p>\n\t\t\t\t\tSoosaar, K., Schindler, T., Krasnova, A., Krasnov, D., Machacova, K, Mander, \u00dc. (2018). The annual budget of CH and N O fluxes from a grey alder forest: from the soil to tree level. AGU Fall Meeting Abstracts: AGU Fall meeting 2018, 10-14 Dec 2018. \u00a0Washington: AGU.\n\t\t\t\t<\/p>\n<\/td>\n<\/tr>\n<tr>\n<td>\n<p>\n\t\t\t\t\tLupikis, A;<strong>\u00a0Soosaar, K<\/strong>; Mander, \u00dc; Teemusk, A; Lazdin\u0161, A (2018). CO2 and CH4 fluxes from abandoned peat extraction areas: the role of berry cultivation. Geophysical Research Abstracts, 20: EGU General Assembly 2018. \u00a0 Vienna: European Geosciences Union. (EGU2018-14743-1).\n\t\t\t\t<\/p>\n<\/td>\n<\/tr>\n<tr>\n<td>\n<p>\n\t\t\t\t\tParn, Jaan; Verhoeven, Jos T. A.; Butterbach-Bahl, Klaus; Dise, Nancy B.; Ullah, Sami; Aasa, Anto; Egorov, Sergey; Espenberg, Mikk; Jarveoja, Jarvi; Jauhiainen, Jyrki; Kasak, Kuno; Klemedtsson, Leif; Kull, Ain; Laggoun-Defarge, Fatima; Lapshina, Elena D.; Lohila, Annalea; Lohmus, Krista; Maddison, Martin; Mitsch, William J.; Mueller, Christoph \u2026 Mander, Ulo (2018). Nitrogen-rich organic soils under warm well-drained conditions are global nitrous oxide emission hotspots (vol 9, 1135, 2018). Nature Communications, 9, \u00a0ARTN 1748. DOI:\u00a0<a href=\"https:\/\/www.nature.com\/articles\/s41467-018-04197-6\" target=\"_blank\" title=\"\" rel=\"noopener\">10.1038\/s41467-018-04197-6<\/a>.\n\t\t\t\t<\/p>\n<\/td>\n<\/tr>\n<tr>\n<td>\n<p>\n\t\t\t\t\tSchindler, T; Mander, \u00dc; Mach\u00e1cov\u00e1, K; Burdun, I; Krasnov, D; Veber, G; Suija, A; Soosaar, K. (2018). Impact of flooding on N2O fluxes from tree stems in a grey alder forest. Geophysical Research Abstracts, 20: EGU General Assembly 2018. \u00a0 Vienna: European Geosciences Union. (EGU2018-13486).\n\t\t\t\t<\/p>\n<\/td>\n<\/tr>\n<tr>\n<td>\n<p>\n\t\t\t\t\tP\u00e4rn, Jaan; Verhoeven, Jos T. A.; Butterbach-Bahl, Klaus; Dise, Nancy B.; Ullah, Sami; Aasa, Anto; Egorov, Sergey; Espenberg, Mikk; J\u00e4rveoja, J\u00e4rvi; Jauhiainen, Jyrki; Kasak, Kuno; Klemedtsson, Leif; Kull, Ain; Laggoun-D\u00e9farge, Fatima; Lapshina, Elena D.; Lohila, Annalea; L\u00f5hmus, Krista; Maddison, Martin; Mitsch, William J.; M\u00fcller, Christoph \u2026 Mander, \u00dclo (2018). Nitrogen-rich organic soils under warm well-drained conditions are global nitrous oxide emission hotspots. Nature Communications, 9, \u00a0Article number: 1135. DOI:\u00a0<a href=\"https:\/\/www.nature.com\/articles\/s41467-018-03540-1\" target=\"_blank\" title=\"\" rel=\"noopener\">10.1038\/s41467-018-03540-1<\/a>.\n\t\t\t\t<\/p>\n<\/td>\n<\/tr>\n<tr>\n<td>\n<p>\n\t\t\t\t\tSoosaar, K., Schindler, T., Mach\u00e1cov\u00e1, K., Krasnov, D., Burdun, I., Suija, A., Uri, V., Niinemets, \u00dc., Morozov, G., Mander, \u00dc.<br>\u00a0(2018). Flooding-induced CO2 and CH4 fluxes from an experimental grey alder forest: from ground to tree level. Geophysical Research Abstracts, Vol. 20: EGU, Vienna, \u00a08-13 April 2018. \u00a0Geophysical Research Abstracts: EGU General Assembly. (EGU2018-13998).\n\t\t\t\t<\/p>\n<\/td>\n<\/tr>\n<tr>\n<td>\n<p>\n\t\t\t\t\tMander, \u00dclo; Soosaar, Kaido; Burdun, Iuliia; K\u00e4nnaste, Astrid; Kask, Kaia; Krasnov, Dmitrii; Krasnova, Alisa; Kriiska, Kaie; Kurvits, Tiia; Machacova, Katerina; Maddison, Martin; Morozov, Gunnar; Noe, Steffen; Ostonen, Ivika; P\u00fcssa, Kersti; Repp, Kalev; Schindler, Thomas; Suija, Ave; Veber, Gert; Niinemets, \u00dclo (2018). Forest ecosystem response to sudden flooding in the middle of growing season: The FluxGAF experiment. Geophysical Research Abstracts, 20: EGU General Assembly 2018, Vienna. \u00a0Copernicus Gesellschaft Mbh.\n\t\t\t\t<\/p>\n<\/td>\n<\/tr>\n<\/tbody>\n<\/table>\n","protected":false},"excerpt":{"rendered":"<p>Becker, H.; Aosaar, J.; Varik, M.; Morozov, G.; Aun, K.; Mander, \u00dc.; Soosaar, K.; Uri, V. (2018). Annual net nitrogen mineralization and litter flux in well-drained downy birch, Norway spruce and Scots pine forest ecosystems. Silva Fennica, 52 (4), \u00a01\u221218. &#8230;<\/p>\n","protected":false},"author":199,"featured_media":0,"parent":0,"menu_order":0,"comment_status":"closed","ping_status":"closed","template":"","meta":{"_acf_changed":false,"inline_featured_image":false,"footnotes":""},"class_list":["post-17","page","type-page","status-publish","hentry"],"acf":[],"_links":{"self":[{"href":"https:\/\/sisu.ut.ee\/biometeorology\/wp-json\/wp\/v2\/pages\/17","targetHints":{"allow":["GET"]}}],"collection":[{"href":"https:\/\/sisu.ut.ee\/biometeorology\/wp-json\/wp\/v2\/pages"}],"about":[{"href":"https:\/\/sisu.ut.ee\/biometeorology\/wp-json\/wp\/v2\/types\/page"}],"author":[{"embeddable":true,"href":"https:\/\/sisu.ut.ee\/biometeorology\/wp-json\/wp\/v2\/users\/199"}],"replies":[{"embeddable":true,"href":"https:\/\/sisu.ut.ee\/biometeorology\/wp-json\/wp\/v2\/comments?post=17"}],"version-history":[{"count":1,"href":"https:\/\/sisu.ut.ee\/biometeorology\/wp-json\/wp\/v2\/pages\/17\/revisions"}],"predecessor-version":[{"id":124,"href":"https:\/\/sisu.ut.ee\/biometeorology\/wp-json\/wp\/v2\/pages\/17\/revisions\/124"}],"wp:attachment":[{"href":"https:\/\/sisu.ut.ee\/biometeorology\/wp-json\/wp\/v2\/media?parent=17"}],"curies":[{"name":"wp","href":"https:\/\/api.w.org\/{rel}","templated":true}]}}