{"id":17,"date":"2024-04-04T05:09:09","date_gmt":"2024-04-04T02:09:09","guid":{"rendered":"https:\/\/sisu.ut.ee\/biogeomon2020\/sessions\/"},"modified":"2024-04-04T05:10:24","modified_gmt":"2024-04-04T02:10:24","slug":"sessions","status":"publish","type":"page","link":"https:\/\/sisu.ut.ee\/biogeomon2020\/sessions\/","title":{"rendered":"Sessions"},"content":{"rendered":"<p>\n\t<span style=\"font-size:16px\"><span style=\"color:#a52a2a\"><strong>NEW integrated sessions (merged old sessions 1-13)<\/strong><\/span><\/span>\n<\/p>\n<ol>\n<li>\n\t\t<span style=\"font-size:16px\"><b>Nutrient and carbon fluxes at catchment\/landscape level, remote sensing of biogeochemical fluxes<\/b> <\/span><span style=\"font-size:12px\">(old 1 + old 2 + old 5)<\/span>\n\t<\/li>\n<li>\n\t\t<span style=\"font-size:16px\"><b>Biogeochemistry of lakes, rivers and wetlands<\/b> <\/span><span style=\"font-size:12px\">(3 + 4)<\/span>\n\t<\/li>\n<li>\n\t\t<span style=\"font-size:16px\"><b>Fluxes between atmosphere and ecosystems<\/b> <\/span><span style=\"font-size:12px\">(6 + 7 + 8)<\/span>\n\t<\/li>\n<li>\n\t\t<span style=\"font-size:16px\"><b>Soil and microbial processes, trace elements and micropollutants, biodiversity issues<\/b> <\/span><span style=\"font-size:12px\">(9 + 10 + 11)<\/span>\n\t<\/li>\n<li>\n\t\t<span style=\"font-size:16px\"><b>Ecosystem restoration and rehabilitation, peatland processes<\/b> <\/span><span style=\"font-size:12px\">(12 +13)<\/span>\n\t<\/li>\n<\/ol>\n<p>\n\t<span style=\"font-size:16px\"><strong>Old sessions<\/strong><\/span>\n<\/p>\n<p>\n\t<strong>1\u00a0 \u00a0Nutrient fluxes at catchment level<\/strong>\n<\/p>\n<p>\n\t<strong>2\u00a0 \u00a0Integration of terrestrial and aquatic carbon fluxes across the landscape<\/strong>\n<\/p>\n<p>\n\t<strong>3\u00a0 \u00a0Biogeochemistry of lakes and rivers<\/strong>\n<\/p>\n<p>\n\t<strong>4\u00a0 \u00a0Biogeochemistry of natural and constructed wetlands<\/strong>\n<\/p>\n<p>\n\t<strong>5\u00a0 \u00a0Remote sensing for modeling of biogeochemical fluxes<\/strong>\n<\/p>\n<p>\n\t<strong>6\u00a0 \u00a0Fluxes between atmosphere &amp; ecosystems<\/strong>\n<\/p>\n<p>\n\t<strong>7\u00a0 \u00a0Aerosols and VOCs in ecosystem functioning<\/strong>\n<\/p>\n<p>\n\t<strong><span style=\"height:24.15pt\">8\u00a0 \u00a0Methane &amp; nitrous oxide fluxes from trees<\/span><\/strong>\n<\/p>\n<p>\n\t<strong>9\u00a0 \u00a0Biodiversity issues of ecosystem behavior<\/strong>\n<\/p>\n<p>\n\t<strong>10 Biogeochemistry of trace elements and micropollutants in ecosystems<\/strong>\n<\/p>\n<p>\n\t<strong>11 Soil and microbial processes<\/strong>\n<\/p>\n<p>\n\t<strong>12 Ecosystem restoration and rehabilitation<\/strong>\n<\/p>\n<p>\n\t<strong>13 Peatland processes<\/strong>\n<\/p>\n<hr>\n<p>\n\t<strong>1\u00a0 \u00a0Nutrient fluxes at catchment level<\/strong>\n<\/p>\n<p>\n\tDetermining nutrient concentrations in surface waters and groundwater is achieved by analysing the presence of contributing sources, nutrient transport routes, as well as the existing chemical and biological processes present in a river catchment. Nutrient cycles at river catchment level are, therefore, very complex. In order to find solutions in improving water quality, a hydrological system understanding, taking into account all of the aforementioned factors and their interrelations, is necessary.\n<\/p>\n<p>\n\t<em>Conveners<\/em>:\u00a0Evelyn Uuemaa (Uni Tartu, Estonia),\u00a0Julien Tournebize (INRAE, France)\n<\/p>\n<p>\n\t\u00a0\n<\/p>\n<p>\n\t<strong>2\u00a0 \u00a0Integration of terrestrial and aquatic carbon fluxes across the landscape<\/strong>\n<\/p>\n<p style=\"padding:0cm5.4pt0cm5.4pt\">\n\tCarbon exchange between the continent and the atmosphere is among the most uncertain components of the global carbon cycle. The reason for this is that continental landscapes are made up of a heterogeneous mosaic of elements like forests, wetlands, inland waters, and other environments that each have their own ecosystem properties and processes. This complexity has led to conceptual compartmentalization in landscape carbon budgets, where each landscape element is treated independently of the others. In nature, however, terrestrial and aquatic elements of the landscape are interconnected and dependent on each other. Thus, the current compartmentalized perspective misses integral aspects of the structure and functioning of the landscape and therefore poses a risk of biased estimates of land-atmosphere carbon exchange. In this regard, an improved integration of aquatic and terrestrial ecosystems is paramount which requires increased synthesis between the respective research disciplines. In this session, we welcome contributions that integrate carbon dynamics of aquatic and terrestrial ecosystems either conceptually, experimentally, or in the field at local to regional scales\n<\/p>\n<p style=\"padding:0cm5.4pt0cm5.4pt\">\n\t<em>Convener<\/em>:\u00a0Pascal Bodmer (Uni Quebec, Canada)\n<\/p>\n<p style=\"padding:0cm5.4pt0cm5.4pt\">\n\t\u00a0\n<\/p>\n<p style=\"padding:0cm5.4pt0cm5.4pt\">\n\t<strong>3\u00a0 \u00a0Biogeochemistry of lakes and rivers<\/strong>\n<\/p>\n<p style=\"padding:0cm5.4pt0cm5.4pt\">\n\tLake and peatland ecosystems respond differently than upland ecosystems to environmental perturbations including changes in climate, land-use and deposition. A combination of long-term data analysis, integrated catchment-lake modelling and experimental approaches is needed to study influences and interactions of multiple and complex ecosystem variables in heterogeneous surface-water containing landscapes. In this session, we welcome contributions evaluating biogeochemical responses of lake and river ecosystems using integrative modelling, statistical analysis or experimental techniques.\n<\/p>\n<p style=\"padding:0cm5.4pt0cm5.4pt\">\n\t<em>Convener<\/em>: Martin Forsius (SYKE, Finland)\n<\/p>\n<p style=\"padding:0cm5.4pt0cm5.4pt\">\n\t<strong>4\u00a0 \u00a0Biogeochemistry of natural and constructed wetlands<\/strong>\n<\/p>\n<p style=\"padding:0cm5.4pt0cm5.4pt\">\n\tThe role of wetlands in the global biogeochemical cycle and in the process of climate change is well known. This session focuses on the biogeochemical processes in both natural and artificial (constructed) wetlands.\u00a0Of particular interest is the relationship and complexity of the various material\u00a0cycles, eg of carbon, nitrogen, phosphorus and sulfur\u00a0in wetlands.\n<\/p>\n<p style=\"padding:0cm5.4pt0cm5.4pt\">\n\t<em>Conveners<\/em>:\u00a0Jan Vymazal (Czech University of Agricultural Sciences, Czech Republic), Klaus-Holger Knorr (Uni M\u00fcnster, Germany)\n<\/p>\n<p style=\"padding:0cm5.4pt0cm5.4pt\">\n\t\u00a0\n<\/p>\n<p style=\"padding:0cm5.4pt0cm5.4pt\">\n\t<strong>5\u00a0 \u00a0Remote sensing for modeling of biogeochemical fluxes<\/strong>\n<\/p>\n<p>\n\t\u00a0\n<\/p>\n<p>\n\tRemote sensing data (including radar and optical data) have been widely employed for modelling biogeochemical fluxes (e.g., water, carbon and nitrogen fluxes). Today, with the unprecedented spatio-temporal resolution and accumulation of remote sensing data, we have much more opportunities to exploit modelling techniques and approaches in various types of ecosystems.\n<\/p>\n<p>\n\t<span lang=\"EN-GB\"><span style=\"line-height:107%\"><span>This session aims to show the new challenges and opportunities in using remote sensing data to extract\/retrieve fundamental environmental variables (e.g., LST, GPP, NPP, soil moisture, fraction of land use and land cover) used for modelling biogeochemical fluxes in various types of ecosystems. We invited researcher to show the cutting-edge methods of spatio-temporal modelling fluxes and new applications in this field.<\/span><\/span><\/span>\n<\/p>\n<p>\n\t<em>Conveners<\/em>: Iuliia Burdun (Aalto Uni, Finland)\n<\/p>\n<p style=\"padding:0cm5.4pt0cm5.4pt\">\n\t\u00a0\n<\/p>\n<p style=\"padding:0cm5.4pt0cm5.4pt\">\n\t<strong>6\u00a0 \u00a0Fluxes between atmosphere &amp; ecosystems<\/strong>\n<\/p>\n<p style=\"padding:0cm5.4pt0cm5.4pt\">\n\tImproving the understanding of the current processes driving the net fluxes of greenhouse gases or reactive gases between the atmosphere and ecosystems is crucial to predict, for example, the behavior of land carbon sink or the strength of wetland methane sources in the future changing climate. Also, the impact of land management on air quality, or the impact of air pollutants on surface vegetation deserves more attention. We invite studies related to measurements and\/or modeling of atmosphere-biosphere exchange of different greenhouse gases (CO<sub>2<\/sub>, CH<sub>4<\/sub>, N<sub>2<\/sub>O) or other gases (O<sub>3<\/sub>, NHx, NOx\u2026). Developments in different flux measurement techniques, such as the micrometeorological or chamber methods, as well as those of gap-filling, modeling or upscaling methodologies are welcomed as well.\n<\/p>\n<p>\n\t<em>Conveners<\/em>:\u00a0Annalea Lohila\u00a0 (FMI, Finland),\u00a0Kaido Soosaar (Uni Tartu, Estonia),\u00a0Kuno Kasak\u00a0 (Uni Tartu, Estonia)\n<\/p>\n<p>\n\t\u00a0\n<\/p>\n<p style=\"padding:0cm5.4pt0cm5.4pt\">\n\t<strong>7\u00a0 \u00a0Aerosols and VOCs in ecosystem functioning<\/strong>\n<\/p>\n<p style=\"padding:0cm5.4pt0cm5.4pt\">\n\tBiosphere-atmosphere interactions involve a complex set of physical and chemical processes presenting an exciting area of research. The quantity and composition of volatile organic compounds (VOCs) released from ecosystems and their fate in the atmosphere are influenced by many ecosystem and environmental drivers. Once emitted to the atmosphere, VOCs are immediately exposed to atmospheric oxidants and are further transformed to an array of new compounds, including both highly volatile and extremely low volatile oxidation (ELVOCs) products. ELVOCs can form atmospheric particles and transform ecosystem emissions to cloud condensation nuclei and consequently to clouds. This session invites talks concentrating on VOC emissions from whole ecosystems and ecosystem components, VOC atmospheric chemistry and aerosol formation.\n<\/p>\n<p style=\"padding:0cm5.4pt0cm5.4pt\">\n\t<em>Convener<\/em>:\u00a0Heikki Junninen (Uni Tartu, Estonia)\n<\/p>\n<p style=\"padding:0cm5.4pt0cm5.4pt\">\n\t\u00a0\n<\/p>\n<p style=\"padding:0cm5.4pt0cm5.4pt\">\n\t<strong><span style=\"height:24.15pt\">8\u00a0 \u00a0Methane &amp; nitrous oxide fluxes from trees<\/span><\/strong>\n<\/p>\n<p style=\"text-align:justify\">\n\t<span style=\"line-height:115%\">Methane (CH<sub>4<\/sub>) and nitrous oxide (N<sub>2<\/sub>O) are important greenhouse gases (GHGs) naturally exchanged by forest ecosystems. Even though it is evident that trees can contribute to the ecosystem-atmosphere GHGs exchange by emission and uptake of CH<sub>4<\/sub> and N<sub>2<\/sub>O, the role of trees is still overlooked and their exchange potential is not included in the forest ecosystem CH<sub>4<\/sub> and N<sub>2<\/sub>O inventories.<\/span><br><span style=\"line-height:115%\">The session addresses researchers working worldwide on tree and forest ecosystem CH<sub>4<\/sub> and N<sub>2<\/sub>O fluxes and their dynamics, related production and consumption processes, transport mechanisms, interactions in terrestrial ecosystems and modelling studies at the soil-tree-ecosystem-atmosphere level. <\/span>\n<\/p>\n<p style=\"padding:0cm5.4pt0cm5.4pt\">\n\t<em>Conveners<\/em>:\u00a0<span style=\"height:24.15pt\">Kate\u0159ina Mach\u00e1\u010dov\u00e1 (GCRI, CAS: Brno, Czech Republic),\u00a0<\/span><span style=\"height:24.15pt\">Sunitha Pangala (Uni Lancaster, United Kingdom)<\/span>\n<\/p>\n<p style=\"padding:0cm5.4pt0cm5.4pt\">\n\t\u00a0\n<\/p>\n<p style=\"padding:0cm5.4pt0cm5.4pt\">\n\t<strong>9\u00a0 \u00a0Biodiversity issues of ecosystem behavior<\/strong>\n<\/p>\n<p style=\"padding:0cm5.4pt0cm5.4pt\">\n\t<span><span>We are living in the era of new mass extinction of species. According to several estimations, the biodiversity loss is the most critical environmental item, already exceeding the planetary system\u2019s tolerance threshold and reaching a tipping point towards even faster losses. In previous BIOGEOMON conferences, the biodiversity problems have been under-represented or even overlooked. Therefore, one of the aims of BIOGEOMON2022 is to integrate biodiversity aspects into the context of biogeochemical processes. Both above ground and below ground biodiversity of terrestrial ecosystems belong to the potential targets. A focus is given to the relationships of landscape\/land-use diversity and biodiversity. <\/span><\/span>\n<\/p>\n<p style=\"padding:0cm5.4pt0cm5.4pt\">\n\t<em>Conveners<\/em>: Aveliina Helm (Uni Tartu, Estonia)\n<\/p>\n<p style=\"padding:0cm5.4pt0cm5.4pt\">\n\t\u00a0\n<\/p>\n<p style=\"padding:0cm5.4pt0cm5.4pt\">\n\t<strong>10\u00a0 Biogeochemistry of trace elements and micropollutants in ecosystems<\/strong>\n<\/p>\n<p style=\"padding:0cm5.4pt0cm5.4pt\">\n\tThe increasing worldwide pollution of soil and freshwater ecosystems with thousands of industrial and natural elements and molecules in low concentrations is one of the key environmental problems facing humanity. This session will focus on novel conceptual and experimental approaches to understand the fate, the tunover and the transformation of trace elements and organic micropollutants and assess their impact on natural ecosystem health. The session will offer a platform for scientists, regulators and environmental professionals working on trace elements and organic micropolluants in natural ecosystems across multiple disciplines to present the state-of-art research findings and discuss how the knowledge can be used for improving the ecosystem and human health.\n<\/p>\n<p style=\"padding:0cm5.4pt0cm5.4pt\">\n\t<em>Conveners<\/em>:\u00a0Gwena\u00ebl Imfeld (Uni Strasbourg, France),\u00a0Elodie Passeport (Uni Toronto, Canada),\u00a0Liisa Ukonmaanaho (LUKE, Finland)\n<\/p>\n<p style=\"padding:0cm5.4pt0cm5.4pt\">\n\t\u00a0\n<\/p>\n<p style=\"padding:0cm5.4pt0cm5.4pt\">\n\t<strong>11\u00a0 Soil and microbial processes<\/strong>\n<\/p>\n<p style=\"padding:0cm5.4pt0cm5.4pt\">\n\tBelowground processes in the soil play an important role in functioning of all terrestrial ecosystems. \u00a0This session invites for a dialogue among researchers working with belowground processes, including soil chemical and physical environment, roots, root-associated micro- and macrobiota as well as turnover of soil organic matter. We also encourage submissions addressing regional and global patterns of distribution and diversity of soil biota as well as in-depth studies on mechanisms underpinning adaptation and co-existence of roots and their associated soil biota in changing environmental conditions. \u00a0\n<\/p>\n<p style=\"padding:0cm5.4pt0cm5.4pt\">\n\t<em>Conveners<\/em>:\u00a0Ivika Ostonen (Uni Tartu, Estonia),\u00a0Maarja \u00d6pik (Uni Tartu, Estonia)\n<\/p>\n<p style=\"padding:0cm5.4pt0cm5.4pt\">\n\t\u00a0\n<\/p>\n<p style=\"padding:0cm5.4pt0cm5.4pt\">\n\t<strong>12\u00a0 Ecosystem restoration and rehabilitation<\/strong>\n<\/p>\n<p style=\"padding:0cm5.4pt0cm5.4pt\">\n\tAny cases dealing with restoration or rehabilitation of degraded ecosystems are welcome, from theories, technologies, to management strategies. For example, reforestation, wetlands restoration, mining sites rehabilitation, and wise management of ecosystems dominated by invasive species.\n<\/p>\n<p style=\"padding:0cm5.4pt0cm5.4pt\">\n\t<em>Convener<\/em>: Christian Sanders (Southern Cross Uni, Australia)\n<\/p>\n<p style=\"padding:0cm5.4pt0cm5.4pt\">\n\t\u00a0\n<\/p>\n<p style=\"padding:0cm5.4pt0cm5.4pt\">\n\t<strong>13\u00a0 Peatland processes<\/strong>\n<\/p>\n<p>\n\t<span lang=\"EN-US\"><span style=\"background:white\">This session welcomes all research related to peatland biogeochemistry, from microbial processes to continental or global-scale investigations. Topics could include (but are not limited to) novel microbial mechanisms, vegetation-microbe interactions, links between physical or ecological structure and biogeochemical cycling, and scaling-up and modelling of peatland processes. <\/span><\/span>\n<\/p>\n<p>\n\t<em>Conveners<\/em>:\u00a0Melanie Vile (Uni West Chester PA, USA),\u00a0Nancy Dise (CEH, United Kingdom)<\/p>\n","protected":false},"excerpt":{"rendered":"<p>NEW integrated sessions (merged old sessions 1-13) Nutrient and carbon fluxes at catchment\/landscape level, remote sensing of biogeochemical fluxes (old 1 + old 2 + old 5) Biogeochemistry of lakes, rivers and wetlands (3 + 4) Fluxes between atmosphere and &#8230;<\/p>\n","protected":false},"author":345,"featured_media":0,"parent":0,"menu_order":0,"comment_status":"closed","ping_status":"closed","template":"","meta":{"_acf_changed":false,"inline_featured_image":false,"footnotes":""},"class_list":["post-17","page","type-page","status-publish","hentry"],"acf":[],"_links":{"self":[{"href":"https:\/\/sisu.ut.ee\/biogeomon2020\/wp-json\/wp\/v2\/pages\/17","targetHints":{"allow":["GET"]}}],"collection":[{"href":"https:\/\/sisu.ut.ee\/biogeomon2020\/wp-json\/wp\/v2\/pages"}],"about":[{"href":"https:\/\/sisu.ut.ee\/biogeomon2020\/wp-json\/wp\/v2\/types\/page"}],"author":[{"embeddable":true,"href":"https:\/\/sisu.ut.ee\/biogeomon2020\/wp-json\/wp\/v2\/users\/345"}],"replies":[{"embeddable":true,"href":"https:\/\/sisu.ut.ee\/biogeomon2020\/wp-json\/wp\/v2\/comments?post=17"}],"version-history":[{"count":1,"href":"https:\/\/sisu.ut.ee\/biogeomon2020\/wp-json\/wp\/v2\/pages\/17\/revisions"}],"predecessor-version":[{"id":580,"href":"https:\/\/sisu.ut.ee\/biogeomon2020\/wp-json\/wp\/v2\/pages\/17\/revisions\/580"}],"wp:attachment":[{"href":"https:\/\/sisu.ut.ee\/biogeomon2020\/wp-json\/wp\/v2\/media?parent=17"}],"curies":[{"name":"wp","href":"https:\/\/api.w.org\/{rel}","templated":true}]}}