{"id":6,"date":"2024-04-04T05:55:33","date_gmt":"2024-04-04T02:55:33","guid":{"rendered":"https:\/\/sisu.ut.ee\/baltic-us-relations\/partnerid\/"},"modified":"2024-05-15T09:38:56","modified_gmt":"2024-05-15T06:38:56","slug":"partnerid","status":"publish","type":"page","link":"https:\/\/sisu.ut.ee\/baltic-us-relations\/partnerid\/","title":{"rendered":"Partnerid"},"content":{"rendered":"<p>Projekti aredamisel ja kogumiku avaldamisel v\u00f5lgneme t\u00e4nu oma partneritele nii Eestis kui ka v\u00e4lismaal.<\/p>\n<p><a title=\"Eesti Vabariigi V\u00e4lisministeerium\" href=\"https:\/\/vm.ee\/et\" target=\"_blank\" rel=\"noopener\" data-url=\"https:\/\/vm.ee\/et\">Eesti Vabariigi V\u00e4lisministeerium<\/a><\/p>\n<p><a title=\"\" href=\"https:\/\/ee.usembassy.gov\/et\/\" target=\"_blank\" rel=\"noopener\" data-url=\"https:\/\/ee.usembassy.gov\/et\/\">USA Saatkond Eestis<\/a><\/p>\n<p><a title=\"University College London\" href=\"https:\/\/www.ucl.ac.uk\/\" target=\"_blank\" rel=\"noopener\" data-url=\"https:\/\/www.ucl.ac.uk\/\">University College London<\/a><\/p>\n<p><a title=\"Georgia Southern University\" href=\"https:\/\/www.georgiasouthern.edu\/\" target=\"_blank\" rel=\"noopener\" data-url=\"https:\/\/www.georgiasouthern.edu\/\">Georgia Southern University<\/a><\/p>\n<p><a title=\"London School of Economics and Political Science\" href=\"http:\/\/www.lse.ac.uk\/\" target=\"_blank\" rel=\"noopener\" data-url=\"http:\/\/www.lse.ac.uk\/\">London School of Economics and Political Science<\/a><\/p>\n<p><a title=\"\" href=\"https:\/\/icds.ee\/\" target=\"_blank\" rel=\"noopener\" data-url=\"https:\/\/icds.ee\/\">Rahvusvaheline Kaitseuuringute Keskus<\/a><\/p>\n<p><a title=\"\" href=\"http:\/\/edk.edu.ee\/\" target=\"_blank\" rel=\"noopener\" data-url=\"http:\/\/edk.edu.ee\/\">Eesti Diplomaatide Kool<\/a><\/p>\n<p><a href=\"https:\/\/vm.ee\/et\" target=\"_blank\" rel=\"noopener\"><img decoding=\"async\" style=\"width: 124px; height: 41px;\" src=\"https:\/\/vm.ee\/sites\/default\/files\/default_images\/valismin_vapp_est_78px.png\" alt=\"\"><\/a>\u00a0 \u00a0 \u00a0 \u00a0<a title=\"University College London\" href=\"https:\/\/www.ucl.ac.uk\/\" target=\"_blank\" rel=\"noopener\" data-url=\"https:\/\/www.ucl.ac.uk\/\"><img decoding=\"async\" class=\"\" style=\"width: 85px; height: 85px;\" src=\"https:\/\/www.iilj.org\/wp-content\/uploads\/2019\/01\/university-college-london.png\" alt=\"\"><\/a>\u00a0 \u00a0\u00a0\u00a0<a href=\"https:\/\/www.georgiasouthern.edu\/\" target=\"_blank\" rel=\"noopener\"><img decoding=\"async\" style=\"width: 88px; height: 45px;\" src=\"https:\/\/www.wtoc.com\/resizer\/YHzjGo3mL3tmQZXM5IYfnNFLC1U=\/1200x600\/cloudfront-us-east-1.images.arcpublishing.com\/raycom\/T4TANKHCNVBG5A4LVNTACOH67Y.jpg\" alt=\"\"><\/a>\u00a0\u00a0 \u00a0 \u00a0 \u00a0<a href=\"http:\/\/www.lse.ac.uk\/\" target=\"_blank\" rel=\"noopener\"><img decoding=\"async\" class=\"\" style=\"width: 165px; height: 57px;\" src=\"https:\/\/www.jeuneafrique.com\/medias\/2018\/03\/01\/news2.jpg\" alt=\"\"><\/a><\/p>\n<p><a href=\"https:\/\/icds.ee\/\" target=\"_blank\" rel=\"noopener\"><img loading=\"lazy\" decoding=\"async\" class=\"\" src=\"https:\/\/icds.ee\/wp-content\/uploads\/2018\/06\/LOGO_ICDS_1.jpg\" alt=\"\" width=\"234\" height=\"49\"><\/a>\u00a0 \u00a0 \u00a0<a href=\"http:\/\/edk.edu.ee\/\" target=\"_blank\" rel=\"noopener\"><img loading=\"lazy\" decoding=\"async\" class=\"\" src=\"https:\/\/edk.edu.ee\/wp-content\/uploads\/2017\/09\/ESD-Vertical-380x260.png\" alt=\"\" width=\"98\" height=\"66\"><\/a>\u00a0 \u00a0 \u00a0\u00a0<a href=\"https:\/\/ee.usembassy.gov\/et\/\"><img decoding=\"async\" class=\"\" style=\"width: 78px; height: 78px;\" src=\"https:\/\/sisu.ut.ee\/wp-content\/uploads\/sites\/425\/use-tallinn-seal.jpg\" alt=\"\"><\/a><\/p>\n","protected":false},"excerpt":{"rendered":"<p>Projekti aredamisel ja kogumiku avaldamisel v\u00f5lgneme t\u00e4nu oma partneritele nii Eestis kui ka v\u00e4lismaal. Eesti Vabariigi V\u00e4lisministeerium USA Saatkond Eestis University College London Georgia Southern University London School of Economics and Political Science Rahvusvaheline Kaitseuuringute Keskus Eesti Diplomaatide Kool \u00a0 &#8230;<\/p>\n","protected":false},"author":225,"featured_media":0,"parent":0,"menu_order":0,"comment_status":"closed","ping_status":"closed","template":"","meta":{"_acf_changed":false,"inline_featured_image":false,"footnotes":""},"class_list":["post-6","page","type-page","status-publish","hentry"],"acf":[],"_links":{"self":[{"href":"https:\/\/sisu.ut.ee\/baltic-us-relations\/wp-json\/wp\/v2\/pages\/6","targetHints":{"allow":["GET"]}}],"collection":[{"href":"https:\/\/sisu.ut.ee\/baltic-us-relations\/wp-json\/wp\/v2\/pages"}],"about":[{"href":"https:\/\/sisu.ut.ee\/baltic-us-relations\/wp-json\/wp\/v2\/types\/page"}],"author":[{"embeddable":true,"href":"https:\/\/sisu.ut.ee\/baltic-us-relations\/wp-json\/wp\/v2\/users\/225"}],"replies":[{"embeddable":true,"href":"https:\/\/sisu.ut.ee\/baltic-us-relations\/wp-json\/wp\/v2\/comments?post=6"}],"version-history":[{"count":2,"href":"https:\/\/sisu.ut.ee\/baltic-us-relations\/wp-json\/wp\/v2\/pages\/6\/revisions"}],"predecessor-version":[{"id":43,"href":"https:\/\/sisu.ut.ee\/baltic-us-relations\/wp-json\/wp\/v2\/pages\/6\/revisions\/43"}],"wp:attachment":[{"href":"https:\/\/sisu.ut.ee\/baltic-us-relations\/wp-json\/wp\/v2\/media?parent=6"}],"curies":[{"name":"wp","href":"https:\/\/api.w.org\/{rel}","templated":true}]}}