{"id":28,"date":"2024-04-04T03:32:44","date_gmt":"2024-04-04T00:32:44","guid":{"rendered":"https:\/\/sisu.ut.ee\/autorioigused\/autorioigused-2-2\/"},"modified":"2024-04-04T03:32:50","modified_gmt":"2024-04-04T00:32:50","slug":"autorioigused-2-2","status":"publish","type":"page","link":"https:\/\/sisu.ut.ee\/autorioigused\/autorioigused-2-2\/","title":{"rendered":"2.1 Autori\u00f5iguse kuuluvus"},"content":{"rendered":"<p><\/p><div class=\"ratio ratio-16x9 mb-3\"><div class=\"video-placeholder-wrapper video-placeholder-wrapper--16x9\">\n\t\t\t    <div class=\"video-placeholder d-flex justify-content-center align-items-center\">\n\t\t\t        <div class=\"overlay text-white p-2 w-100 text-center d-block justify-content-center align-items-center\">\n\t\t\t            <div>Kolmandate osapoolte sisu n\u00e4gemiseks palun n\u00f5ustu k\u00fcpsistega.<\/div>\n\t\t\t            <button class=\"btn btn-secondary btn-sm mt-1 consent-change\">Muuda n\u00f5usolekut<\/button>\n\t\t\t        <\/div>\n\t\t\t    <\/div>\n\t\t\t<\/div>\n<\/div>\n<p style=\"text-align: center\">Video link:\u00a0<a href=\"https:\/\/youtu.be\/kKwoLsD8mYk\" target=\"_blank\" rel=\"noopener\">https:\/\/youtu.be\/kKwoLsD8mYk<\/a><\/p>\n<p>Videos selgitatakse, millised \u00f5igused kehtivad autoril oma loodud t\u00f6\u00f6le vastates j\u00e4rgmisetele k\u00fcsimustele:<\/p>\n<ul>\n<li>Kes saavad olla teose autorid ja milliseid teoseid kaitstakse?<\/li>\n<li>Millal autori\u00f5igused tekivad?<\/li>\n<li>Mida autori\u00f5igused ei kaitse?<\/li>\n<li>Millal autori\u00f5igused l\u00f5ppevad?<\/li>\n<\/ul>\n","protected":false},"excerpt":{"rendered":"<p>Kolmandate osapoolte sisu n\u00e4gemiseks palun n\u00f5ustu k\u00fcpsistega. Muuda n\u00f5usolekut Video link:\u00a0https:\/\/youtu.be\/kKwoLsD8mYk Videos selgitatakse, millised \u00f5igused kehtivad autoril oma loodud t\u00f6\u00f6le vastates j\u00e4rgmisetele k\u00fcsimustele: Kes saavad olla teose autorid ja milliseid teoseid kaitstakse? Millal autori\u00f5igused tekivad? Mida autori\u00f5igused ei kaitse? Millal &#8230;<\/p>\n","protected":false},"author":6,"featured_media":0,"parent":0,"menu_order":0,"comment_status":"closed","ping_status":"closed","template":"","meta":{"_acf_changed":false,"inline_featured_image":false,"footnotes":""},"class_list":["post-28","page","type-page","status-publish","hentry"],"acf":[],"_links":{"self":[{"href":"https:\/\/sisu.ut.ee\/autorioigused\/wp-json\/wp\/v2\/pages\/28","targetHints":{"allow":["GET"]}}],"collection":[{"href":"https:\/\/sisu.ut.ee\/autorioigused\/wp-json\/wp\/v2\/pages"}],"about":[{"href":"https:\/\/sisu.ut.ee\/autorioigused\/wp-json\/wp\/v2\/types\/page"}],"author":[{"embeddable":true,"href":"https:\/\/sisu.ut.ee\/autorioigused\/wp-json\/wp\/v2\/users\/6"}],"replies":[{"embeddable":true,"href":"https:\/\/sisu.ut.ee\/autorioigused\/wp-json\/wp\/v2\/comments?post=28"}],"version-history":[{"count":1,"href":"https:\/\/sisu.ut.ee\/autorioigused\/wp-json\/wp\/v2\/pages\/28\/revisions"}],"predecessor-version":[{"id":85,"href":"https:\/\/sisu.ut.ee\/autorioigused\/wp-json\/wp\/v2\/pages\/28\/revisions\/85"}],"wp:attachment":[{"href":"https:\/\/sisu.ut.ee\/autorioigused\/wp-json\/wp\/v2\/media?parent=28"}],"curies":[{"name":"wp","href":"https:\/\/api.w.org\/{rel}","templated":true}]}}