{"id":27,"date":"2024-04-04T03:32:44","date_gmt":"2024-04-04T00:32:44","guid":{"rendered":"https:\/\/sisu.ut.ee\/autorioigused\/oigused-oma-loodud-toole\/"},"modified":"2024-04-04T03:32:50","modified_gmt":"2024-04-04T00:32:50","slug":"oigused-oma-loodud-toole","status":"publish","type":"page","link":"https:\/\/sisu.ut.ee\/autorioigused\/oigused-oma-loodud-toole\/","title":{"rendered":"2. \u00d5igused oma loodud t\u00f6\u00f6le"},"content":{"rendered":"<p>Me k\u00f5ik oleme autorid ning loome igap\u00e4evaselt erinevaid teoseid. Teises peat\u00fckis tulebki juttu sellest, millised \u00f5igused t\u00e4psemalt on autoril.<\/p>\n<ol>\n<li>Autori\u00f5igused<\/li>\n<\/ol><ul>\n<li>Millal tekivad autori\u00f5igused?<\/li>\n<li>Kellele kuuluvad autori\u00f5igused?<\/li>\n<li>Mida kaitstakse autori\u00f5igusega?<\/li>\n<li>Mida t\u00e4hendab teose avaldamine?<\/li>\n<\/ul>\n<li>Isiklikud ja varalised \u00f5igused<\/li>\n<ul>\n<li>Millised on isiklikud \u00f5igused?<\/li>\n<li>Millised on varalised \u00f5igused?<\/li>\n<li>Kellele kuuluvad t\u00f6\u00f6kohusutuse t\u00e4itmise korras loodud teoste \u00f5igused?<\/li>\n<li>Kellele kuuluvad \u00f5pilaste t\u00f6\u00f6de autori\u00f5igused?<\/li>\n<\/ul>\n\n","protected":false},"excerpt":{"rendered":"<p>Me k\u00f5ik oleme autorid ning loome igap\u00e4evaselt erinevaid teoseid. Teises peat\u00fckis tulebki juttu sellest, millised \u00f5igused t\u00e4psemalt on autoril. Autori\u00f5igused Millal tekivad autori\u00f5igused? Kellele kuuluvad autori\u00f5igused? Mida kaitstakse autori\u00f5igusega? Mida t\u00e4hendab teose avaldamine? Isiklikud ja varalised \u00f5igused Millised on isiklikud &#8230;<\/p>\n","protected":false},"author":6,"featured_media":0,"parent":0,"menu_order":0,"comment_status":"closed","ping_status":"closed","template":"","meta":{"_acf_changed":false,"inline_featured_image":false,"footnotes":""},"class_list":["post-27","page","type-page","status-publish","hentry"],"acf":[],"_links":{"self":[{"href":"https:\/\/sisu.ut.ee\/autorioigused\/wp-json\/wp\/v2\/pages\/27","targetHints":{"allow":["GET"]}}],"collection":[{"href":"https:\/\/sisu.ut.ee\/autorioigused\/wp-json\/wp\/v2\/pages"}],"about":[{"href":"https:\/\/sisu.ut.ee\/autorioigused\/wp-json\/wp\/v2\/types\/page"}],"author":[{"embeddable":true,"href":"https:\/\/sisu.ut.ee\/autorioigused\/wp-json\/wp\/v2\/users\/6"}],"replies":[{"embeddable":true,"href":"https:\/\/sisu.ut.ee\/autorioigused\/wp-json\/wp\/v2\/comments?post=27"}],"version-history":[{"count":1,"href":"https:\/\/sisu.ut.ee\/autorioigused\/wp-json\/wp\/v2\/pages\/27\/revisions"}],"predecessor-version":[{"id":84,"href":"https:\/\/sisu.ut.ee\/autorioigused\/wp-json\/wp\/v2\/pages\/27\/revisions\/84"}],"wp:attachment":[{"href":"https:\/\/sisu.ut.ee\/autorioigused\/wp-json\/wp\/v2\/media?parent=27"}],"curies":[{"name":"wp","href":"https:\/\/api.w.org\/{rel}","templated":true}]}}