{"id":18,"date":"2024-04-04T03:32:43","date_gmt":"2024-04-04T00:32:43","guid":{"rendered":"https:\/\/sisu.ut.ee\/autorioigused\/teiste-autorite-toode-kasutamine\/"},"modified":"2024-04-04T03:32:51","modified_gmt":"2024-04-04T00:32:51","slug":"teiste-autorite-toode-kasutamine","status":"publish","type":"page","link":"https:\/\/sisu.ut.ee\/autorioigused\/teiste-autorite-toode-kasutamine\/","title":{"rendered":"1. Teiste autorite t\u00f6\u00f6de kasutamine"},"content":{"rendered":"<p>Esimeses osas r\u00e4\u00e4gitakse sellest, kuidas kasutada teiste autorite t\u00f6id. Seda tuleb koolis kindlasti k\u00f5ige rohkem ette. Hea on teada, kuidas peaks \u00f5igesti k\u00e4ituma. Esimene osa jaguneb omakorda neljaks osaks:<\/p>\n<ol>\n<li>Autori\u00f5igusest \u00fcldiselt<\/li>\n<\/ol><ul>\n<li>Mida autori\u00f5iguse seadus k\u00e4sitleb?<\/li>\n<li>Millele kohandatakse autori\u00f5igusi?<\/li>\n<li>Millised on autori\u00f5iguse t\u00e4htajad?<\/li>\n<\/ul>\n\n<p style=\"padding-left: 30px\">2. Teose vaba kasutamine<\/p>\n<ol>\n<\/ol><ul>\n<li>Mida t\u00e4hendab teose vaba kasutamine?<\/li>\n<li>Millistel juhtudel saab teost vabalt kasutada?<\/li>\n<\/ul>\n\n<p style=\"padding-left: 30px\">3. Teose vaba kasutamine isiklikuks tarbeks<\/p>\n<ul>\n<ul>\n<li>Millised on reeglid teose kasutamisel isiklikuks tarbeks?<\/li>\n<li>Mida ja kuidas tohib kasutada isiklikuks tarbeks?<\/li>\n<\/ul>\n<\/ul>\n<p style=\"padding-left: 30px\">4. Teose vaba kasutamine \u00f5ppe-eesm\u00e4rgil<\/p>\n<ol>\n<\/ol><ul>\n<li>Kuidas kasutada teost illustreeriva materjalina \u00f5ppe-eesm\u00e4rgil?<\/li>\n<li>Mis on motiveeritud maht?<\/li>\n<li>Kuidas viidata autorile?<\/li>\n<\/ul>\n\n<p style=\"padding-left: 30px\">5. Teose esitamine<\/p>\n<ol>\n<\/ol><ul>\n<li>Millised on reeglid teose esitamiseks autori n\u00f5usolekuta ja autoritasu maksmiseta?<\/li>\n<li>Kus tohib avalikult esitada teost?<\/li>\n<li>Millist teost tohib esitada?<\/li>\n<li>Kes v\u00f5ivad olla kuulajad?<\/li>\n<\/ul>\n\n","protected":false},"excerpt":{"rendered":"<p>Esimeses osas r\u00e4\u00e4gitakse sellest, kuidas kasutada teiste autorite t\u00f6id. Seda tuleb koolis kindlasti k\u00f5ige rohkem ette. Hea on teada, kuidas peaks \u00f5igesti k\u00e4ituma. Esimene osa jaguneb omakorda neljaks osaks: Autori\u00f5igusest \u00fcldiselt Mida autori\u00f5iguse seadus k\u00e4sitleb? Millele kohandatakse autori\u00f5igusi? Millised on &#8230;<\/p>\n","protected":false},"author":6,"featured_media":0,"parent":0,"menu_order":0,"comment_status":"closed","ping_status":"closed","template":"","meta":{"_acf_changed":false,"inline_featured_image":false,"footnotes":""},"class_list":["post-18","page","type-page","status-publish","hentry"],"acf":[],"_links":{"self":[{"href":"https:\/\/sisu.ut.ee\/autorioigused\/wp-json\/wp\/v2\/pages\/18","targetHints":{"allow":["GET"]}}],"collection":[{"href":"https:\/\/sisu.ut.ee\/autorioigused\/wp-json\/wp\/v2\/pages"}],"about":[{"href":"https:\/\/sisu.ut.ee\/autorioigused\/wp-json\/wp\/v2\/types\/page"}],"author":[{"embeddable":true,"href":"https:\/\/sisu.ut.ee\/autorioigused\/wp-json\/wp\/v2\/users\/6"}],"replies":[{"embeddable":true,"href":"https:\/\/sisu.ut.ee\/autorioigused\/wp-json\/wp\/v2\/comments?post=18"}],"version-history":[{"count":1,"href":"https:\/\/sisu.ut.ee\/autorioigused\/wp-json\/wp\/v2\/pages\/18\/revisions"}],"predecessor-version":[{"id":95,"href":"https:\/\/sisu.ut.ee\/autorioigused\/wp-json\/wp\/v2\/pages\/18\/revisions\/95"}],"wp:attachment":[{"href":"https:\/\/sisu.ut.ee\/autorioigused\/wp-json\/wp\/v2\/media?parent=18"}],"curies":[{"name":"wp","href":"https:\/\/api.w.org\/{rel}","templated":true}]}}