{"id":124,"date":"2024-04-11T18:39:49","date_gmt":"2024-04-11T15:39:49","guid":{"rendered":"https:\/\/sisu.ut.ee\/autorioigused\/3-1-test-avatud-sisulitsentsid\/"},"modified":"2024-04-11T18:39:49","modified_gmt":"2024-04-11T15:39:49","slug":"3-1-test-avatud-sisulitsentsid","status":"publish","type":"page","link":"https:\/\/sisu.ut.ee\/autorioigused\/3-1-test-avatud-sisulitsentsid\/","title":{"rendered":"3.1 TEST: Avatud sisulitsentsid"},"content":{"rendered":"<div id=\"watupro_quiz\" class=\"quiz-area single-page-quiz\">\n<p id=\"submittingExam7\" style=\"display:none;text-align:center;\"><img loading=\"lazy\" decoding=\"async\" src=\"https:\/\/sisu.ut.ee\/wp-content\/plugins\/watupro\/img\/loading.gif\" width=\"16\" height=\"16\"><\/p>\n\n<div class=\"watupro-exam-description\" id=\"description-quiz-7\"><\/div>\n\n<form action=\"\" method=\"post\" class=\"quiz-form\" id=\"quiz-7\" enctype=\"multipart\/form-data\">\n<div class=\"watu-question \" id=\"question-1\" style=\";\"><div id=\"questionWrap-1\" class=\"   watupro-question-id-31\">\n\t\t\t<div class=\"question-content\"><p>Mida t\u00e4hendavad j\u00e4rgnevad Creative Commonsi litsentsid?<\/p><div class=\"question-choices\"><table class=\"question-choices watupro-matrix-droppable\" id=\"watuPROMatrixDroppable_31\"><tr><td class=\"watupro-matrix-left-cell\">by<\/td>\n\t\t\t\t\t\t<td class=\"watupro-matrix-right-cell watuPRODroppable31\" id=\"watuPRODroppableCell120\"><div class=\"question-choices\"><div class=\"watupro-matrix-right\"><div id=\"watuproNMatrixSelection-0-0\" class=\" watupro-matrix-draggable watupro-nmatrix-answer-0\" onclick=\"WatuPROINMatrix.sel(this, 'watuPRODroppableCell120', 0);return false;\">Viita autorile, jaga samadel tingimustel ja \u00e4ra kasuta \u00e4rilisteks eesm\u00e4rkideks<!--WTPMD5b6da95b8d8c5552b8f74da679c8f101e--><p class=\"watupro-nmatrix-unselect\">Unselect<\/p><\/div><div id=\"watuproNMatrixSelection-0-1\" class=\" watupro-matrix-draggable watupro-nmatrix-answer-1\" onclick=\"WatuPROINMatrix.sel(this, 'watuPRODroppableCell120', 1);return false;\">Viita autorile ja \u00e4ra muuda teost<!--WTPMD558bd98941d60c9d991bd3b5c386f1199--><p class=\"watupro-nmatrix-unselect\">Unselect<\/p><\/div><div id=\"watuproNMatrixSelection-0-2\" class=\" watupro-matrix-draggable watupro-nmatrix-answer-2\" onclick=\"WatuPROINMatrix.sel(this, 'watuPRODroppableCell120', 2);return false;\">Viita autorile ja jaga samadel tingimustel<!--WTPMD59e51b1b684a7135eb233dc29a90298d2--><p class=\"watupro-nmatrix-unselect\">Unselect<\/p><\/div><div id=\"watuproNMatrixSelection-0-3\" class=\" watupro-matrix-draggable watupro-nmatrix-answer-3\" onclick=\"WatuPROINMatrix.sel(this, 'watuPRODroppableCell120', 3);return false;\">Viita autorile<!--WTPMD57c54a5981dcfafd17eb3499333185cbd--><p class=\"watupro-nmatrix-unselect\">Unselect<\/p><\/div><\/div><\/div><input type=\"hidden\" class=\"answerof-31 watupro-nmatrix-answer-field\" id=\"field-watuPRODroppableCell120\" name=\"matrix-left-120\" value=\"\"><\/td><\/tr><tr><td class=\"watupro-matrix-left-cell\">by-sa<\/td>\n\t\t\t\t\t\t<td class=\"watupro-matrix-right-cell watuPRODroppable31\" id=\"watuPRODroppableCell121\"><div class=\"question-choices\"><div class=\"watupro-matrix-right\"><div id=\"watuproNMatrixSelection-1-0\" class=\" watupro-matrix-draggable watupro-nmatrix-answer-0\" onclick=\"WatuPROINMatrix.sel(this, 'watuPRODroppableCell121', 0);return false;\">Viita autorile, jaga samadel tingimustel ja \u00e4ra kasuta \u00e4rilisteks eesm\u00e4rkideks<!--WTPMD5b6da95b8d8c5552b8f74da679c8f101e--><p class=\"watupro-nmatrix-unselect\">Unselect<\/p><\/div><div id=\"watuproNMatrixSelection-1-1\" class=\" watupro-matrix-draggable watupro-nmatrix-answer-1\" onclick=\"WatuPROINMatrix.sel(this, 'watuPRODroppableCell121', 1);return false;\">Viita autorile ja \u00e4ra muuda teost<!--WTPMD558bd98941d60c9d991bd3b5c386f1199--><p class=\"watupro-nmatrix-unselect\">Unselect<\/p><\/div><div id=\"watuproNMatrixSelection-1-2\" class=\" watupro-matrix-draggable watupro-nmatrix-answer-2\" onclick=\"WatuPROINMatrix.sel(this, 'watuPRODroppableCell121', 2);return false;\">Viita autorile ja jaga samadel tingimustel<!--WTPMD59e51b1b684a7135eb233dc29a90298d2--><p class=\"watupro-nmatrix-unselect\">Unselect<\/p><\/div><div id=\"watuproNMatrixSelection-1-3\" class=\" watupro-matrix-draggable watupro-nmatrix-answer-3\" onclick=\"WatuPROINMatrix.sel(this, 'watuPRODroppableCell121', 3);return false;\">Viita autorile<!--WTPMD57c54a5981dcfafd17eb3499333185cbd--><p class=\"watupro-nmatrix-unselect\">Unselect<\/p><\/div><\/div><\/div><input type=\"hidden\" class=\"answerof-31 watupro-nmatrix-answer-field\" id=\"field-watuPRODroppableCell121\" name=\"matrix-left-121\" value=\"\"><\/td><\/tr><tr><td class=\"watupro-matrix-left-cell\">by-sa-nc<\/td>\n\t\t\t\t\t\t<td class=\"watupro-matrix-right-cell watuPRODroppable31\" id=\"watuPRODroppableCell122\"><div class=\"question-choices\"><div class=\"watupro-matrix-right\"><div id=\"watuproNMatrixSelection-2-0\" class=\" watupro-matrix-draggable watupro-nmatrix-answer-0\" onclick=\"WatuPROINMatrix.sel(this, 'watuPRODroppableCell122', 0);return false;\">Viita autorile, jaga samadel tingimustel ja \u00e4ra kasuta \u00e4rilisteks eesm\u00e4rkideks<!--WTPMD5b6da95b8d8c5552b8f74da679c8f101e--><p class=\"watupro-nmatrix-unselect\">Unselect<\/p><\/div><div id=\"watuproNMatrixSelection-2-1\" class=\" watupro-matrix-draggable watupro-nmatrix-answer-1\" onclick=\"WatuPROINMatrix.sel(this, 'watuPRODroppableCell122', 1);return false;\">Viita autorile ja \u00e4ra muuda teost<!--WTPMD558bd98941d60c9d991bd3b5c386f1199--><p class=\"watupro-nmatrix-unselect\">Unselect<\/p><\/div><div id=\"watuproNMatrixSelection-2-2\" class=\" watupro-matrix-draggable watupro-nmatrix-answer-2\" onclick=\"WatuPROINMatrix.sel(this, 'watuPRODroppableCell122', 2);return false;\">Viita autorile ja jaga samadel tingimustel<!--WTPMD59e51b1b684a7135eb233dc29a90298d2--><p class=\"watupro-nmatrix-unselect\">Unselect<\/p><\/div><div id=\"watuproNMatrixSelection-2-3\" class=\" watupro-matrix-draggable watupro-nmatrix-answer-3\" onclick=\"WatuPROINMatrix.sel(this, 'watuPRODroppableCell122', 3);return false;\">Viita autorile<!--WTPMD57c54a5981dcfafd17eb3499333185cbd--><p class=\"watupro-nmatrix-unselect\">Unselect<\/p><\/div><\/div><\/div><input type=\"hidden\" class=\"answerof-31 watupro-nmatrix-answer-field\" id=\"field-watuPRODroppableCell122\" name=\"matrix-left-122\" value=\"\"><\/td><\/tr><tr><td class=\"watupro-matrix-left-cell\">by-nd<\/td>\n\t\t\t\t\t\t<td class=\"watupro-matrix-right-cell watuPRODroppable31\" id=\"watuPRODroppableCell123\"><div class=\"question-choices\"><div class=\"watupro-matrix-right\"><div id=\"watuproNMatrixSelection-3-0\" class=\" watupro-matrix-draggable watupro-nmatrix-answer-0\" onclick=\"WatuPROINMatrix.sel(this, 'watuPRODroppableCell123', 0);return false;\">Viita autorile, jaga samadel tingimustel ja \u00e4ra kasuta \u00e4rilisteks eesm\u00e4rkideks<!--WTPMD5b6da95b8d8c5552b8f74da679c8f101e--><p class=\"watupro-nmatrix-unselect\">Unselect<\/p><\/div><div id=\"watuproNMatrixSelection-3-1\" class=\" watupro-matrix-draggable watupro-nmatrix-answer-1\" onclick=\"WatuPROINMatrix.sel(this, 'watuPRODroppableCell123', 1);return false;\">Viita autorile ja \u00e4ra muuda teost<!--WTPMD558bd98941d60c9d991bd3b5c386f1199--><p class=\"watupro-nmatrix-unselect\">Unselect<\/p><\/div><div id=\"watuproNMatrixSelection-3-2\" class=\" watupro-matrix-draggable watupro-nmatrix-answer-2\" onclick=\"WatuPROINMatrix.sel(this, 'watuPRODroppableCell123', 2);return false;\">Viita autorile ja jaga samadel tingimustel<!--WTPMD59e51b1b684a7135eb233dc29a90298d2--><p class=\"watupro-nmatrix-unselect\">Unselect<\/p><\/div><div id=\"watuproNMatrixSelection-3-3\" class=\" watupro-matrix-draggable watupro-nmatrix-answer-3\" onclick=\"WatuPROINMatrix.sel(this, 'watuPRODroppableCell123', 3);return false;\">Viita autorile<!--WTPMD57c54a5981dcfafd17eb3499333185cbd--><p class=\"watupro-nmatrix-unselect\">Unselect<\/p><\/div><\/div><\/div><input type=\"hidden\" class=\"answerof-31 watupro-nmatrix-answer-field\" id=\"field-watuPRODroppableCell123\" name=\"matrix-left-123\" value=\"\"><\/td><\/tr><\/table><\/div><input type=\"hidden\" name=\"question_id[]\" id=\"qID_1\" value=\"31\" class=\"watupro-question-id\"><input type=\"hidden\" id=\"answerType31\" class=\"answerTypeCnt1\" value=\"nmatrix\"><!-- end question-content--><\/div><!-- end questionWrap--><\/div><\/div><div class=\"watu-question \" id=\"question-2\" style=\";\"><div id=\"questionWrap-2\" class=\"   watupro-question-id-30\">\n\t\t\t<div class=\"question-content\"><p>Mida t\u00e4hendavad Creative Commonsi litsentsi juures j\u00e4rgnevad t\u00e4hised?<\/p><p><\/p><div class=\"question-choices\"><table class=\"question-choices watupro-matrix-droppable\" id=\"watuPROMatrixDroppable_30\"><tr><td class=\"watupro-matrix-left-cell\">by<\/td>\n\t\t\t\t\t\t<td class=\"watupro-matrix-right-cell watuPRODroppable30\" id=\"watuPRODroppableCell116\"><div class=\"question-choices\"><div class=\"watupro-matrix-right\"><div id=\"watuproNMatrixSelection-0-0\" class=\" watupro-matrix-draggable watupro-nmatrix-answer-0\" onclick=\"WatuPROINMatrix.sel(this, 'watuPRODroppableCell116', 0);return false;\">Viita autorile<!--WTPMD57c54a5981dcfafd17eb3499333185cbd--><p class=\"watupro-nmatrix-unselect\">Unselect<\/p><\/div><div id=\"watuproNMatrixSelection-0-1\" class=\" watupro-matrix-draggable watupro-nmatrix-answer-1\" onclick=\"WatuPROINMatrix.sel(this, 'watuPRODroppableCell116', 1);return false;\">\u00c4ra muuda teost<!--WTPMD5cf6e187886f8c7b3d6faaf3045953b06--><p class=\"watupro-nmatrix-unselect\">Unselect<\/p><\/div><div id=\"watuproNMatrixSelection-0-2\" class=\" watupro-matrix-draggable watupro-nmatrix-answer-2\" onclick=\"WatuPROINMatrix.sel(this, 'watuPRODroppableCell116', 2);return false;\">\u00c4ra kasuta \u00e4rilistel eesm\u00e4rkidel<!--WTPMD532583d33ba13f6739495939a7ef684b7--><p class=\"watupro-nmatrix-unselect\">Unselect<\/p><\/div><div id=\"watuproNMatrixSelection-0-3\" class=\" watupro-matrix-draggable watupro-nmatrix-answer-3\" onclick=\"WatuPROINMatrix.sel(this, 'watuPRODroppableCell116', 3);return false;\">Jaga samadel tingimustel<!--WTPMD5c350a4874a55d419410b9323eddd648f--><p class=\"watupro-nmatrix-unselect\">Unselect<\/p><\/div><\/div><\/div><input type=\"hidden\" class=\"answerof-30 watupro-nmatrix-answer-field\" id=\"field-watuPRODroppableCell116\" name=\"matrix-left-116\" value=\"\"><\/td><\/tr><tr><td class=\"watupro-matrix-left-cell\">sa<\/td>\n\t\t\t\t\t\t<td class=\"watupro-matrix-right-cell watuPRODroppable30\" id=\"watuPRODroppableCell117\"><div class=\"question-choices\"><div class=\"watupro-matrix-right\"><div id=\"watuproNMatrixSelection-1-0\" class=\" watupro-matrix-draggable watupro-nmatrix-answer-0\" onclick=\"WatuPROINMatrix.sel(this, 'watuPRODroppableCell117', 0);return false;\">Viita autorile<!--WTPMD57c54a5981dcfafd17eb3499333185cbd--><p class=\"watupro-nmatrix-unselect\">Unselect<\/p><\/div><div id=\"watuproNMatrixSelection-1-1\" class=\" watupro-matrix-draggable watupro-nmatrix-answer-1\" onclick=\"WatuPROINMatrix.sel(this, 'watuPRODroppableCell117', 1);return false;\">\u00c4ra muuda teost<!--WTPMD5cf6e187886f8c7b3d6faaf3045953b06--><p class=\"watupro-nmatrix-unselect\">Unselect<\/p><\/div><div id=\"watuproNMatrixSelection-1-2\" class=\" watupro-matrix-draggable watupro-nmatrix-answer-2\" onclick=\"WatuPROINMatrix.sel(this, 'watuPRODroppableCell117', 2);return false;\">\u00c4ra kasuta \u00e4rilistel eesm\u00e4rkidel<!--WTPMD532583d33ba13f6739495939a7ef684b7--><p class=\"watupro-nmatrix-unselect\">Unselect<\/p><\/div><div id=\"watuproNMatrixSelection-1-3\" class=\" watupro-matrix-draggable watupro-nmatrix-answer-3\" onclick=\"WatuPROINMatrix.sel(this, 'watuPRODroppableCell117', 3);return false;\">Jaga samadel tingimustel<!--WTPMD5c350a4874a55d419410b9323eddd648f--><p class=\"watupro-nmatrix-unselect\">Unselect<\/p><\/div><\/div><\/div><input type=\"hidden\" class=\"answerof-30 watupro-nmatrix-answer-field\" id=\"field-watuPRODroppableCell117\" name=\"matrix-left-117\" value=\"\"><\/td><\/tr><tr><td class=\"watupro-matrix-left-cell\">nd<\/td>\n\t\t\t\t\t\t<td class=\"watupro-matrix-right-cell watuPRODroppable30\" id=\"watuPRODroppableCell118\"><div class=\"question-choices\"><div class=\"watupro-matrix-right\"><div id=\"watuproNMatrixSelection-2-0\" class=\" watupro-matrix-draggable watupro-nmatrix-answer-0\" onclick=\"WatuPROINMatrix.sel(this, 'watuPRODroppableCell118', 0);return false;\">Viita autorile<!--WTPMD57c54a5981dcfafd17eb3499333185cbd--><p class=\"watupro-nmatrix-unselect\">Unselect<\/p><\/div><div id=\"watuproNMatrixSelection-2-1\" class=\" watupro-matrix-draggable watupro-nmatrix-answer-1\" onclick=\"WatuPROINMatrix.sel(this, 'watuPRODroppableCell118', 1);return false;\">\u00c4ra muuda teost<!--WTPMD5cf6e187886f8c7b3d6faaf3045953b06--><p class=\"watupro-nmatrix-unselect\">Unselect<\/p><\/div><div id=\"watuproNMatrixSelection-2-2\" class=\" watupro-matrix-draggable watupro-nmatrix-answer-2\" onclick=\"WatuPROINMatrix.sel(this, 'watuPRODroppableCell118', 2);return false;\">\u00c4ra kasuta \u00e4rilistel eesm\u00e4rkidel<!--WTPMD532583d33ba13f6739495939a7ef684b7--><p class=\"watupro-nmatrix-unselect\">Unselect<\/p><\/div><div id=\"watuproNMatrixSelection-2-3\" class=\" watupro-matrix-draggable watupro-nmatrix-answer-3\" onclick=\"WatuPROINMatrix.sel(this, 'watuPRODroppableCell118', 3);return false;\">Jaga samadel tingimustel<!--WTPMD5c350a4874a55d419410b9323eddd648f--><p class=\"watupro-nmatrix-unselect\">Unselect<\/p><\/div><\/div><\/div><input type=\"hidden\" class=\"answerof-30 watupro-nmatrix-answer-field\" id=\"field-watuPRODroppableCell118\" name=\"matrix-left-118\" value=\"\"><\/td><\/tr><tr><td class=\"watupro-matrix-left-cell\">nc<\/td>\n\t\t\t\t\t\t<td class=\"watupro-matrix-right-cell watuPRODroppable30\" id=\"watuPRODroppableCell119\"><div class=\"question-choices\"><div class=\"watupro-matrix-right\"><div id=\"watuproNMatrixSelection-3-0\" class=\" watupro-matrix-draggable watupro-nmatrix-answer-0\" onclick=\"WatuPROINMatrix.sel(this, 'watuPRODroppableCell119', 0);return false;\">Viita autorile<!--WTPMD57c54a5981dcfafd17eb3499333185cbd--><p class=\"watupro-nmatrix-unselect\">Unselect<\/p><\/div><div id=\"watuproNMatrixSelection-3-1\" class=\" watupro-matrix-draggable watupro-nmatrix-answer-1\" onclick=\"WatuPROINMatrix.sel(this, 'watuPRODroppableCell119', 1);return false;\">\u00c4ra muuda teost<!--WTPMD5cf6e187886f8c7b3d6faaf3045953b06--><p class=\"watupro-nmatrix-unselect\">Unselect<\/p><\/div><div id=\"watuproNMatrixSelection-3-2\" class=\" watupro-matrix-draggable watupro-nmatrix-answer-2\" onclick=\"WatuPROINMatrix.sel(this, 'watuPRODroppableCell119', 2);return false;\">\u00c4ra kasuta \u00e4rilistel eesm\u00e4rkidel<!--WTPMD532583d33ba13f6739495939a7ef684b7--><p class=\"watupro-nmatrix-unselect\">Unselect<\/p><\/div><div id=\"watuproNMatrixSelection-3-3\" class=\" watupro-matrix-draggable watupro-nmatrix-answer-3\" onclick=\"WatuPROINMatrix.sel(this, 'watuPRODroppableCell119', 3);return false;\">Jaga samadel tingimustel<!--WTPMD5c350a4874a55d419410b9323eddd648f--><p class=\"watupro-nmatrix-unselect\">Unselect<\/p><\/div><\/div><\/div><input type=\"hidden\" class=\"answerof-30 watupro-nmatrix-answer-field\" id=\"field-watuPRODroppableCell119\" name=\"matrix-left-119\" value=\"\"><\/td><\/tr><\/table><\/div><input type=\"hidden\" name=\"question_id[]\" id=\"qID_2\" value=\"30\" class=\"watupro-question-id\"><input type=\"hidden\" id=\"answerType30\" class=\"answerTypeCnt2\" value=\"nmatrix\"><!-- end question-content--><\/div><!-- end questionWrap--><\/div><\/div><div class=\"watu-question \" id=\"question-3\" style=\";\"><div id=\"questionWrap-3\" class=\"   watupro-question-id-28\">\n\t\t\t<div class=\"question-content\"><div><p>Mida t\u00e4hendab avatud sisulitsents?<\/p><\/div><input type=\"hidden\" name=\"question_id[]\" id=\"qID_3\" value=\"28\" class=\"watupro-question-id\"><input type=\"hidden\" id=\"answerType28\" class=\"answerTypeCnt3\" value=\"checkbox\"><!-- end question-content--><\/div><div class=\"question-choices watupro-choices-columns \" id=\"questionChoices28\"><div class=\"watupro-question-choice  \" dir=\"auto\"><input type=\"checkbox\" name=\"answer-28[]\" id=\"answer-id-109\" class=\"answer   answerof-28 \" value=\"109\"><label for=\"answer-id-109\" id=\"answer-label-109\" class=\" answer\"><span><p>Autor otsustab ise, mida ta oma teosega teha lubab.<\/p><\/span><\/label><\/div><div class=\"watupro-question-choice  \" dir=\"auto\"><input type=\"checkbox\" name=\"answer-28[]\" id=\"answer-id-110\" class=\"answer   answerof-28 \" value=\"110\"><label for=\"answer-id-110\" id=\"answer-label-110\" class=\" answer\"><span><p>Kasutaja v\u00f5ib litsentse vastavalt vajadusele muuta.<\/p><\/span><\/label><\/div><div class=\"watupro-question-choice  \" dir=\"auto\"><input type=\"checkbox\" name=\"answer-28[]\" id=\"answer-id-111\" class=\"answer   answerof-28 \" value=\"111\"><label for=\"answer-id-111\" id=\"answer-label-111\" class=\" answer\"><span><p>Litsents on registreeritud autorikaitse\u00fchingus.<\/p><\/span><\/label><\/div><div class=\"watupro-question-choice  \" dir=\"auto\"><input type=\"checkbox\" name=\"answer-28[]\" id=\"answer-id-112\" class=\"answer   answerof-28 \" value=\"112\"><label for=\"answer-id-112\" id=\"answer-label-112\" class=\" answer\"><span><p>Autorilt saab k\u00fcsida luba teose kasutamiseks, sest lisatud on kontakt.<\/p><\/span><\/label><\/div><!-- end question-choices--><\/div><!-- end questionWrap--><\/div><\/div><div class=\"watu-question \" id=\"question-4\" style=\";\"><div id=\"questionWrap-4\" class=\"   watupro-question-id-29\">\n\t\t\t<div class=\"question-content\"><div><p>Millised neist on avatud sisulitsentsid?<\/p><\/div><input type=\"hidden\" name=\"question_id[]\" id=\"qID_4\" value=\"29\" class=\"watupro-question-id\"><input type=\"hidden\" id=\"answerType29\" class=\"answerTypeCnt4\" value=\"checkbox\"><!-- end question-content--><\/div><div class=\"question-choices watupro-choices-columns \" id=\"questionChoices29\"><div class=\"watupro-question-choice  \" dir=\"auto\"><input type=\"checkbox\" name=\"answer-29[]\" id=\"answer-id-113\" class=\"answer   answerof-29 \" value=\"113\"><label for=\"answer-id-113\" id=\"answer-label-113\" class=\" answer\"><span><p>CC<\/p><\/span><\/label><\/div><div class=\"watupro-question-choice  \" dir=\"auto\"><input type=\"checkbox\" name=\"answer-29[]\" id=\"answer-id-114\" class=\"answer   answerof-29 \" value=\"114\"><label for=\"answer-id-114\" id=\"answer-label-114\" class=\" answer\"><span><p>GNU FDL<\/p><\/span><\/label><\/div><div class=\"watupro-question-choice  \" dir=\"auto\"><input type=\"checkbox\" name=\"answer-29[]\" id=\"answer-id-115\" class=\"answer   answerof-29 \" value=\"115\"><label for=\"answer-id-115\" id=\"answer-label-115\" class=\" answer\"><span><p>MPL<\/p><\/span><\/label><\/div><!-- end question-choices--><\/div><!-- end questionWrap--><\/div><\/div><div style=\"display:none\" id=\"question-5\">\n\t<div class=\"question-content\">\n\t\t<img loading=\"lazy\" decoding=\"async\" src=\"https:\/\/sisu.ut.ee\/wp-content\/plugins\/watupro\/img\/loading.gif\" width=\"16\" height=\"16\" alt=\"Loading...\" title=\"Loading...\">\u00a0Loading...\t<\/div>\n<\/div>\n\n<br>\n\t\n\t\t\t<div class=\"watupro_buttons flex \" id=\"watuPROButtons7\">\n\t\t  <div id=\"prev-question\" style=\"display:none;\"><input type=\"button\" value=\"&lt; Previous\" onclick=\"WatuPRO.nextQuestion(event, 'previous');\"><\/div>\t\t  \t\t  \t\t   \n\t\t   \t  \t\t<div><input type=\"button\" name=\"action\" class=\"watupro-submit-button\" onclick=\"WatuPRO.submitResult(event)\" id=\"action-button\" value=\"Vaata tulemusi\">\n\t\t<\/div>\n\t\t<\/div>\n\t\t\n\t<input type=\"hidden\" name=\"quiz_id\" value=\"7\" id=\"watuPROExamID\">\n\t<input type=\"hidden\" name=\"start_time\" id=\"startTime\" value=\"2026-04-11 14:54:36\">\n\t<input type=\"hidden\" name=\"start_timestamp\" id=\"startTimeStamp\" value=\"1775919276\">\n\t<input type=\"hidden\" name=\"question_ids\" value=\"\">\n\t<input type=\"hidden\" name=\"watupro_questions\" value=\"31:120,121,122,123 | 30:116,117,118,119 | 28:109,110,111,112 | 29:113,114,115\">\n\t<input type=\"hidden\" name=\"no_ajax\" value=\"0\">\t\t\t<\/form>\n\t<p>\u00a0<\/p>\n<\/div>\n\n<script type=\"text\/javascript\">\n\/\/jQuery(document).ready(function(){\ndocument.addEventListener(\"DOMContentLoaded\", function(event) { \t\nvar question_ids = \"31,30,28,29\";\nWatuPROSettings[7] = {};\nWatuPRO.qArr = question_ids.split(',');\nWatuPRO.exam_id = 7;\t    \nWatuPRO.post_id = 124;\nWatuPRO.store_progress = 0;\nWatuPRO.curCatPage = 1;\nWatuPRO.requiredIDs=\"0\".split(\",\");\nWatuPRO.hAppID = \"0.92739000 1775908476\";\nvar url = \"https:\/\/sisu.ut.ee\/wp-content\/plugins\/watupro\/show_exam.php\";\nWatuPRO.examMode = 1;\nWatuPRO.siteURL=\"https:\/\/sisu.ut.ee\/autorioigused\/wp-admin\/admin-ajax.php\";\nWatuPRO.emailIsNotRequired = 0;\nWatuPRO.perDecade = 10;\nWatuPROIntel.init(7);\nWatuPRO.inCategoryPages=1;});    \t \n<\/script>\n\n","protected":false},"excerpt":{"rendered":"","protected":false},"author":6,"featured_media":0,"parent":0,"menu_order":0,"comment_status":"closed","ping_status":"closed","template":"","meta":{"_acf_changed":false,"inline_featured_image":false,"footnotes":""},"class_list":["post-124","page","type-page","status-publish","hentry"],"acf":[],"_links":{"self":[{"href":"https:\/\/sisu.ut.ee\/autorioigused\/wp-json\/wp\/v2\/pages\/124","targetHints":{"allow":["GET"]}}],"collection":[{"href":"https:\/\/sisu.ut.ee\/autorioigused\/wp-json\/wp\/v2\/pages"}],"about":[{"href":"https:\/\/sisu.ut.ee\/autorioigused\/wp-json\/wp\/v2\/types\/page"}],"author":[{"embeddable":true,"href":"https:\/\/sisu.ut.ee\/autorioigused\/wp-json\/wp\/v2\/users\/6"}],"replies":[{"embeddable":true,"href":"https:\/\/sisu.ut.ee\/autorioigused\/wp-json\/wp\/v2\/comments?post=124"}],"version-history":[{"count":0,"href":"https:\/\/sisu.ut.ee\/autorioigused\/wp-json\/wp\/v2\/pages\/124\/revisions"}],"wp:attachment":[{"href":"https:\/\/sisu.ut.ee\/autorioigused\/wp-json\/wp\/v2\/media?parent=124"}],"curies":[{"name":"wp","href":"https:\/\/api.w.org\/{rel}","templated":true}]}}