{"id":5,"date":"2024-04-04T07:40:23","date_gmt":"2024-04-04T04:40:23","guid":{"rendered":"https:\/\/sisu.ut.ee\/autorioigus2022\/43-autorioiguse-ajaline-kehtivus\/"},"modified":"2024-04-04T07:41:40","modified_gmt":"2024-04-04T04:41:40","slug":"43-autorioiguse-ajaline-kehtivus","status":"publish","type":"page","link":"https:\/\/sisu.ut.ee\/autorioigus2022\/43-autorioiguse-ajaline-kehtivus\/","title":{"rendered":"4.3. Autori\u00f5iguse ajaline kehtivus"},"content":{"rendered":"<p>\n\tKui kuninganna Anne\u2019i statuut, ilmselt maailma esimene autori\u00f5iguse seadus, 1710. aastal Suurbritannias j\u00f5ustus, m\u00e4\u00e4ras see autorile kuuluvate \u00f5iguste kehtivuse ajaks 14 aastat, millele lisandus v\u00f5imalus neid seej\u00e4rel veel 14 aasta jagu pikendada. Hiljem on nende \u00f5iguste kehtivuse aega j\u00e4rk-j\u00e4rgult pikendatud ning t\u00e4nap\u00e4eval Euroopa Liidus, sealhulgas Eestis, kehtib autori\u00f5igus nii autori eluajal kui ka 70 aastat p\u00e4rast tema surma, kusjuures seda aega hakatakse arvestama autori surmale j\u00e4rgneva aasta 1. jaanuarist.\u00a0\n<\/p>\n<p>\n\tAutorile kuuluvad \u00f5igused kehtivad piiratud aja, seevastu <strong>autorsus<\/strong> ehk teose autoriks olemine ei aegu. Sajandeid tagasi elanud autoreid, olgu William Shakespeare\u2019i, Homerost v\u00f5i Isaac Newtonit, tuleb ka t\u00e4nap\u00e4eval tunnistada nende loodud teoste autoritena, hoolimata sellest et nende teoseid ei kaitse enam autori\u00f5igus ja need on vabalt kasutatavad.\u00a0<\/p>\n","protected":false},"excerpt":{"rendered":"<p>Kui kuninganna Anne\u2019i statuut, ilmselt maailma esimene autori\u00f5iguse seadus, 1710. aastal Suurbritannias j\u00f5ustus, m\u00e4\u00e4ras see autorile kuuluvate \u00f5iguste kehtivuse ajaks 14 aastat, millele lisandus v\u00f5imalus neid seej\u00e4rel veel 14 aasta jagu pikendada. Hiljem on nende \u00f5iguste kehtivuse aega j\u00e4rk-j\u00e4rgult pikendatud &#8230;<\/p>\n","protected":false},"author":273,"featured_media":0,"parent":0,"menu_order":0,"comment_status":"closed","ping_status":"closed","template":"","meta":{"_acf_changed":false,"inline_featured_image":false,"footnotes":""},"class_list":["post-5","page","type-page","status-publish","hentry"],"acf":[],"_links":{"self":[{"href":"https:\/\/sisu.ut.ee\/autorioigus2022\/wp-json\/wp\/v2\/pages\/5","targetHints":{"allow":["GET"]}}],"collection":[{"href":"https:\/\/sisu.ut.ee\/autorioigus2022\/wp-json\/wp\/v2\/pages"}],"about":[{"href":"https:\/\/sisu.ut.ee\/autorioigus2022\/wp-json\/wp\/v2\/types\/page"}],"author":[{"embeddable":true,"href":"https:\/\/sisu.ut.ee\/autorioigus2022\/wp-json\/wp\/v2\/users\/273"}],"replies":[{"embeddable":true,"href":"https:\/\/sisu.ut.ee\/autorioigus2022\/wp-json\/wp\/v2\/comments?post=5"}],"version-history":[{"count":1,"href":"https:\/\/sisu.ut.ee\/autorioigus2022\/wp-json\/wp\/v2\/pages\/5\/revisions"}],"predecessor-version":[{"id":228,"href":"https:\/\/sisu.ut.ee\/autorioigus2022\/wp-json\/wp\/v2\/pages\/5\/revisions\/228"}],"wp:attachment":[{"href":"https:\/\/sisu.ut.ee\/autorioigus2022\/wp-json\/wp\/v2\/media?parent=5"}],"curies":[{"name":"wp","href":"https:\/\/api.w.org\/{rel}","templated":true}]}}