{"id":13,"date":"2024-04-04T07:40:24","date_gmt":"2024-04-04T04:40:24","guid":{"rendered":"https:\/\/sisu.ut.ee\/autorioigus2022\/51-esitaja-oigused\/"},"modified":"2024-04-04T07:41:40","modified_gmt":"2024-04-04T04:41:40","slug":"51-esitaja-oigused","status":"publish","type":"page","link":"https:\/\/sisu.ut.ee\/autorioigus2022\/51-esitaja-oigused\/","title":{"rendered":"5.1. Esitaja \u00f5igused"},"content":{"rendered":"<p>\n\tMuusika ning filmi-, teatri- ja muu lavaline kunst toetub lisaks autorite loomingule suuresti ka esitajate, sealhulgas muusikute, n\u00e4itlejate, tantsijate ja loominguliste kollektiivide panusele, kes teoseid elavas esituses ette kannavad. Esitus on loominguline tegevus, mis sarnaselt autoriks olemisega on seotud esitaja isikuga, ning sellest tulenevalt on ka esitajal nii isiklikud kui ka varalised \u00f5igused.\n<\/p>\n<p>\n\tAutori\u00f5iguse seaduses on esitajana nimetatud n\u00e4itlejat, lauljat, muusikut, tantsijat ning m\u00f5nd muud isikut v\u00f5i kollektiivi, kes n\u00e4itleb, laulab, deklameerib, m\u00e4ngib muusikariistal v\u00f5i muul viisil esitab kirjandus-, kunsti- v\u00f5i rahvaloominguteoseid. Esitajaks on ka dirigent, kes juhendab teisi teoste esitamisel.<sup>[84]<\/sup>\n<\/p>\n<p>\n\tEsitaja <strong>isiklikud \u00f5igused<\/strong> on:\n<\/p>\n<ol>\n<li>\n\t\t\u00f5igus esituse autorsusele ja esitajanimele;\n\t<\/li>\n<li>\n\t\t\u00f5igus esitaja au ja v\u00e4\u00e4rikuse kaitsele oma esituse suhtes, sealhulgas \u00f5igus esituse puutumatusele.<sup>[85]<\/sup>\n\t<\/li>\n<\/ol>\n<p>\n\tNeed on sisuliselt sarnased autori isiklike \u00f5igustega, kuid loetelu on l\u00fchem. Esitajal on \u00f5igus n\u00f5uda, et teda tunnustataks esitajana ning et tema esitust ei moonutataks, n\u00e4iteks v\u00f5ttes sellest tekstil\u00f5ike, helikatkeid v\u00f5i pilte ja paigutades need konteksti, kus algse esituse m\u00f5te v\u00f5ib muutuda. Samuti ei v\u00f5i esitust (selle salvestust) kasutada kontekstis, millega esitaja n\u00f5us ei ole, n\u00e4iteks reklaamis v\u00f5i kampaanias.\n<\/p>\n<h5>\n\t<strong>N\u00e4ide 5.1.1. Metsat\u00f6ll ja \u00fcleskutse k\u00fctuseaktsiisi vastu suunatud meeleavaldusele<\/strong>\u00a0\n<\/h5><p>2015. aasta aprillis hakkas sotsiaalmeedias ringlema videoklipp \u201eEI aktsiisim\u00e4ngudele! 26.04.2015 Toompeale!\u201c, millega kutsuti inimesi meeleavaldusele. Klipis oli kasutatud ansambli Metsat\u00f6ll muusikat ning v\u00e4ljav\u00f5tteid nii ERR-i kui ka TV3 telesaadetest, kuid luba \u00fcheltki asjaosaliselt selleks k\u00fcsitud ei olnud. Klipi tootja oli N\u00f5mme TV ning idee p\u00e4rines protestiaktsiooni korraldajatelt, Eesti Konservatiivse Rahvaerakonna liikmetelt Silver J\u00f5ggerilt ja Sander S\u00e4relilt<sup>[86]<\/sup>. \u00a0<\/p>\n<p>Ansambel k\u00e4skis klipi maha v\u00f5tta, kuna Metsat\u00f6llu toonase trummari Marko Atso s\u00f5nul ei soovinud ansambel ennast siduda \u00fchegi poliitilise ettev\u00f5tmisega<sup>[87]<\/sup>. Esitust ning antud juhul ka teost ja fonogrammi ilma loata kasutades riskitakse peale varaliste \u00f5iguste rikkumise ka esitajate ja autorite au ja v\u00e4\u00e4rikuse riivamisega.\u00a0<br>\n\n<\/p><p>\n\tEsitaja <strong>varalised \u00f5igused<\/strong> on peamiselt seotud esituse salvestamise \u00f5igusega ning esituse salvestise kopeerimise ja \u00fcldsusele (raadio, televisiooni v\u00f5i interneti vahendusel) suunamise \u00f5igusega.\u00a0\u00dcldjuhul kehtivad esitaja \u00f5igused 50 aastat alates teose esmakordsest esitamisest. Juhul, kui esitus on salvestatud ja avaldatud fonogrammil, kehtivad esitaja \u00f5igused 70 aastat alates fonogrammi avaldamisest v\u00f5i \u00fcldsusele suunamisest.\u00a0Erinevalt teose autoritest l\u00e4hevad teose esitaja varalised \u00f5igused, t\u00f6\u00f6\u00fclesannete t\u00e4itmise korras loodud esituste osas, t\u00f6\u00f6andjale \u00fcle ainult poolte kirjaliku kokkuleppe alusel.\u00a0Sarnaselt teose autoriga kaitstakse ka esitaja puhul tema seotust konkreetse esitusega (esitaja autorsust), esitajanime ning esitaja au ja v\u00e4\u00e4rikust t\u00e4htajatult.\n<\/p>\n<h6>\n\tEsitaja isiklikud \u00f5igused<br>\n<\/h6>\n<p>\n\t<\/p><div class=\"ratio ratio-16x9 mb-3\"><div class=\"video-placeholder-wrapper video-placeholder-wrapper--16x9\">\n\t\t\t    <div class=\"video-placeholder d-flex justify-content-center align-items-center\">\n\t\t\t        <div class=\"overlay text-white p-2 w-100 text-center d-block justify-content-center align-items-center\">\n\t\t\t            <div>Kolmandate osapoolte sisu n\u00e4gemiseks palun n\u00f5ustu k\u00fcpsistega.<\/div>\n\t\t\t            <button class=\"btn btn-secondary btn-sm mt-1 consent-change\">Muuda n\u00f5usolekut<\/button>\n\t\t\t        <\/div>\n\t\t\t    <\/div>\n\t\t\t<\/div>\n<\/div>\n","protected":false},"excerpt":{"rendered":"<p>Muusika ning filmi-, teatri- ja muu lavaline kunst toetub lisaks autorite loomingule suuresti ka esitajate, sealhulgas muusikute, n\u00e4itlejate, tantsijate ja loominguliste kollektiivide panusele, kes teoseid elavas esituses ette kannavad. Esitus on loominguline tegevus, mis sarnaselt autoriks olemisega on seotud esitaja &#8230;<\/p>\n","protected":false},"author":273,"featured_media":0,"parent":0,"menu_order":0,"comment_status":"closed","ping_status":"closed","template":"","meta":{"_acf_changed":false,"inline_featured_image":false,"footnotes":""},"class_list":["post-13","page","type-page","status-publish","hentry"],"acf":[],"_links":{"self":[{"href":"https:\/\/sisu.ut.ee\/autorioigus2022\/wp-json\/wp\/v2\/pages\/13","targetHints":{"allow":["GET"]}}],"collection":[{"href":"https:\/\/sisu.ut.ee\/autorioigus2022\/wp-json\/wp\/v2\/pages"}],"about":[{"href":"https:\/\/sisu.ut.ee\/autorioigus2022\/wp-json\/wp\/v2\/types\/page"}],"author":[{"embeddable":true,"href":"https:\/\/sisu.ut.ee\/autorioigus2022\/wp-json\/wp\/v2\/users\/273"}],"replies":[{"embeddable":true,"href":"https:\/\/sisu.ut.ee\/autorioigus2022\/wp-json\/wp\/v2\/comments?post=13"}],"version-history":[{"count":1,"href":"https:\/\/sisu.ut.ee\/autorioigus2022\/wp-json\/wp\/v2\/pages\/13\/revisions"}],"predecessor-version":[{"id":221,"href":"https:\/\/sisu.ut.ee\/autorioigus2022\/wp-json\/wp\/v2\/pages\/13\/revisions\/221"}],"wp:attachment":[{"href":"https:\/\/sisu.ut.ee\/autorioigus2022\/wp-json\/wp\/v2\/media?parent=13"}],"curies":[{"name":"wp","href":"https:\/\/api.w.org\/{rel}","templated":true}]}}