{"id":10,"date":"2024-04-04T07:40:24","date_gmt":"2024-04-04T04:40:24","guid":{"rendered":"https:\/\/sisu.ut.ee\/autorioigus2022\/5-autorioigusega-kaasnevad-oigused\/"},"modified":"2024-04-04T07:41:40","modified_gmt":"2024-04-04T04:41:40","slug":"5-autorioigusega-kaasnevad-oigused","status":"publish","type":"page","link":"https:\/\/sisu.ut.ee\/autorioigus2022\/5-autorioigusega-kaasnevad-oigused\/","title":{"rendered":"5. Autori\u00f5igusega kaasnevad \u00f5igused"},"content":{"rendered":"<blockquote>\n<p>\n\t\tPeat\u00fckk vastab j\u00e4rgmistele k\u00fcsimustele.\n\t<\/p>\n<ul>\n<li>\n\t\t\tMis on autori\u00f5igusega kaasnevad \u00f5igused?\n\t\t<\/li>\n<li>\n\t\t\tKellel need tekivad ehk kes on kaasnevate \u00f5iguste omanik? Mida need \u00f5igused kaitsevad?\u00a0\n\t\t<\/li>\n<li>\n\t\t\tMillised \u00f5igused on esitajatel ja fonogrammitootjatel?\n\t\t<\/li>\n<\/ul>\n<\/blockquote>\n<p>\n\t<\/p><div class=\"ratio ratio-16x9 mb-3\"><div class=\"video-placeholder-wrapper video-placeholder-wrapper--16x9\">\n\t\t\t    <div class=\"video-placeholder d-flex justify-content-center align-items-center\">\n\t\t\t        <div class=\"overlay text-white p-2 w-100 text-center d-block justify-content-center align-items-center\">\n\t\t\t            <div>Kolmandate osapoolte sisu n\u00e4gemiseks palun n\u00f5ustu k\u00fcpsistega.<\/div>\n\t\t\t            <button class=\"btn btn-secondary btn-sm mt-1 consent-change\">Muuda n\u00f5usolekut<\/button>\n\t\t\t        <\/div>\n\t\t\t    <\/div>\n\t\t\t<\/div>\n<\/div>\n\n<p>\n\tOlenevalt loomingulise tegevuse vormist ja loomealast on m\u00f5nel juhul teose kuuldavaks ja n\u00e4htavaks tegemiseks ning publikuni viimiseks tarvis peale autori ka teiste osaliste panust<sup>[83]<\/sup>. Need on n\u00e4iteks esitajad, kes annavad muusika- ja draamateostele oma interpretatsiooniga elu, samuti fonogrammi- ja filmitootjad, kelle eestvedamisel ja sageli ka investeeringu toel luuakse esitustest esmasalvestised, mida on seej\u00e4rel v\u00f5imalik kopeerida ja levitada. Ka neil tekivad oma t\u00f6\u00f6 viljade suhtes teatud \u00f5igused, mida nimetatakse <strong>autori\u00f5igusega kaasnevateks \u00f5igusteks<\/strong> (ingl <em>rights related to copyright<\/em>), vahel ka naaber\u00f5igusteks (<em>neighbouring rights<\/em>). Need \u00f5igused kaasnevad autori\u00f5igusega, kuna esituse ja salvestise aluseks ja eelduseks on alati mingi teos. See eeldus kehtib ka siis, kui teos luuakse salvestuse k\u00e4igus, n\u00e4iteks improviseerides muusikat, v\u00f5i on tegemist mitme autori \u00fchise loominguga, mis saab endale tervikliku teose vormi salvestus- ja muu tootmisprotsessi k\u00e4igus, n\u00e4iteks filmitootmine. Esitused ja salvestised v\u00f5ivad olla kaitstud ka siis, kui algset teost ennast autori\u00f5igus ei kaitsegi, n\u00e4iteks seet\u00f5ttu, et tegemist on rahvaloominguga v\u00f5i et autori\u00f5iguse kehtivuse t\u00e4htaeg on l\u00f5ppenud.\n<\/p>\n<p>\n\tKaasnevate \u00f5iguste omajaid ja kaitstavaid objekte on mitut liiki. Lisaks esitajatele, fonogrammi- ja filmitootjatele tekivad kaasnevad \u00f5igused ka ringh\u00e4\u00e4linguorganisatsioonidel ehk raadio- ja televisioonisaadete tootjatel ning ajakirjandusv\u00e4ljaande kirjastajatel.<span style=\"font-size: 11.6667px\">83<\/span>\u00a0Allj\u00e4rgnevalt on avatud esitajate ja fonogrammitootjate \u00f5igused.\n<\/p>\n<p>\n\t\u00a0<\/p>\n","protected":false},"excerpt":{"rendered":"<p>Peat\u00fckk vastab j\u00e4rgmistele k\u00fcsimustele. Mis on autori\u00f5igusega kaasnevad \u00f5igused? Kellel need tekivad ehk kes on kaasnevate \u00f5iguste omanik? Mida need \u00f5igused kaitsevad?\u00a0 Millised \u00f5igused on esitajatel ja fonogrammitootjatel? Kolmandate osapoolte sisu n\u00e4gemiseks palun n\u00f5ustu k\u00fcpsistega. Muuda n\u00f5usolekut Olenevalt loomingulise tegevuse &#8230;<\/p>\n","protected":false},"author":273,"featured_media":0,"parent":0,"menu_order":0,"comment_status":"closed","ping_status":"closed","template":"","meta":{"_acf_changed":false,"inline_featured_image":false,"footnotes":""},"class_list":["post-10","page","type-page","status-publish","hentry"],"acf":[],"_links":{"self":[{"href":"https:\/\/sisu.ut.ee\/autorioigus2022\/wp-json\/wp\/v2\/pages\/10","targetHints":{"allow":["GET"]}}],"collection":[{"href":"https:\/\/sisu.ut.ee\/autorioigus2022\/wp-json\/wp\/v2\/pages"}],"about":[{"href":"https:\/\/sisu.ut.ee\/autorioigus2022\/wp-json\/wp\/v2\/types\/page"}],"author":[{"embeddable":true,"href":"https:\/\/sisu.ut.ee\/autorioigus2022\/wp-json\/wp\/v2\/users\/273"}],"replies":[{"embeddable":true,"href":"https:\/\/sisu.ut.ee\/autorioigus2022\/wp-json\/wp\/v2\/comments?post=10"}],"version-history":[{"count":1,"href":"https:\/\/sisu.ut.ee\/autorioigus2022\/wp-json\/wp\/v2\/pages\/10\/revisions"}],"predecessor-version":[{"id":218,"href":"https:\/\/sisu.ut.ee\/autorioigus2022\/wp-json\/wp\/v2\/pages\/10\/revisions\/218"}],"wp:attachment":[{"href":"https:\/\/sisu.ut.ee\/autorioigus2022\/wp-json\/wp\/v2\/media?parent=10"}],"curies":[{"name":"wp","href":"https:\/\/api.w.org\/{rel}","templated":true}]}}