{"id":46,"date":"2024-04-04T08:14:39","date_gmt":"2024-04-04T05:14:39","guid":{"rendered":"https:\/\/sisu.ut.ee\/autorioigus-loovisikutele\/10-autorioigus-muusikavaldkonnas\/"},"modified":"2024-04-04T08:15:05","modified_gmt":"2024-04-04T05:15:05","slug":"10-autorioigus-muusikavaldkonnas","status":"publish","type":"page","link":"https:\/\/sisu.ut.ee\/autorioigus-loovisikutele\/10-autorioigus-muusikavaldkonnas\/","title":{"rendered":"10. Autori\u00f5igus muusikavaldkonnas"},"content":{"rendered":"<p>\n\t<img loading=\"lazy\" decoding=\"async\" width=\"1316\" height=\"485\" class=\"alignnone wp-image-54\" src=\"https:\/\/sisu.ut.ee\/wp-content\/uploads\/sites\/584\/pt10-joonis-intro.png\" title=\"pt10-joonis-intro.png\" alt=\"Sissejuhatav pilt\" srcset=\"https:\/\/sisu.ut.ee\/wp-content\/uploads\/sites\/584\/pt10-joonis-intro.png 1316w, https:\/\/sisu.ut.ee\/wp-content\/uploads\/sites\/584\/pt10-joonis-intro-300x111.png 300w, https:\/\/sisu.ut.ee\/wp-content\/uploads\/sites\/584\/pt10-joonis-intro-1024x377.png 1024w, https:\/\/sisu.ut.ee\/wp-content\/uploads\/sites\/584\/pt10-joonis-intro-768x283.png 768w\" sizes=\"auto, (max-width: 1316px) 100vw, 1316px\">\n<\/p>\n<p>\n\tEelmistes peat\u00fckkides on antud \u00fcldine \u00fclevaade autori\u00f5iguse ja sellega kaasnevate \u00f5iguste p\u00f5hialustest ning toodud hulganisti n\u00e4iteid erinevatest loomevaldkondadest. Ent autori\u00f5iguse praktilisel rakendamisel tulevad iga loomeala puhul esile omad erip\u00e4rad, mis on l\u00e4bi p\u00f5imunud valdkonna muude aspektidega. Selleks, et m\u00f5ista autori\u00f5iguse toimimist nii-\u00f6elda seestpoolt, on kasulik l\u00e4heneda teemale ka teistpidi, m\u00f5testades autori\u00f5igust \u00fche konkreetse valdkonna, antud juhul muusikavaldkonna toimimise kaudu.\n<\/p>\n<p>\n\tAutori\u00f5igusel ja sellega kaasnevatel \u00f5igustel on muusikavaldkonnas v\u00e4ga oluline ja mitmetahuline roll. Kuna muusikateoseid enamasti esitatakse ning aina sagedamini ka salvestatakse ja levitatakse (fonogrammidena), on autori, esitaja ja fonogrammitootja kui \u00f5iguste omajate rollid tihedasti l\u00e4bi p\u00f5imunud. Nende \u00f5igused on aluseks spetsiifilistele \u00e4rimudelitele, mida iseloomustavad valdkonna erip\u00e4radest l\u00e4htuvate kokkulepetega reguleeritud esindussuhted ja rollijaotus. M\u00f5istmaks, kuidas teenitakse muusikaettev\u00f5tluses muusikateostega tulu, ei piisa sellest, kui teada millised varalised \u00f5igused on autoril, vaid tuleb m\u00f5ista ka muusikakirjastaja ja kollektiivse esindamise organisatsiooni rolli muusikateoste litsentsimisel, tasude kogumisel, vahendamisel jms. Viimase 25 aasta jooksul digitehnoloogia valdkonnas toimunud kiire areng on muusika ja sellega seonduvate \u00f5iguste maastikku veelgi keerukamaks teinud, samas on see andnud autoritele, esitajatele ja fonogrammitootjatele uusi v\u00f5imalusi muusikat v\u00e4lja anda, seda levitada ja sellega tulu teenida.\n<\/p>\n<p>\n\t<img loading=\"lazy\" decoding=\"async\" width=\"1430\" height=\"809\" class=\"alignnone wp-image-55\" style=\"width: 1430px;height: 809px\" src=\"https:\/\/sisu.ut.ee\/wp-content\/uploads\/sites\/584\/pt10-joonis.png\" title=\"Joonis 10.1. Muusikavaldkonna toimimine \u00f5iguse ja tavade ristalas\" alt=\"Joonis 10.1. Muusikavaldkonna toimimine \u00f5iguse ja tavade ristalas\" srcset=\"https:\/\/sisu.ut.ee\/wp-content\/uploads\/sites\/584\/pt10-joonis.png 1430w, https:\/\/sisu.ut.ee\/wp-content\/uploads\/sites\/584\/pt10-joonis-300x170.png 300w, https:\/\/sisu.ut.ee\/wp-content\/uploads\/sites\/584\/pt10-joonis-1024x579.png 1024w, https:\/\/sisu.ut.ee\/wp-content\/uploads\/sites\/584\/pt10-joonis-768x434.png 768w\" sizes=\"auto, (max-width: 1430px) 100vw, 1430px\">\n<\/p>\n<p>\n\tJoonis 10.1. Muusikavaldkonna toimimine \u00f5iguse ja tavade ristalas\n<\/p>\n<p>\n\tAutori\u00f5iguse k\u00e4sitlemisel muusikavaldkonna kontekstis tuleb silmas pidada, et l\u00e4\u00e4nemaailmas toimib muusikat\u00f6\u00f6stus \u00fcldjoontes paljuski Ameerika \u00dchendriikide ja Suurbritannia tavade ja mudelite j\u00e4rgi. Internetist v\u00f5ib selle kohta hulgaliselt lugemist, kuulamist ja vaatamist leida. Paraku puuduvad nende materjalide juures tihtilugu viited, millise riigi autori\u00f5igust tutvustatakse, ja nii v\u00f5ib j\u00e4\u00e4da ekslik mulje, justkui esitatud teave oleks \u00fcldkehtiv. Tegelikult on Mandri-Euroopa ja anglofoonse maailma autori\u00f5iguse traditsioonid olulistes aspektides erinevad ning see, mis kehtib USA-s ja Suurbritannias, ei pruugi kattuda Eestis ja laiemalt Euroopa Liidus kehtiva s\u00fcsteemiga. Tuletagem meelde: autori\u00f5igus on territoriaalne ja igas riigis kehtib kohalik autori\u00f5iguse seadus.\n<\/p>\n<p>\n\tJ\u00e4rgnevalt on k\u00e4sitletud autori\u00f5iguse ja sellega kaasnevate \u00f5iguste toimimist muusikavaldkonnas. Teemak\u00e4sitluse koostamisel on eeldatud, et lugejad on eelmiste peat\u00fckkide sisuga tutvunud, mist\u00f5ttu k\u00f5iki asjakohaseid m\u00f5isteid enam uuesti lahti seletama pole hakatud.\n<\/p>\n<p>\n\t\u00a0<\/p>\n","protected":false},"excerpt":{"rendered":"<p>Eelmistes peat\u00fckkides on antud \u00fcldine \u00fclevaade autori\u00f5iguse ja sellega kaasnevate \u00f5iguste p\u00f5hialustest ning toodud hulganisti n\u00e4iteid erinevatest loomevaldkondadest. Ent autori\u00f5iguse praktilisel rakendamisel tulevad iga loomeala puhul esile omad erip\u00e4rad, mis on l\u00e4bi p\u00f5imunud valdkonna muude aspektidega. Selleks, et m\u00f5ista autori\u00f5iguse &#8230;<\/p>\n","protected":false},"author":292,"featured_media":0,"parent":0,"menu_order":0,"comment_status":"closed","ping_status":"closed","template":"","meta":{"_acf_changed":false,"inline_featured_image":false,"footnotes":""},"class_list":["post-46","page","type-page","status-publish","hentry"],"acf":[],"_links":{"self":[{"href":"https:\/\/sisu.ut.ee\/autorioigus-loovisikutele\/wp-json\/wp\/v2\/pages\/46","targetHints":{"allow":["GET"]}}],"collection":[{"href":"https:\/\/sisu.ut.ee\/autorioigus-loovisikutele\/wp-json\/wp\/v2\/pages"}],"about":[{"href":"https:\/\/sisu.ut.ee\/autorioigus-loovisikutele\/wp-json\/wp\/v2\/types\/page"}],"author":[{"embeddable":true,"href":"https:\/\/sisu.ut.ee\/autorioigus-loovisikutele\/wp-json\/wp\/v2\/users\/292"}],"replies":[{"embeddable":true,"href":"https:\/\/sisu.ut.ee\/autorioigus-loovisikutele\/wp-json\/wp\/v2\/comments?post=46"}],"version-history":[{"count":1,"href":"https:\/\/sisu.ut.ee\/autorioigus-loovisikutele\/wp-json\/wp\/v2\/pages\/46\/revisions"}],"predecessor-version":[{"id":129,"href":"https:\/\/sisu.ut.ee\/autorioigus-loovisikutele\/wp-json\/wp\/v2\/pages\/46\/revisions\/129"}],"wp:attachment":[{"href":"https:\/\/sisu.ut.ee\/autorioigus-loovisikutele\/wp-json\/wp\/v2\/media?parent=46"}],"curies":[{"name":"wp","href":"https:\/\/api.w.org\/{rel}","templated":true}]}}