{"id":19,"date":"2024-04-04T03:42:48","date_gmt":"2024-04-04T00:42:48","guid":{"rendered":"https:\/\/sisu.ut.ee\/autentimine\/autentimisrakenduse-kasutamine\/"},"modified":"2024-11-20T20:39:26","modified_gmt":"2024-11-20T18:39:26","slug":"autentimisrakenduse-kasutamine","status":"publish","type":"page","link":"https:\/\/sisu.ut.ee\/autentimine\/autentimisrakenduse-kasutamine\/","title":{"rendered":"Autentimisrakenduse kasutamine"},"content":{"rendered":"<p>Seoses vajadusega turvaliste autentimislaheduste j\u00e4rele on mitmed ettev\u00f5tted v\u00e4lja tulnud oma autentimisrakendusega. <strong>Autentimisrakendused<\/strong> aitavad lisada lisafaktori autentimiseks. Lisafaktori lisamine t\u00f5stab oluliselt keskkonda sisenemise turvalisust, sest pahalasel on oluliselt raskem enda k\u00e4tte saada nii parool kui ka teise faktori identsust\u00f5end (n\u00e4iteks ajutiselt kehtiv kontrollkood).<\/p>\n<p>N\u00e4iteks tuleb veebilehitsejas teenusesse sisselogimisel kaheastmelise autentimise puhul <strong>lisaks paroolile ja kasutajatunnusele teha \u00fchte j\u00e4rgnevast:<\/strong><\/p>\n<ul>\n<li><strong>Sisestada<\/strong> veebilehitsejasse autentimisrakenduses n\u00e4idatav <strong>piiratud aega kehtiv \u00fchekordne autentimiskood<\/strong>.<\/li>\n<li><strong>Vajutada<\/strong> autentimisrakenduses<strong> JAH nuppu<\/strong>, et veebilehitsejas sisse logitaks.<\/li>\n<li><strong>Valida<\/strong> autentimisrakenduses <strong>vastusevariant, mida n\u00e4idatakse veebilehitsejas<\/strong>.<\/li>\n<li><strong>Sisestada<\/strong> autentimisrakendusse Sulle teadaolev <strong>PIN-kood<\/strong>.<\/li>\n<\/ul>\n<p>Autentimisrakenduse toimimiseks peab see keskkond, kuhu soovid sisse logida, toetama autentimisrakendusega sisselogimist. N\u00e4iteks Google\u2019i kontosse sisselogimiseks saab sisse l\u00fclitada kaheastmelise autentimise nii, et lisaks paroolile ja kasutajatunnusele tuleb sisestada ka nutiseadmes <a href=\"https:\/\/play.google.com\/store\/apps\/details?id=com.google.android.apps.authenticator2&amp;hl=et\" target=\"_blank\" rel=\"noopener\">Google Authenticator<\/a> (Google, 2017) rakenduses n\u00e4idatav \u00fchekordne numbrikood v\u00f5i vajutada nutiseadmes lihtsalt nupule, millega t\u00f5endad sisselogimist.<\/p>\n<h2>Autentimisrakenduse kasutuselev\u00f5tt<\/h2>\n<p>Kui riigiasutused ja pangad juba n\u00f5uavadki turvalist sisselogimist (ID-kaart, Mobiil-ID, Smart-ID), siis n\u00e4iteks sotsiaalmeedia keskkonnad, kus on inimeste kohta palju infot, pole seda veel kohustuslikuks teinud.<\/p>\n<p><strong>Kaheastmelist autentimist on oluline kasutada Sinu jaoks olulistesse kontodesse sisselogimiseks.<\/strong><\/p>\n<p>Google\u2019i kontole sisselogimiseks saab kasutusele v\u00f5tta rakenduse Google Authenticator. Detailse juhendi selleks leiab RIA blogist\u00a0<a href=\"https:\/\/blog.ria.ee\/kaheastmeline-autentimine-gmail\/\" target=\"_blank\" rel=\"noopener\">Kaheastmeline autentimine: Gmail<\/a>\u00a0(Tamm, Kaheastmeline autentimine: Gmail, 2016)<\/p>\n<p>Facebooki kontole sisselogimiseks saab samuti kasutusele v\u00f5tta kaheastmeilise autentimise. Juhendi selleks leiab RIA blogist\u00a0<a href=\"https:\/\/blog.ria.ee\/kaheastmeline-autentimine-facebook\/\" target=\"_blank\" rel=\"noopener\">Kaheastmeline autentimine: Facebook<\/a>\u00a0\u00a0(Tamm, Kaheastmeline autentimine: Facebook, 2016)<\/p>\n<h2>Kokkuv\u00f5te<\/h2>\n<p>Kasutajatunnuse ja parooliga autentimine pole enam piisavalt turvaline. Kasuta endale oluliste kontode jaoks kaheastmelist autentimist. \u00dcks sellistest v\u00f5imalustest on autentimisrakenduse kasutamine.<\/p>\n<p><\/p><div class=\"accordion mb-3\">\n        <div class=\"accordion-item accordion-item--white\">\n        <h2 class=\"accordion-header\" id=\"accordion-69d98e66768a6-heading\">\n            <button class=\"accordion-button collapsed\" type=\"button\" data-bs-toggle=\"collapse\" data-bs-target=\"#accordion-69d98e66768a6-collapse\" aria-expanded=\"true\" aria-controls=\"accordion-69d98e66768a6-collapse\">M\u00f5tisklus\u00fclesanne<\/button>\n        <\/h2>\n        <div id=\"accordion-69d98e66768a6-collapse\" class=\"accordion-collapse collapse\" aria-labelledby=\"accordion-69d98e66768a6-heading\">\n            <div class=\"accordion-body\">Mis juhtuks siis, kui keegi v\u00f5taks \u00fcle Sinu Google\u2019i v\u00f5i Facebook\u2019i konto? Kuidas aitaks kaheastmeline autentimine seda ennetada?<\/div>\n        <\/div>\n        <\/div>\n    <\/div>\n","protected":false},"excerpt":{"rendered":"<p>Seoses vajadusega turvaliste autentimislaheduste j\u00e4rele on mitmed ettev\u00f5tted v\u00e4lja tulnud oma autentimisrakendusega. Autentimisrakendused aitavad lisada lisafaktori autentimiseks. Lisafaktori lisamine t\u00f5stab oluliselt keskkonda sisenemise turvalisust, sest pahalasel on oluliselt raskem enda k\u00e4tte saada nii parool kui ka teise faktori identsust\u00f5end (n\u00e4iteks &#8230;<\/p>\n","protected":false},"author":6,"featured_media":0,"parent":0,"menu_order":0,"comment_status":"closed","ping_status":"closed","template":"","meta":{"_acf_changed":false,"inline_featured_image":false,"footnotes":""},"class_list":["post-19","page","type-page","status-publish","hentry"],"acf":[],"_links":{"self":[{"href":"https:\/\/sisu.ut.ee\/autentimine\/wp-json\/wp\/v2\/pages\/19","targetHints":{"allow":["GET"]}}],"collection":[{"href":"https:\/\/sisu.ut.ee\/autentimine\/wp-json\/wp\/v2\/pages"}],"about":[{"href":"https:\/\/sisu.ut.ee\/autentimine\/wp-json\/wp\/v2\/types\/page"}],"author":[{"embeddable":true,"href":"https:\/\/sisu.ut.ee\/autentimine\/wp-json\/wp\/v2\/users\/6"}],"replies":[{"embeddable":true,"href":"https:\/\/sisu.ut.ee\/autentimine\/wp-json\/wp\/v2\/comments?post=19"}],"version-history":[{"count":4,"href":"https:\/\/sisu.ut.ee\/autentimine\/wp-json\/wp\/v2\/pages\/19\/revisions"}],"predecessor-version":[{"id":112,"href":"https:\/\/sisu.ut.ee\/autentimine\/wp-json\/wp\/v2\/pages\/19\/revisions\/112"}],"wp:attachment":[{"href":"https:\/\/sisu.ut.ee\/autentimine\/wp-json\/wp\/v2\/media?parent=19"}],"curies":[{"name":"wp","href":"https:\/\/api.w.org\/{rel}","templated":true}]}}