{"id":15,"date":"2024-04-04T03:42:48","date_gmt":"2024-04-04T00:42:48","guid":{"rendered":"https:\/\/sisu.ut.ee\/autentimine\/mobiil-id-vene\/"},"modified":"2024-04-04T03:42:54","modified_gmt":"2024-04-04T00:42:54","slug":"mobiil-id-vene","status":"publish","type":"page","link":"https:\/\/sisu.ut.ee\/autentimine\/mobiil-id-vene\/","title":{"rendered":"\u0410\u0443\u0442\u0435\u043d\u0442\u0438\u0444\u0438\u043a\u0430\u0446\u0438\u044f \u0441 \u043f\u043e\u043c\u043e\u0449\u044c\u044e Mobiil-ID"},"content":{"rendered":"<p style=\"text-align: justify\">\u041f\u043e \u0441\u043e\u0441\u0442\u043e\u044f\u043d\u0438\u044e \u043d\u0430 \u043a\u043e\u043d\u0435\u0446 \u0430\u0432\u0433\u0443\u0441\u0442\u0430 2016 \u0433\u043e\u0434\u0430 \u0432 \u042d\u0441\u0442\u043e\u043d\u0438\u0438 \u043d\u0430\u0441\u0447\u0438\u0442\u044b\u0432\u0430\u044e\u0442 \u0431\u043e\u043b\u0435\u0435 100 000 \u043f\u043e\u043b\u044c\u0437\u043e\u0432\u0430\u0442\u0435\u043b\u0435\u0439 Mobiil-ID.<\/p>\n<p style=\"text-align: justify\">Mobiil-ID \u2013 \u0443\u0434\u043e\u0431\u043d\u043e\u0435 \u0440\u0435\u0448\u0435\u043d\u0438\u0435 \u0434\u043b\u044f \u0434\u0438\u0433\u0438\u0442\u0430\u043b\u044c\u043d\u043e\u0433\u043e \u0443\u043f\u0440\u0430\u0432\u043b\u0435\u043d\u0438\u044f \u0434\u043e\u043a\u0443\u043c\u0435\u043d\u0442\u0430\u0446\u0438\u0435\u0439. \u0421 \u043f\u043e\u043c\u043e\u0449\u044c\u044e Mobiil-ID \u0432\u044b \u043c\u043e\u0436\u0435\u0442\u0435 \u0432\u044b\u043f\u043e\u043b\u043d\u044f\u0442\u044c <strong>\u0442\u0435 \u0436\u0435 \u0434\u0435\u0439\u0441\u0442\u0432\u0438\u044f, \u0447\u0442\u043e \u0438 \u0441 ID-\u043a\u0430\u0440\u0442\u043e\u0439 (<\/strong>\u0432\u0445\u043e\u0434 \u0432 \u0441\u0438\u0441\u0442\u0435\u043c\u0443, \u0440\u0435\u0433\u0438\u0441\u0442\u0440\u0430\u0446\u0438\u044f), \u043d\u043e <strong>\u043d\u0430 \u043a\u043e\u043c\u043f\u044c\u044e\u0442\u0435\u0440\u0435 \u0438 \u043d\u0430 \u0441\u043c\u0430\u0440\u0442 \u0443\u0441\u0442\u0440\u043e\u0439\u0441\u0442\u0432\u0435<\/strong> \u043d\u0435 \u0442\u0440\u0435\u0431\u0443\u0435\u0442\u0441\u044f \u0441\u043b\u043e\u0442 \u0434\u043b\u044f SIM-\u043a\u0430\u0440\u0442\u044b.<\/p>\n<p style=\"text-align: justify\">\u0418\u043d\u0444\u043e\u0440\u043c\u0430\u0446\u0438\u044e \u043e\u0431 \u0438\u0441\u043f\u043e\u043b\u044c\u0437\u043e\u0432\u0430\u043d\u0438\u0438 Mobiil-ID \u043c\u043e\u0436\u043d\u043e \u043d\u0430\u0439\u0442\u0438 \u043d\u0430 \u0441\u0430\u0439\u0442\u0435 <a href=\"https:\/\/www.id.ee\/?lang=ru&amp;id=36886\">\u0426\u0435\u043d\u0442\u0440\u0430 \u0441\u0435\u0440\u0442\u0438\u0444\u0438\u043a\u0430\u0446\u0438\u0438<\/a> (\u0426\u0435\u043d\u0442\u0440 \u0441\u0435\u0440\u0442\u0438\u0444\u0438\u043a\u0430\u0446\u0438\u0438, 2017).<\/p>\n<p style=\"text-align: justify\"><\/p><div class=\"ratio ratio-16x9 mb-3\"><div class=\"video-placeholder-wrapper video-placeholder-wrapper--16x9\">\n\t\t\t    <div class=\"video-placeholder d-flex justify-content-center align-items-center\">\n\t\t\t        <div class=\"overlay text-white p-2 w-100 text-center d-block justify-content-center align-items-center\">\n\t\t\t            <div>Kolmandate osapoolte sisu n\u00e4gemiseks palun n\u00f5ustu k\u00fcpsistega.<\/div>\n\t\t\t            <button class=\"btn btn-secondary btn-sm mt-1 consent-change\">Muuda n\u00f5usolekut<\/button>\n\t\t\t        <\/div>\n\t\t\t    <\/div>\n\t\t\t<\/div>\n<\/div>\n<p style=\"text-align: justify\"><em>\u0412\u0438\u0434\u0435\u043e \u0437\u043d\u0430\u043a\u043e\u043c\u0438\u0442 \u0441 \u0438\u0441\u043f\u043e\u043b\u044c\u0437\u043e\u0432\u0430\u043d\u0438\u0435\u043c\u00a0Mobiil-ID\u00a0<\/em><\/p>\n<p style=\"text-align: justify\"><a href=\"https:\/\/www.youtube.com\/watch?v=fIcuDtYcoO8\" target=\"_blank\" rel=\"noopener\">\u0418\u0441\u0442\u043e\u0447\u043d\u0438\u043a<\/a><\/p>\n<h2 style=\"text-align: justify\">\u041f\u0440\u0435\u0438\u043c\u0443\u0449\u0435\u0441\u0442\u0432\u0430 Mobiil-ID<\/h2>\n<ul style=\"text-align: justify\">\n<li>\n<p>\u0411\u0435\u0437\u043e\u043f\u0430\u0441\u043d\u0430\u044f \u0434\u0432\u043e\u0439\u043d\u0430\u044f \u0430\u0443\u0442\u0435\u043d\u0442\u0438\u0444\u0438\u043a\u0430\u0446\u0438\u044f<\/p>\n<\/li>\n<li>\n<p>\u041c\u043e\u0436\u0435\u0442 \u0438\u0441\u043f\u043e\u043b\u044c\u0437\u043e\u0432\u0430\u0442\u044c\u0441\u044f \u0434\u043b\u044f \u0432\u0445\u043e\u0434\u0430 \u0432 \u0441\u0438\u0441\u0442\u0435\u043c\u0443 \u043a\u0430\u043a \u043d\u0430 \u0432\u0430\u0448\u0435\u043c \u043a\u043e\u043c\u043f\u044c\u044e\u0442\u0435\u0440\u0435, \u0442\u0430\u043a \u0438 \u043d\u0430 \u0441\u043c\u0430\u0440\u0442 \u0443\u0441\u0442\u0440\u043e\u0439\u0441\u0442\u0432\u0435.<\/p>\n<\/li>\n<li>\n<p>\u041c\u043e\u0436\u043d\u043e \u00a0\u043f\u043e\u0434\u043f\u0438\u0441\u044b\u0432\u0430\u0442\u044c \u0434\u043e\u043a\u0443\u043c\u0435\u043d\u0442\u044b \u043a\u0430\u043a \u043d\u0430 \u0441\u043c\u0430\u0440\u0442-\u0443\u0441\u0442\u0440\u043e\u0439\u0441\u0442\u0432\u0435, \u0442\u0430\u043a \u0438 \u043d\u0430 \u043a\u043e\u043c\u043f\u044c\u044e\u0442\u0435\u0440\u0435.<\/p>\n<\/li>\n<li>\n<p>\u041d\u0435 \u043d\u0443\u0436\u043d\u043e \u0438\u043c\u0435\u0442\u044c \u0441\u0447\u0438\u0442\u044b\u0432\u0430\u0442\u0435\u043b\u044c ID-\u043a\u0430\u0440\u0442<\/p>\n<\/li>\n<li>\n<p>\u0423\u0434\u043e\u0431\u043d\u0435\u0439 \u0438\u0441\u043f\u043e\u043b\u044c\u0437\u043e\u0432\u0430\u0442\u044c, \u0447\u0435\u043c ID-\u043a\u0430\u0440\u0442\u0443<\/p>\n<\/li>\n<\/ul>\n<h2 style=\"text-align: justify\">\u041d\u0435\u0434\u043e\u0441\u0442\u0430\u0442\u043a\u0438 Mobiil-ID<\/h2>\n<ul style=\"text-align: justify\">\n<li>\n<p>\u041e\u0431\u044b\u0447\u043d\u043e \u043f\u0440\u0438\u043c\u0435\u043d\u044f\u0435\u0442\u0441\u044f \u043f\u043b\u0430\u0442\u0430 (\u0433\u043e\u0441\u0443\u0434\u0430\u0440\u0441\u0442\u0432\u0435\u043d\u043d\u0430\u044f \u043f\u043e\u0448\u043b\u0438\u043d\u0430 \u0432 \u0440\u0430\u0437\u043c\u0435\u0440\u0435 10 \u0435\u0432\u0440\u043e, \u0438 10 \u0435\u0432\u0440\u043e \u0437\u0430\u043c\u0435\u043d\u0430 SIM-\u043a\u0430\u0440\u0442\u044b), \u043d\u043e \u043e\u043f\u0435\u0440\u0430\u0442\u043e\u0440\u044b \u043c\u043e\u0431\u0438\u043b\u044c\u043d\u043e\u0439 \u0441\u0432\u044f\u0437\u0438 \u0434\u0435\u043b\u0430\u044e\u0442 \u0441\u043a\u0438\u0434\u043a\u0443 (\u043f\u043e \u0441\u043e\u0441\u0442\u043e\u044f\u043d\u0438\u044e \u043d\u0430 05.11.2017, \u0443\u0441\u043b\u0443\u0433\u0430 \u0443 \u0432\u0441\u0435\u0445 \u043e\u043f\u0435\u0440\u0430\u0442\u043e\u0440\u043e\u0432 \u0431\u0435\u0441\u043f\u043b\u0430\u0442\u043d\u043e)<\/p>\n<\/li>\n<li>\n<p>\u0415\u0436\u0435\u043c\u0435\u0441\u044f\u0447\u043d\u0430\u044f \u043f\u043b\u0430\u0442\u0430 0,99 \u20ac -1 \u20ac (\u043d\u0430 05.11.2017)<\/p>\n<\/li>\n<li>\n<p>\u0417\u0430 \u0440\u0443\u0431\u0435\u0436\u043e\u043c \u043f\u0440\u0438\u043c\u0435\u043d\u044f\u0435\u0442\u0441\u044f \u043f\u043b\u0430\u0442\u0430 \u0437\u0430 SMS<\/p>\n<\/li>\n<li>\n<p>\u0423\u0441\u043b\u0443\u0433\u0438, \u043a\u0443\u0434\u0430 \u043c\u043e\u0436\u043d\u043e \u0432\u0445\u043e\u0434\u0438\u0442\u044c \u0438\u0441\u043f\u043e\u043b\u044c\u0437\u0443\u044f ID-\u043a\u0430\u0440\u0442\u044b, \u043c\u043e\u0433\u0443\u0442 \u043d\u0435 \u043f\u043e\u0434\u0434\u0435\u0440\u0436\u0438\u0432\u0430\u0442\u044c \u0432\u043e\u0437\u043c\u043e\u0436\u043d\u043e\u0441\u0442\u044c \u0432\u0445\u043e\u0434\u0430 \u0441 \u043f\u043e\u043c\u043e\u0449\u044c\u044e Mobiil ID (\u0426\u0435\u043d\u0442\u0440 \u0441\u0435\u0440\u0442\u0438\u0444\u0438\u043a\u0430\u0446\u0438\u0438, 2017).<\/p>\n<\/li>\n<\/ul>\n<h2 style=\"text-align: justify\">\u0422\u0440\u0435\u0431\u043e\u0432\u0430\u043d\u0438\u044f \u0431\u0435\u0437\u043e\u043f\u0430\u0441\u043d\u043e\u0441\u0442\u0438 \u0434\u043b\u044f \u0438\u0441\u043f\u043e\u043b\u044c\u0437\u043e\u0432\u0430\u043d\u0438\u044f Mobiil-ID<\/h2>\n<p style=\"text-align: justify\">\u0414\u043b\u044f \u0431\u0435\u0437\u043e\u043f\u0430\u0441\u043d\u043e\u0433\u043e \u0438\u0441\u043f\u043e\u043b\u044c\u0437\u043e\u0432\u0430\u043d\u0438\u044f Mobiil-ID \u0432\u044b \u043c\u043e\u0436\u0435\u0442\u0435 \u043d\u0430\u0439\u0442\u0438 \u0440\u0443\u043a\u043e\u0432\u043e\u0434\u0441\u0442\u0432\u043e \u043d\u0430 \u0441\u0442\u0440\u0430\u043d\u0438\u0446\u0435<a href=\"https:\/\/www.id.ee\/?lang=ru&amp;id=\"> Mobiil-ID <\/a>(\u0426\u0435\u043d\u0442\u0440 \u0441\u0435\u0440\u0442\u0438\u0444\u0438\u043a\u0430\u0446\u0438\u0438, 2017).<\/p>\n<h2 style=\"text-align: justify\">\u041d\u0430\u0447\u0430\u043b\u043e \u0438\u0441\u043f\u043e\u043b\u044c\u0437\u043e\u0432\u0430\u043d\u0438\u044f Mobiil-ID<\/h2>\n<p style=\"text-align: justify\">\u0412\u0430\u043c \u043d\u0443\u0436\u043d\u043e \u0441\u0432\u044f\u0437\u0430\u0442\u044c\u0441\u044f \u0441\u043e \u0441\u0432\u043e\u0438\u043c \u043e\u043f\u0435\u0440\u0430\u0442\u043e\u0440\u043e\u043c \u043c\u043e\u0431\u0438\u043b\u044c\u043d\u043e\u0439 \u0441\u0432\u044f\u0437\u0438, \u0447\u0442\u043e\u0431\u044b \u043f\u043e\u043b\u0443\u0447\u0438\u0442\u044c SIM-\u043a\u0430\u0440\u0442\u0443 \u0441 \u043f\u043e\u0434\u0434\u0435\u0440\u0436\u043a\u043e\u0439 Mobiil-ID.<\/p>\n<h2 style=\"text-align: justify\">\u0412\u044b\u0432\u043e\u0434<\/h2>\n<p style=\"text-align: justify\">Mobiil-ID \u2013 \u0445\u043e\u0440\u043e\u0448\u0430\u044f \u0430\u043b\u044c\u0442\u0435\u0440\u043d\u0430\u0442\u0438\u0432\u0430 ID-\u043a\u0430\u0440\u0442\u0435. \u0420\u0435\u0448\u0435\u043d\u0438\u0435 Mobiil-ID \u043c\u043e\u0436\u0435\u0442 \u0438\u0441\u043f\u043e\u043b\u044c\u0437\u043e\u0432\u0430\u0442\u044c\u0441\u044f, \u043a\u0430\u043a \u043d\u0430 \u043a\u043e\u043c\u043f\u044c\u044e\u0442\u0435\u0440\u0435, \u0442\u0430\u043a \u0438 \u043d\u0430 \u0441\u043c\u0430\u0440\u0442\u0444\u043e\u043d\u0435 \u0438 \u043f\u043b\u0430\u043d\u0448\u0435\u0442\u0435.<\/p>\n<p><\/p><div class=\"accordion mb-3\">\n        <div class=\"accordion-item accordion-item--white\">\n        <h2 class=\"accordion-header\" id=\"accordion-69d4849a9cc0f-heading\">\n            <button class=\"accordion-button collapsed\" type=\"button\" data-bs-toggle=\"collapse\" data-bs-target=\"#accordion-69d4849a9cc0f-collapse\" aria-expanded=\"true\" aria-controls=\"accordion-69d4849a9cc0f-collapse\"><\/button>\n        <\/h2>\n        <div id=\"accordion-69d4849a9cc0f-collapse\" class=\"accordion-collapse collapse\" aria-labelledby=\"accordion-69d4849a9cc0f-heading\">\n            <div class=\"accordion-body\"><\/div>\n        <\/div>\n        <\/div>\n    <\/div>\n","protected":false},"excerpt":{"rendered":"<p>\u041f\u043e \u0441\u043e\u0441\u0442\u043e\u044f\u043d\u0438\u044e \u043d\u0430 \u043a\u043e\u043d\u0435\u0446 \u0430\u0432\u0433\u0443\u0441\u0442\u0430 2016 \u0433\u043e\u0434\u0430 \u0432 \u042d\u0441\u0442\u043e\u043d\u0438\u0438 \u043d\u0430\u0441\u0447\u0438\u0442\u044b\u0432\u0430\u044e\u0442 \u0431\u043e\u043b\u0435\u0435 100 000 \u043f\u043e\u043b\u044c\u0437\u043e\u0432\u0430\u0442\u0435\u043b\u0435\u0439 Mobiil-ID. Mobiil-ID \u2013 \u0443\u0434\u043e\u0431\u043d\u043e\u0435 \u0440\u0435\u0448\u0435\u043d\u0438\u0435 \u0434\u043b\u044f \u0434\u0438\u0433\u0438\u0442\u0430\u043b\u044c\u043d\u043e\u0433\u043e \u0443\u043f\u0440\u0430\u0432\u043b\u0435\u043d\u0438\u044f \u0434\u043e\u043a\u0443\u043c\u0435\u043d\u0442\u0430\u0446\u0438\u0435\u0439. \u0421 \u043f\u043e\u043c\u043e\u0449\u044c\u044e Mobiil-ID \u0432\u044b \u043c\u043e\u0436\u0435\u0442\u0435 \u0432\u044b\u043f\u043e\u043b\u043d\u044f\u0442\u044c \u0442\u0435 \u0436\u0435 \u0434\u0435\u0439\u0441\u0442\u0432\u0438\u044f, \u0447\u0442\u043e \u0438 \u0441 ID-\u043a\u0430\u0440\u0442\u043e\u0439 (\u0432\u0445\u043e\u0434 \u0432 \u0441\u0438\u0441\u0442\u0435\u043c\u0443, \u0440\u0435\u0433\u0438\u0441\u0442\u0440\u0430\u0446\u0438\u044f), &#8230;<\/p>\n","protected":false},"author":6,"featured_media":0,"parent":0,"menu_order":0,"comment_status":"closed","ping_status":"closed","template":"","meta":{"_acf_changed":false,"inline_featured_image":false,"footnotes":""},"class_list":["post-15","page","type-page","status-publish","hentry"],"acf":[],"_links":{"self":[{"href":"https:\/\/sisu.ut.ee\/autentimine\/wp-json\/wp\/v2\/pages\/15","targetHints":{"allow":["GET"]}}],"collection":[{"href":"https:\/\/sisu.ut.ee\/autentimine\/wp-json\/wp\/v2\/pages"}],"about":[{"href":"https:\/\/sisu.ut.ee\/autentimine\/wp-json\/wp\/v2\/types\/page"}],"author":[{"embeddable":true,"href":"https:\/\/sisu.ut.ee\/autentimine\/wp-json\/wp\/v2\/users\/6"}],"replies":[{"embeddable":true,"href":"https:\/\/sisu.ut.ee\/autentimine\/wp-json\/wp\/v2\/comments?post=15"}],"version-history":[{"count":1,"href":"https:\/\/sisu.ut.ee\/autentimine\/wp-json\/wp\/v2\/pages\/15\/revisions"}],"predecessor-version":[{"id":69,"href":"https:\/\/sisu.ut.ee\/autentimine\/wp-json\/wp\/v2\/pages\/15\/revisions\/69"}],"wp:attachment":[{"href":"https:\/\/sisu.ut.ee\/autentimine\/wp-json\/wp\/v2\/media?parent=15"}],"curies":[{"name":"wp","href":"https:\/\/api.w.org\/{rel}","templated":true}]}}