{"id":11,"date":"2024-04-04T03:42:48","date_gmt":"2024-04-04T00:42:48","guid":{"rendered":"https:\/\/sisu.ut.ee\/autentimine\/sissejuhatus\/"},"modified":"2024-04-04T03:42:55","modified_gmt":"2024-04-04T00:42:55","slug":"sissejuhatus","status":"publish","type":"page","link":"https:\/\/sisu.ut.ee\/autentimine\/sissejuhatus\/","title":{"rendered":"Sissejuhatus"},"content":{"rendered":"<p><img loading=\"lazy\" decoding=\"async\" width=\"337\" height=\"337\" class=\"alignnone wp-image-29\" style=\"margin: 4px;float: right\" src=\"https:\/\/sisu.ut.ee\/wp-content\/uploads\/sites\/248\/er_pilt-veiko-hani.jpg\" title=\"Veiko Hani\" alt=\"Veiko Hani\" srcset=\"https:\/\/sisu.ut.ee\/wp-content\/uploads\/sites\/248\/er_pilt-veiko-hani.jpg 337w, https:\/\/sisu.ut.ee\/wp-content\/uploads\/sites\/248\/er_pilt-veiko-hani-300x300.jpg 300w, https:\/\/sisu.ut.ee\/wp-content\/uploads\/sites\/248\/er_pilt-veiko-hani-150x150.jpg 150w\" sizes=\"auto, (max-width: 337px) 100vw, 337px\">Tere, mina olen Veiko Hani. Ma v\u00e4idan siin, et mina olen mina. Tore! Kui Sa mind ei tunne, siis kuidas Sina saaksid olla kindel, et mina olen mina? T\u00f5en\u00e4oliselt saaksid Sa minu nime guugeldada ja tutvuda minu <strong>digitaalse identiteediga<\/strong>. Kas see on piisav, et <strong>identifitseerida<\/strong> minu isik?<\/p>\n<p>Millal Sa viimati puutusid kokku <strong>autentimisega<\/strong>\u00a0\u2013 olukorraga, kus Sul oli vaja t\u00f5estada, et Sina oled Sina? N\u00e4itasid politseinikule v\u00f5i pangatellerile oma <strong>ID-kaarti<\/strong>? <strong>Logisid sisse<\/strong> m\u00f5nda veebikeskkonda? Tundub, et <strong>autentimine<\/strong> on \u00fcsna igap\u00e4evane tegevus ja seda v\u00f5ib teha mitmel erineval viisil.<\/p>\n<p>Oma pereliikmed ja s\u00f5brad tunneme \u00fcldjuhul \u00e4ra <strong>visuaalse vaatluse<\/strong> teel. Uute inimestega tutvumisel \u00fctleme oma nime ja millega tegeleme. Paraku ei taha n\u00e4iteks politseinikud, panga- ja meditsiinit\u00f6\u00f6tajad piirduda Sinu poolt \u00f6eldud nimega, vaid n\u00f5uavad isikut <strong>t\u00f5endava dokumendi<\/strong> esitamist.<\/p>\n<p>Eriti huvitavaks l\u00e4heb olukord internetis, sest seal saab erinevatesse keskkondadesse kasutajaks registreeruda ilma oma p\u00e4risnime sisestamata.\u00a0<\/p>\n<p>Samas m\u00f5nes veebikeskkonnas n\u00f5utakse sisselogimist ID-kaardi v\u00f5i Mobiil ID-ga v\u00f5i pangalingi kaudu.<\/p>\n<p>Viimasel ajal on \u00fcha rohkem hakatud r\u00e4\u00e4kima, et <strong>paroolid ei ole enam turvalised<\/strong> ja <strong>kasutage kaheastmelist autentimisest<\/strong>. Kas ja kus peaks seda kasutama?<\/p>\n<p><strong>Mis on autentimine?<\/strong> Kuidas see t\u00f6\u00f6tab? Miks kasutatakse erinevates olukordades erinevaid autentimisviise ja miks peab ennast \u00fcldse autentima? Milline on turvaline viis ennast autentida? Need on k\u00fcsimused, millele leiame siin \u00f5piobjektis vastused.<\/p>\n<p>\u00a0<\/p>\n","protected":false},"excerpt":{"rendered":"<p>Tere, mina olen Veiko Hani. Ma v\u00e4idan siin, et mina olen mina. Tore! Kui Sa mind ei tunne, siis kuidas Sina saaksid olla kindel, et mina olen mina? T\u00f5en\u00e4oliselt saaksid Sa minu nime guugeldada ja tutvuda minu digitaalse identiteediga. Kas &#8230;<\/p>\n","protected":false},"author":6,"featured_media":0,"parent":0,"menu_order":0,"comment_status":"closed","ping_status":"closed","template":"","meta":{"_acf_changed":false,"inline_featured_image":false,"footnotes":""},"class_list":["post-11","page","type-page","status-publish","hentry"],"acf":[],"_links":{"self":[{"href":"https:\/\/sisu.ut.ee\/autentimine\/wp-json\/wp\/v2\/pages\/11","targetHints":{"allow":["GET"]}}],"collection":[{"href":"https:\/\/sisu.ut.ee\/autentimine\/wp-json\/wp\/v2\/pages"}],"about":[{"href":"https:\/\/sisu.ut.ee\/autentimine\/wp-json\/wp\/v2\/types\/page"}],"author":[{"embeddable":true,"href":"https:\/\/sisu.ut.ee\/autentimine\/wp-json\/wp\/v2\/users\/6"}],"replies":[{"embeddable":true,"href":"https:\/\/sisu.ut.ee\/autentimine\/wp-json\/wp\/v2\/comments?post=11"}],"version-history":[{"count":1,"href":"https:\/\/sisu.ut.ee\/autentimine\/wp-json\/wp\/v2\/pages\/11\/revisions"}],"predecessor-version":[{"id":65,"href":"https:\/\/sisu.ut.ee\/autentimine\/wp-json\/wp\/v2\/pages\/11\/revisions\/65"}],"wp:attachment":[{"href":"https:\/\/sisu.ut.ee\/autentimine\/wp-json\/wp\/v2\/media?parent=11"}],"curies":[{"name":"wp","href":"https:\/\/api.w.org\/{rel}","templated":true}]}}