{"id":4,"date":"2024-04-03T23:14:20","date_gmt":"2024-04-03T20:14:20","guid":{"rendered":"https:\/\/sisu.ut.ee\/arstil_vene\/%d0%bd%d0%b0-%d0%bf%d1%80%d0%b8%d1%91%d0%bc%d0%b5-%d1%83-%d1%81%d0%b5%d0%bc%d0%b5%d0%b9%d0%bd%d0%be%d0%b3%d0%be-%d0%b2%d1%80%d0%b0%d1%87%d0%b0\/"},"modified":"2024-04-24T16:31:58","modified_gmt":"2024-04-24T13:31:58","slug":"%d0%bd%d0%b0-%d0%bf%d1%80%d0%b8%d1%91%d0%bc%d0%b5-%d1%83-%d1%81%d0%b5%d0%bc%d0%b5%d0%b9%d0%bd%d0%be%d0%b3%d0%be-%d0%b2%d1%80%d0%b0%d1%87%d0%b0","status":"publish","type":"page","link":"https:\/\/sisu.ut.ee\/arstil_vene\/%d0%bd%d0%b0-%d0%bf%d1%80%d0%b8%d1%91%d0%bc%d0%b5-%d1%83-%d1%81%d0%b5%d0%bc%d0%b5%d0%b9%d0%bd%d0%be%d0%b3%d0%be-%d0%b2%d1%80%d0%b0%d1%87%d0%b0\/","title":{"rendered":"\u041d\u0410 \u041f\u0420\u0418\u0401\u041c\u0415 \u0423 \u0421\u0415\u041c\u0415\u0419\u041d\u041e\u0413\u041e \u0412\u0420\u0410\u0427\u0410"},"content":{"rendered":"<p><span style=\"line-height: 1.6em;\">1. \u041f\u0440\u043e\u0441\u043c\u043e\u0442\u0440\u0438\u0442\u0435 \u0438 \u043f\u0440\u043e\u0441\u043b\u0443\u0448\u0430\u0439\u0442\u0435 \u0434\u0438\u0430\u043b\u043e\u0433 \u201c\u041d\u0430 <span class=\"nolink\">\u043f\u0440\u0438\u0451\u043c<\/span>\u0435 \u0443 \u0441\u0435\u043c\u0435\u0439\u043d\u043e\u0433\u043e <span class=\"nolink\">\u0432\u0440\u0430\u0447<\/span>\u0430\u201d.<br>\n<em>Video on varustatud subtiitritega, mis avanevad, kui kl\u00f5psate video k\u00f5rval asuvale t\u00e4hisele CC \u00fclal paremas nurgas. Vajadusel tutvuge enne kuulamist dialoogi tekstiga (kl\u00f5psake video all olevale \u00a0s\u00f5nale \u0414\u0438\u0430\u043b\u043e\u0433 2) ja veenduge, et saate aru dialoogis esinevatest s\u00f5nadest. <\/em><br>\n<\/span><\/p>\n<p>2. \u0412\u044b\u043f\u043e\u043b\u043d\u0438\u0442\u0435 \u0437\u0430\u0434\u0430\u043d\u0438\u0435 \u0432 \u043a\u043e\u043d\u0446\u0435 \u0434\u0438\u0430\u043b\u043e\u0433\u0430 \u0438 \u0443\u043f\u0440\u0430\u0436\u043d\u0435\u043d\u0438\u044f 2.1, 2.2, 2.3.<\/p>\n<p><\/p><div class=\"ratio ratio-16x9 mb-3\"><div class=\"video-placeholder-wrapper video-placeholder-wrapper--16x9\">\n\t\t\t    <div class=\"video-placeholder d-flex justify-content-center align-items-center\">\n\t\t\t        <div class=\"overlay text-white p-2 w-100 text-center d-block justify-content-center align-items-center\">\n\t\t\t            <div>Kolmandate osapoolte sisu n\u00e4gemiseks palun n\u00f5ustu k\u00fcpsistega.<\/div>\n\t\t\t            <button class=\"btn btn-secondary btn-sm mt-1 consent-change\">Muuda n\u00f5usolekut<\/button>\n\t\t\t        <\/div>\n\t\t\t    <\/div>\n\t\t\t<\/div>\n<\/div>\n<table class=\"table table-hover\" border=\"0\">\n<tbody>\n<tr>\n<td>\n<div id=\"accordion\" class=\"accordion\"><\/div>\n<div id=\"accordion\" class=\"accordion\">\n<p><a href=\"#\"><strong>\u0414\u0438\u0430\u043b\u043e\u0433 2. \u041d\u0430 \u043f\u0440\u0438\u0451\u043c\u0435 \u0443 \u0441\u0435\u043c\u0435\u0439\u043d\u043e\u0433\u043e \u0432\u0440\u0430\u0447\u0430<\/strong><\/a><\/p>\n<div>\u041f\u0430\u0446\u0438\u0435\u0301\u043d\u0442 (\u041f) \u0437\u0430\u0445\u043e\u0301\u0434\u0438\u0442 \u0432 \u043a\u0430\u0431\u0438\u043d\u0435\u0301\u0442 \u0441\u0435\u043c\u0435\u0301\u0439\u043d\u043e\u0433\u043e \u0432\u0440\u0430\u0447\u0430\u0301 (\u0412).<br>\n(\u041f): \u0417\u0434\u0440\u0430\u0301\u0432\u0441\u0442\u0432\u0443\u0439\u0442\u0435!<br>\n(\u0412): \u0414\u043e\u0301\u0431\u0440\u044b\u0439 \u0434\u0435\u043d\u044c! \u042f \u2014 \u0422\u0438\u0439\u0430 \u041f\u0438\u0445\u043e. \u0421\u0430\u0434\u0438\u0301\u0442\u0435\u0441\u044c, \u043f\u043e\u0436\u0430\u0301\u043b\u0443\u0439\u0441\u0442\u0430!<br>\n(\u041f): \u0421\u043f\u0430\u0441\u0438\u0301\u0431\u043e!<br>\n(\u0412): \u0414\u0430\u0432\u043d\u043e\u0301 \u043c\u044b \u0441 \u0432\u0430\u043c\u0438 \u043d\u0435 \u0432\u0438\u0301\u0434\u0435\u043b\u0438\u0441\u044c. \u041a\u0430\u043a \u0432\u0430\u0301\u0448\u0438 \u0434\u0435\u043b\u0430\u0301?<br>\n(\u041f): \u0421\u043f\u0430\u0441\u0438\u0301\u0431\u043e. \u0412 \u043f\u043e\u0441\u043b\u0435\u0301\u0434\u043d\u0435\u0435 \u0432\u0440\u0435\u0301\u043c\u044f \u044f \u0447\u0443\u0301\u0432\u0441\u0442\u0432\u0443\u044e \u0441\u0435\u0431\u044f \u043d\u0435\u0432\u0430\u0301\u0436\u043d\u043e.<br>\n(\u0412): \u0422\u0430\u043a. \u041d\u0430 \u0447\u0442\u043e \u0432\u044b \u0436\u0430\u0301\u043b\u0443\u0435\u0442\u0435\u0441\u044c?<br>\n(\u041f): \u0417\u043d\u0430\u0301\u0435\u0442\u0435, \u0435\u0441\u043b\u0438 \u044f \u0434\u043e\u0301\u043b\u0433\u043e \u0445\u043e\u0436\u0443\u0301 \u0438\u043b\u0438 \u0440\u0430\u0431\u043e\u0301\u0442\u0430\u044e \u0432 \u0441\u0430\u0434\u0443\u0301, \u0442\u043e \u0447\u0443\u0301\u0432\u0441\u0442\u0432\u0443\u044e \u0431\u043e\u043b\u044c \u0432 \u0433\u0440\u0443\u0434\u0438\u0301. \u0411\u043e\u043b\u044c \u043e\u0442\u0434\u0430\u0451\u0442 \u0442\u043e \u0441\u044e\u0434\u0430\u0301 (\u0443\u043a\u0430\u0301\u0437\u044b\u0432\u0430\u0435\u0442 \u0440\u0443\u043a\u043e\u0301\u0439 \u043d\u0430 \u0433\u0440\u0443\u0434\u0438\u0301\u043d\u0443), \u0442\u043e \u0432 \u043f\u043b\u0435\u0447\u043e\u0301 (\u0443\u043a\u0430\u0301\u0437\u044b\u0432\u0430\u0435\u0442 \u0440\u0443\u043a\u043e\u0301\u0439 \u043d\u0430 \u043b\u0435\u0301\u0432\u043e\u0435 \u043f\u043b\u0435\u0447\u043e\u0301), \u0438 \u0438\u043d\u043e\u0433\u0434\u0430\u0301 \u0441\u0435\u0301\u0440\u0434\u0446\u0435 \u0442\u043e\u0301\u0436\u0435 \u043d\u0430\u0447\u0438\u043d\u0430\u0301\u0435\u0442 \u0431\u0438\u0301\u0442\u044c\u0441\u044f.<br>\n(\u0412): \u041e\u043f\u0438\u0448\u0438\u0301\u0442\u0435, \u043f\u043e\u0436\u0430\u0301\u043b\u0443\u0439\u0441\u0442\u0430, \u043a\u0430\u043a\u0430\u0301\u044f \u044d\u0442\u043e \u0431\u043e\u043b\u044c?<br>\n(\u041f): \u0411\u043e\u043b\u044c \u043d\u0435 \u043e\u0447\u0435\u043d\u044c \u0441\u0438\u0301\u043b\u044c\u043d\u0430\u044f, \u043d\u043e \u043e\u0449\u0443\u0449\u0435\u0301\u043d\u0438\u0435 \u043d\u0435\u043f\u0440\u0438\u044f\u0301\u0442\u043d\u043e\u0435, \u0438\u043d\u043e\u0433\u0434\u0430\u0301 \u0434\u0430\u0301\u0436\u0435 \u043d\u0435 \u0445\u0432\u0430\u0442\u0430\u0301\u0435\u0442 \u0432\u043e\u0301\u0437\u0434\u0443\u0445\u0430.<br>\n(\u0412): \u041f\u0440\u0438\u0301\u0441\u0442\u0443\u043f \u0431\u043e\u0301\u043b\u0438 \u0432\u043e\u0437\u043d\u0438\u043a\u0430\u0301\u0435\u0442 \u0443 \u0432\u0430\u0441 \u043f\u043e\u0301\u0441\u043b\u0435 \u0444\u0438\u0437\u0438\u0301\u0447\u0435\u0441\u043a\u043e\u0439 \u043d\u0430\u0433\u0440\u0443\u0301\u0437\u043a\u0438, \u0432\u043e \u0432\u0440\u0435\u0301\u043c\u044f \u0438\u043b\u0438 \u0432 \u0441\u043e\u0441\u0442\u043e\u044f\u0301\u043d\u0438\u0438 \u043f\u043e\u043a\u043e\u0301\u044f \u0442\u043e\u0301\u0436\u0435?<br>\n(\u041f): \u0427\u0430\u0301\u0449\u0435 \u043f\u043e\u0301\u0441\u043b\u0435 \u0444\u0438\u0437\u0438\u0301\u0447\u0435\u0441\u043a\u043e\u0439 \u043d\u0430\u0433\u0440\u0443\u0301\u0437\u043a\u0438. \u0415\u0441\u043b\u0438 \u0441\u0438\u0436\u0443\u0301 \u0438\u043b\u0438 \u043b\u0435\u0436\u0443\u0301, \u0442\u043e \u0431\u043e\u043b\u044c \u043f\u0440\u043e\u043f\u0430\u0434\u0430\u0301\u0435\u0442.<br>\n(\u0412): \u041a\u0430\u043a \u0447\u0430\u0301\u0441\u0442\u043e \u044d\u0442\u0438 \u043f\u0440\u0438\u0301\u0441\u0442\u0443\u043f\u044b \u043f\u043e\u0432\u0442\u043e\u0440\u044f\u0301\u044e\u0442\u0441\u044f?<br>\n(\u041f): \u041d\u0435 \u0437\u043d\u0430\u0301\u044e. \u041c\u043e\u0301\u0436\u0435\u0442 \u0431\u044b\u0442\u044c, \u0440\u0430\u0437 \u0432 \u043d\u0435\u0434\u0435\u0301\u043b\u044e. \u041e\u0431\u044b\u0301\u0447\u043d\u043e \u0432 \u0432\u044b\u0445\u043e\u0434\u043d\u044b\u0301\u0435, \u043a\u043e\u0433\u0434\u0430 \u0434\u043e\u0301\u043c\u0430 \u043c\u043d\u043e\u0433\u043e \u0434\u0435\u043b.<br>\n(\u0412): \u0410 \u0434\u043e\u0301\u043c\u0430 \u0443 \u0432\u0430\u0441 \u043a\u0430\u043a\u0438\u0435-\u0442\u043e \u043f\u0440\u043e\u0431\u043b\u0435\u0301\u043c\u044b \u0435\u0441\u0442\u044c?<br>\n(\u041f): \u0414\u043e\u0301\u043c\u0430 \u043d\u0435\u0442. \u041d\u043e \u0432 \u043f\u043e\u0441\u043b\u0435\u0301\u0434\u043d\u0435\u0435 \u0432\u0440\u0435\u0301\u043c\u044f \u0431\u044b\u0301\u043b\u043e \u043e\u0447\u0435\u043d\u044c \u043c\u043d\u043e\u0301\u0433\u043e \u0440\u0430\u0431\u043e\u0301\u0442\u044b. \u041f\u0440\u0438\u0445\u043e\u0434\u0438\u0301\u043b\u043e\u0441\u044c \u0440\u0430\u0431\u043e\u0301\u0442\u0430\u0442\u044c \u0441\u0432\u0435\u0440\u0445\u0443\u0440\u043e\u0301\u0447\u043d\u043e.<br>\n(\u0412): \u0412\u044b \u0443\u0441\u0442\u0430\u0451\u0442\u0435?<br>\n(\u041f): \u0414\u0430, \u0438\u043d\u043e\u0433\u0434\u0430\u0301 \u043e\u0447\u0435\u043d\u044c.<br>\n(\u0412): \u0410 \u043a\u0430\u043a \u0434\u0435\u043b\u0430\u0301 \u0441\u043e \u0441\u043d\u043e\u043c?<br>\n(\u041f): \u041a\u043e\u0433\u0434\u0430 \u043a\u0430\u043a. \u0418\u043d\u043e\u0433\u0434\u0430 \u0431\u044b\u0432\u0430\u0301\u0435\u0442 \u0442\u0440\u0443\u0301\u0434\u043d\u043e \u0437\u0430\u0441\u043d\u0443\u0301\u0442\u044c, \u0430 \u0438\u043d\u043e\u0433\u0434\u0430 \u0441\u043f\u043b\u044e \u043e\u0447\u0435\u043d\u044c \u0445\u043e\u0440\u043e\u0448\u043e\u0301. (\u0412): \u0412\u044b \u0441\u043a\u0430\u0437\u0430\u0301\u043b\u0438, \u0447\u0442\u043e \u0441\u0435\u0301\u0440\u0434\u0446\u0435 \u0431\u044c\u0451\u0442\u0441\u044f.<br>\n(\u041f): \u0414\u0430, \u043a\u043e\u0433\u0434\u0430 \u043f\u0440\u0438\u0301\u0441\u0442\u0443\u043f \u0431\u043e\u0301\u043b\u0438.<br>\n(\u0412): \u0422\u043e\u0448\u043d\u0438\u0301\u0442\u044c \u0432\u0430\u0441 \u0442\u043e\u0301\u0436\u0435 \u043d\u0430\u0447\u0438\u043d\u0430\u0301\u0435\u0442 \u0432 \u044d\u0442\u043e \u0432\u0440\u0435\u0301\u043c\u044f?<br>\n(\u041f): \u0418\u043d\u043e\u0433\u0434\u0430.<br>\n(\u0412): \u041a\u0430\u043a \u0434\u0430\u0432\u043d\u043e\u0301 \u0443 \u0432\u0430\u0441 \u044d\u0442\u0438 \u0441\u0438\u043c\u043f\u0442\u043e\u0301\u043c\u044b?<br>\n(\u041f): \u041f\u0440\u0438\u043c\u0435\u0301\u0440\u043d\u043e \u0434\u0432\u0430 \u043c\u0435\u0301\u0441\u044f\u0446\u0430.<br>\n(\u0412): \u0410 \u0440\u0430\u0301\u043d\u044c\u0448\u0435 \u043d\u0438\u0447\u0435\u0433\u043e\u0301 \u043f\u043e\u0434\u043e\u0301\u0431\u043d\u043e\u0433\u043e \u043d\u0435 \u0431\u044b\u043b\u043e? (\u041f): \u041d\u0435\u0442, \u043d\u0435 \u0431\u044b\u043b\u043e. (\u0412): \u041f\u0435\u0440\u0435\u043d\u0435\u0441\u043b\u0438\u0301 \u043b\u0438 \u0432\u044b \u043d\u0435\u0434\u0430\u0301\u0432\u043d\u043e \u0432\u0438\u0301\u0440\u0443\u0441\u043doe \u0437\u0430\u0431\u043e\u043b\u0435\u0432\u0430\u0301\u043d\u0438\u0435?<br>\n(\u041f): \u0414\u0430, \u0432\u0435\u0441\u043d\u043e\u0301\u0439 \u044f \u0431\u043e\u043b\u0435\u0301\u043b\u0430 \u043d\u0435\u0301\u0441\u043a\u043e\u043b\u044c\u043a\u043e \u0434\u043d\u0435\u0439. \u0423 \u043c\u0435\u043d\u044f \u0431\u043e\u043b\u0435\u0301\u043b\u043e \u0433\u043e\u0301\u0440\u043b\u043e, \u0431\u044b\u043b \u043d\u0430\u0301\u0441\u043c\u043e\u0440\u043a \u0438 \u043a\u0430\u0301\u0448\u0435\u043b\u044c.<br>\n(\u0412): \u0410 \u0442\u0435\u043c\u043f\u0435\u0440\u0430\u0442\u0443\u0301\u0440\u0430?<br>\n(\u041f): \u042f \u043a\u043e\u043d\u0435\u0301\u0447\u043d\u043e \u043d\u0435 \u0438\u0437\u043c\u0435\u0440\u044f\u0301\u043b\u0430, \u043d\u043e, \u043c\u043e\u0301\u0436\u0435\u0442 \u0431\u044b\u0442\u044c, \u043d\u0435\u0431\u043e\u043b\u044c\u0448\u0430\u0301\u044f \u0442\u0435\u043c\u043f\u0435\u0440\u0430\u0442\u0443\u0301\u0440\u0430 \u0438 \u0431\u044b\u043b\u0430\u0301.<br>\n(\u0412): \u0411\u043e\u043b\u0435\u043b \u043b\u0438 \u043a\u0442\u043e-\u043d\u0438\u0431\u0443\u0434\u044c \u0432 \u0432\u0430\u0448\u0435\u0439 \u0441\u0435\u043c\u044c\u0435 \u0441\u0435\u0440\u0434\u0435\u0301\u0447\u043d\u044b\u043c\u0438 \u0437\u0430\u0431\u043e\u043b\u0435\u0432\u0430\u0301\u043d\u0438\u044f\u043c\u0438? \u0411\u044b\u043b\u0438 \u043b\u0438 \u0438\u043d\u0444\u0430\u0301\u0440\u043a\u0442\u044b, \u0438\u043d\u0441\u0443\u0301\u043b\u044c\u0442\u044b, \u0432\u044b\u0441\u043e\u0301\u043a\u043e\u0435 \u0434\u0430\u0432\u043b\u0435\u0301\u043d\u0438\u0435?<br>\n(\u041f): \u0414\u0430, \u0443 \u043c\u043e\u0435\u0301\u0439 \u043c\u0430\u043c\u044b \u0432\u044b\u0441\u043e\u0301\u043a\u043e\u0435 \u0434\u0430\u0432\u043b\u0435\u0301\u043d\u0438\u0435, \u0430 \u0434\u0435\u0301\u0434\u0443\u0448\u043a\u0430 \u0443\u0301\u043c\u0435\u0440 \u043e\u0442 \u0438\u043d\u0444\u0430\u0301\u0440\u043a\u0442\u0430. (\u0412): \u0425\u043e\u0440\u043e\u0448\u043e\u0301. \u0421\u0434\u0435\u0301\u043b\u0430\u0435\u043c \u0442\u0435\u043f\u0435\u0301\u0440\u044c \u0442\u0430\u043a \u2014\u043f\u0440\u0435\u0301\u0436\u0434\u0435 \u0432\u0441\u0435\u0433\u043e\u0301 \u0438\u0437\u043c\u0435\u0301\u0440\u0438\u043c \u0432\u0430\u043c \u0434\u0430\u0432\u043b\u0435\u0301\u043d\u0438\u0435, \u043f\u043e\u0442\u043e\u0301\u043c \u043f\u043e\u0439\u0434\u0451\u043c \u0432 \u0441\u043e\u0441\u0435\u0301\u0434\u043d\u0438\u0439 \u043a\u0430\u0431\u0438\u043d\u0435\u0301\u0442. \u0422\u0430\u043c \u044f \u043c\u043e\u0433\u0443\u0301 \u0432\u0430\u0441 \u043f\u043e\u0441\u043b\u0443\u0301\u0448\u0430\u0442\u044c. \u0418 \u0441\u0434\u0435\u0301\u043b\u0430\u0435\u043c \u043a\u0430\u0440\u0434\u0438\u043e\u0433\u0440\u0430\u0301\u043c\u043c\u0443 \u0442\u043e\u0301\u0436\u0435. (\u041f\u0430\u0446\u0438\u0435\u0301\u043d\u0442\u043a\u0435 \u0438\u0437\u043c\u0435\u0440\u044f\u0301\u044e\u0442 \u0434\u0430\u0432\u043b\u0435\u0301\u043d\u0438\u0435 \u0438 \u0434\u0435\u0301\u043b\u0430\u044e\u0442 \u042d\u041a\u0413).<br>\n(\u0412): \u0414\u0430, \u0442\u0430\u043a \u0438 \u0435\u0441\u0442\u044c, \u0443 \u0432\u0430\u0441 \u043d\u0435\u043c\u043d\u043e\u0301\u0433\u043e \u043d\u0430\u0440\u0443\u0301\u0448\u0435\u043d\u0430 \u0441\u0435\u0440\u0434\u0435\u0301\u0447\u043d\u0430\u044f \u0434\u0435\u0301\u044f\u0442\u0435\u043b\u044c\u043d\u043e\u0441\u0442\u044c. \u041a\u0430\u0440\u0434\u0438\u043e\u0433\u0440\u0430\u0301\u043c\u043ca <span class=\"nolink\">\u043f\u043e\u043a\u0430\u0301<\/span>\u0437\u044b\u0432\u0430\u0435\u0442 \u043d\u0435\u0301\u043a\u043e\u0442\u043e\u0440\u0443\u044e \u0430\u0440\u0438\u0442\u043c\u0438\u0301\u044e. \u042f \u0434\u0443\u0301\u043c\u0430\u044e, \u0447\u0442\u043e \u0432\u0430\u043c \u043d\u0443\u0301\u0436\u043d\u043e \u043f\u0440\u043e\u0439\u0442\u0438\u0301 \u0431\u043e\u0301\u043b\u0435\u0435 \u0434\u0435\u0442\u0430\u0301\u043b\u044c\u043d\u043e\u0435 \u043e\u0431\u0441\u043b\u0435\u0301\u0434\u043e\u0432\u0430\u043d\u0438\u0435 \u0443 \u043a\u0430\u0440\u0434\u0438\u043e\u0301\u043b\u043e\u0433\u0430. \u0421\u0435\u0439\u0447\u0430\u0441 \u044f \u0432\u044b\u0301\u043f\u0438\u0448\u0443 \u0432\u0430\u043c \u043d\u0430\u043f\u0440\u0430\u0432\u043b\u0435\u0301\u043d\u0438\u0435, \u0438 \u0432\u044b \u0437\u0430\u043f\u0438\u0301\u0448\u0435\u0442\u0435\u0441\u044c \u0432 \u0440\u0435\u0433\u0438\u0441\u0442\u0440\u0430\u0442\u0443\u0301\u0440\u0435 \u043d\u0430 \u043f\u0440\u0438\u0451\u043c. \u0410 \u043f\u043e\u043a\u0430\u0301 \u043f\u0440\u043e\u043f\u0438\u0448\u0443\u0301 \u043b\u0435\u043a\u0430\u0301\u0440\u0441\u0442\u0432\u043e \u0442\u043e\u0301\u0436\u0435.<br>\n(\u041f): \u0411\u043e\u043b\u044c\u0448\u043e\u0301\u0435 \u0441\u043f\u0430\u0441\u0438\u0301\u0431\u043e! \u041d\u0430\u0434\u0435\u0301\u044e\u0441\u044c, \u0432 \u0441\u043b\u0435\u0301\u0434\u0443\u044e\u0449\u0438\u0439 \u0440\u0430\u0437 \u043a\u0430\u0440\u0442\u0438\u0301\u043d\u0430 \u0431\u0443\u0301\u0434\u0435\u0442 \u043b\u0443\u0301\u0447\u0448\u0435. \u0412\u0441\u0435\u0433\u043e\u0301 \u0445\u043e\u0440\u043e\u0301\u0448\u0435\u0433\u043e!<br>\n(\u0412): \u0412\u0441\u0435\u0433\u043e\u0301 \u0445\u043e\u0440\u043e\u0301\u0448\u0435\u0433\u043e!<\/div>\n<div><\/div>\n<\/div>\n<p><strong><span style=\"font-family: verdana,geneva; font-size: small;\"><span style=\"font-family: inherit; font-size: revert; text-align: var(--bs-body-text-align);\">\u0417\u0430\u0434\u0430\u0439\u0442\u0435 \u043f\u0430\u0446\u0438\u0435\u043d\u0442\u0443 \u0432\u043e\u043f\u0440\u043e\u0441\u044b \u043e \u0435\u0433\u043e \u043e\u0431\u0440\u0430\u0437\u0435 \u0436\u0438\u0437\u043d\u0438 \u0438 \u043f\u0440\u0438\u0432\u044b\u0447\u043a\u0430\u0445.<\/span><\/span><\/strong><\/p>\n<p><img loading=\"lazy\" decoding=\"async\" width=\"407\" height=\"318\" class=\"alignnone wp-image-15\" title=\"perearsti_vastuvotul_2.jpg\" src=\"https:\/\/sisu.ut.ee\/wp-content\/uploads\/sites\/48\/perearsti_vastuvotul_2.jpg\" alt=\"perearsti_vastuvotul_2.jpg\" srcset=\"https:\/\/sisu.ut.ee\/wp-content\/uploads\/sites\/48\/perearsti_vastuvotul_2.jpg 407w, https:\/\/sisu.ut.ee\/wp-content\/uploads\/sites\/48\/perearsti_vastuvotul_2-300x234.jpg 300w\" sizes=\"auto, (max-width: 407px) 100vw, 407px\"><\/p><\/td>\n<td style=\"width: 50%;\"><span style=\"color: #3c6aa4;\"><strong>\u0416\u0430\u0301\u043bo\u0431\u044b<\/strong><\/span>\n<ul>\n<li>\u041a\u0430\u043a \u0432\u0430\u0301\u0448\u0435\u00a0\u0441\u0430\u043c\u043e\u0447\u0443\u0301\u0432\u0441\u0442\u0432\u0438\u0435? \u041a\u0430\u043a \u0432\u044b \u0441\u0435\u0439\u0447\u0430\u0301\u0441\u00a0\u0441\u0435\u0431\u044f\u0301\u00a0\u0447\u0443\u0301\u0432\u0441\u0442\u0432\u0443\u0435\u0442\u0435?<\/li>\n<li>\u0427\u0442\u043e \u0432\u0430\u0441\u00a0\u0431\u0435\u0441\u043f\u043e\u043a\u043e\u0301\u0438\u0442?<\/li>\n<li>\u041d\u0430 \u0447\u0442\u043e \u0432\u044b\u00a0\u0436\u0430\u0301\u043b\u0443\u0435\u0442\u0435\u0441\u044c?<\/li>\n<li>\u0413\u0434\u0435 \u0443 \u0432\u0430\u0441 \u0431\u043e\u0301\u043b\u0438?<\/li>\n<li>\u0411\u043e\u0301\u043b\u044c\u043d\u043e\u00a0\u043b\u0438 \u0432\u0430\u043c \u043f\u0440\u0438\u00a0\u043d\u0430\u0434\u0430\u0301\u0432\u043b\u0438\u0432\u0430\u043d\u0438\u0438\u00a0\u0441\u044e\u0434\u0430\u0301?<\/li>\n<li>\u041a\u043e\u0433\u0434\u0430 \u0432\u044b\u00a0\u0432\u043f\u0435\u0440\u0432\u044b\u0301\u0435\u00a0\u043f\u043e\u0447\u0443\u0301\u0432\u0441\u0442\u0432\u043e\u0432\u0430\u043b\u0438\u00a0\u0431\u043e\u043b\u044c?<\/li>\n<li>\u041a\u0430\u043a\u0443\u0301\u044e \u0431\u043e\u043b\u044c \u0432\u044b \u0447\u0443\u0301\u0432\u0441\u0442\u0432\u0443\u0435\u0442\u0435? \u041a\u0430\u043a\u0438\u0301\u0435 \u0431\u043e\u0301\u043b\u0438 \u0432\u0430\u0441 \u0431\u0435\u0441\u043f\u043e\u043a\u043e\u0301\u044f\u0442?<\/li>\n<li>\u0411\u043e\u043b\u044c\u00a0\u043f\u043e\u0441\u0442\u043e\u044f\u0301\u043d\u043d\u0430\u044f \u0438\u043b\u0438 \u043f\u0440\u0438\u0441\u0442\u0443\u043f\u043e\u043e\u0431\u0440\u0430\u0301\u0437\u043d\u0430\u044f (\u043f\u0440\u0438\u0301\u0441\u0442\u0443\u043f\u0430\u043c\u0438),<br>\n\u043e\u0301\u0441\u0442\u0440\u0430\u044f, \u0440\u0435\u0301\u0436\u0443\u0449\u0430\u044f \u0438\u043b\u0438 \u0442\u0443\u043f\u0430\u0301\u044f?<\/li>\n<li>\u041a\u0443\u0434\u0430 \u0435\u0449\u0451\u00a0\u043e\u0442\u0434\u0430\u0451\u0442\u00a0(\u0438\u0440\u0440\u0430\u0434\u0438\u0438\u0301\u0440\u0443\u0435\u0442) \u0431\u043e\u043b\u044c?<\/li>\n<li>\u0411\u043e\u043b\u044c \u043e\u0442\u0434\u0430\u0451\u0442 \u0435\u0449\u0451 \u043a\u0443\u0434\u0430-\u043d\u0438\u0431\u0443\u0434\u044c \/ \u0432 \u0434\u0440\u0443\u0433\u0438\u0301\u0435\u00a0\u0447\u0430\u0301\u0441\u0442\u0438\u00a0\u0442\u0435\u0301\u043b\u0430?<\/li>\n<li>\u0427\u0442\u043e\u00a0\u0432\u044b\u0437\u044b\u0432\u0430\u0301\u0435\u0442\u00a0\u0436\u0430\u0301\u043b\u043e\u0431\u044b?<\/li>\n<li>\u0427\u0442\u043e\u00a0\u043e\u0431\u043b\u0435\u0433\u0447\u0430\u0301\u0435\u0442\u00a0\u0431\u043e\u043b\u044c?<\/li>\n<li>\u041a\u0430\u043a\u0438\u0435\u00a0\u043b\u0435\u043a\u0430\u0301\u0440\u0441\u0442\u0432\u0430,\u00a0\u043b\u0435\u043a\u0430\u0301\u0440\u0441\u0442\u0432\u0435\u043d\u043d\u044b\u0435\u00a0\u0442\u0440\u0430\u0301\u0432\u044b\u00a0\u0438\u043b\u0438\u00a0\u043f\u0438\u0449\u0435\u0432\u044b\u0301\u0435 \u0434\u043e\u0431\u0430\u0301\u0432\u043a\u0438\u00a0\u0432\u044b \u043f\u0440\u0438\u043d\u0438\u043c\u0430\u0301\u043b\u0438 \u0432 \u043f\u043e\u0441\u043b\u0435\u0301\u0434\u043d\u0435\u0435 \u0432\u0440\u0435\u0301\u043c\u044f?<br>\n\u0412 \u043a\u0430\u043a\u0438\u0301\u0445\u00a0\u0434\u043e\u0301\u0437\u0430\u0445\u00a0\u0438 \u043a\u0430\u043a \u0447\u0430\u0301\u0441\u0442\u043e?<\/li>\n<li>\u041a\u0430\u043a\u0438\u0301\u0435\u00a0\u0441\u043e\u043f\u0443\u0301\u0442\u0441\u0442\u0432\u0443\u044e\u0449\u0438\u0435\u00a0\u0431\u043e\u043b\u0435\u0301\u0437\u043d\u0438\u00a0\u0435\u0441\u0442\u044c \u0443 \u0432\u0430\u0441?<\/li>\n<li>\u0412\u0430\u0441 \u0440\u0430\u0301\u043d\u044c\u0448\u0435\u00a0\u043e\u043f\u0435\u0440\u0438\u0301\u0440\u043e\u0432\u0430\u043b\u0438? \u0411\u044b\u0301\u043b\u0438 \u043b\u0438 \u0443 \u0432\u0430\u0441 \u043e\u043f\u0435\u0440\u0430\u0301\u0446\u0438\u0438?\u00a0\u0412\u043e\u0437\u043d\u0438\u043a\u0430\u0301\u043b\u0438\u00a0\u043b\u0438\u00a0\u043e\u0441\u043b\u043e\u0436\u043d\u0435\u043d\u0301\u0438\u044f\u00a0\u043f\u043e\u0301\u0441\u043b\u0435 \u043e\u043f\u0435\u0440\u0430\u0301\u0446\u0438\u0439?<\/li>\n<li>\u041a\u0430\u043a\u0438\u0301\u0435 \u0432\u044b\u00a0\u043f\u0440\u043e\u0448\u043b\u0438\u0301\u00a0\u043e\u0431\u0441\u043b\u0435\u0301\u0434\u043e\u0432\u0430\u043d\u0438\u044f? \u041a\u0430\u043a\u0438\u0301\u0435 \u0431\u044b\u0301\u043b\u0438\u00a0\u0440\u0435\u0437\u0443\u043b\u044c\u0442\u0430\u0301\u0442\u044b<br>\n\u043e\u0431\u0441\u043b\u0435\u0301\u0434\u043e\u0432\u0430\u043d\u0438\u0439?<\/li>\n<li>\u041b\u0435\u0436\u0430\u0301\u043b\u0438\u00a0\u043b\u0438 \u0432\u044b \u0440\u0430\u0301\u043d\u044c\u0448\u0435\u00a0\u0432 \u0431\u043e\u043b\u044c\u043d\u0438\u0301\u0446\u0435?<\/li>\n<li>\u041a\u0430\u043a\u0438\u0301\u0435 \u043b\u0435\u043a\u0430\u0301\u0440\u0441\u0442\u0432\u0430 \u0432\u0430\u043c\u00a0\u043d\u0430\u0437\u043d\u0430\u0301\u0447\u0435\u043d\u044b?<\/li>\n<li>\u0415\u0441\u0442\u044c \u043b\u0438 \u0443 \u0432\u0430\u0441 \u0430\u043b\u043b\u0435\u0440\u0433\u0438\u0301\u044f? \u0415\u0441\u0442\u044c \u043b\u0438 \u0443 \u0432\u0430\u0441 \u0430\u043b\u043b\u0435\u0440\u0433\u0438\u0301\u044f \u043d\u0430 \u043b\u0435\u043a\u0430\u0301\u0440\u0441\u0442\u0432\u0430?<\/li>\n<li>\u041a\u0443\u0301\u0440\u0438\u0442\u0435\u00a0\u043b\u0438 \u0432\u044b? \u0421\u043a\u043e\u0301\u043b\u044c\u043a\u043e \u0441\u0438\u0433\u0430\u0440\u0435\u0301\u0442 \u0432 \u0434\u0435\u043d\u044c?\u00a0\u0423\u043f\u043e\u0442\u0440\u0435\u0431\u043b\u044f\u0301\u0435\u0442\u0435\u00a0\u043b\u0438 \u0432\u044b<br>\n\u0430\u043b\u043a\u043e\u0433\u043e\u0301\u043b\u044c \u0438 \u0441\u043a\u043e\u0301\u043b\u044c\u043a\u043e?<\/li>\n<\/ul>\n<\/td>\n<\/tr>\n<\/tbody>\n<\/table>\n","protected":false},"excerpt":{"rendered":"<p>1. \u041f\u0440\u043e\u0441\u043c\u043e\u0442\u0440\u0438\u0442\u0435 \u0438 \u043f\u0440\u043e\u0441\u043b\u0443\u0448\u0430\u0439\u0442\u0435 \u0434\u0438\u0430\u043b\u043e\u0433 \u201c\u041d\u0430 \u043f\u0440\u0438\u0451\u043c\u0435 \u0443 \u0441\u0435\u043c\u0435\u0439\u043d\u043e\u0433\u043e \u0432\u0440\u0430\u0447\u0430\u201d. Video on varustatud subtiitritega, mis avanevad, kui kl\u00f5psate video k\u00f5rval asuvale t\u00e4hisele CC \u00fclal paremas nurgas. Vajadusel tutvuge enne kuulamist dialoogi tekstiga (kl\u00f5psake video all olevale \u00a0s\u00f5nale \u0414\u0438\u0430\u043b\u043e\u0433 2) ja &#8230;<\/p>\n","protected":false},"author":20,"featured_media":0,"parent":0,"menu_order":0,"comment_status":"closed","ping_status":"closed","template":"","meta":{"_acf_changed":false,"inline_featured_image":false,"footnotes":""},"class_list":["post-4","page","type-page","status-publish","hentry"],"acf":[],"_links":{"self":[{"href":"https:\/\/sisu.ut.ee\/arstil_vene\/wp-json\/wp\/v2\/pages\/4","targetHints":{"allow":["GET"]}}],"collection":[{"href":"https:\/\/sisu.ut.ee\/arstil_vene\/wp-json\/wp\/v2\/pages"}],"about":[{"href":"https:\/\/sisu.ut.ee\/arstil_vene\/wp-json\/wp\/v2\/types\/page"}],"author":[{"embeddable":true,"href":"https:\/\/sisu.ut.ee\/arstil_vene\/wp-json\/wp\/v2\/users\/20"}],"replies":[{"embeddable":true,"href":"https:\/\/sisu.ut.ee\/arstil_vene\/wp-json\/wp\/v2\/comments?post=4"}],"version-history":[{"count":3,"href":"https:\/\/sisu.ut.ee\/arstil_vene\/wp-json\/wp\/v2\/pages\/4\/revisions"}],"predecessor-version":[{"id":118,"href":"https:\/\/sisu.ut.ee\/arstil_vene\/wp-json\/wp\/v2\/pages\/4\/revisions\/118"}],"wp:attachment":[{"href":"https:\/\/sisu.ut.ee\/arstil_vene\/wp-json\/wp\/v2\/media?parent=4"}],"curies":[{"name":"wp","href":"https:\/\/api.w.org\/{rel}","templated":true}]}}