{"id":79,"date":"2024-04-03T23:21:12","date_gmt":"2024-04-03T20:21:12","guid":{"rendered":"https:\/\/sisu.ut.ee\/ark\/resources\/"},"modified":"2024-04-10T10:41:47","modified_gmt":"2024-04-10T07:41:47","slug":"resources","status":"publish","type":"page","link":"https:\/\/sisu.ut.ee\/ark\/resources\/?lang=en","title":{"rendered":"Project resources"},"content":{"rendered":"<p>Here you can find resources related to the project. These resources include various presentations and dissemination materials used to introduce the Ark of Inquiry project to the public, as well as templates used to create them.<\/p>\n<p><\/p><div class=\"accordion mb-3\">\n        <div class=\"accordion-item accordion-item--white\">\n        <h2 class=\"accordion-header\" id=\"accordion-69f54e1070c31-heading\">\n            <button class=\"accordion-button collapsed\" type=\"button\" data-bs-toggle=\"collapse\" data-bs-target=\"#accordion-69f54e1070c31-collapse\" aria-expanded=\"true\" aria-controls=\"accordion-69f54e1070c31-collapse\">Newsletters<\/button>\n        <\/h2>\n        <div id=\"accordion-69f54e1070c31-collapse\" class=\"accordion-collapse collapse\" aria-labelledby=\"accordion-69f54e1070c31-heading\">\n            <div class=\"accordion-body\">\n<ul>\n<li><a href=\"https:\/\/sisu.ut.ee\/wp-content\/uploads\/sites\/84\/newsletter2015_1.pdf\" target=\"_blank\" rel=\"noopener\">Newsletter 1\/2015<\/a><\/li><\/ul><\/div>\n        <\/div>\n        <\/div>\n    <\/div>\n\n<p><\/p><div class=\"accordion mb-3\">\n        <div class=\"accordion-item accordion-item--white\">\n        <h2 class=\"accordion-header\" id=\"accordion-69f54e1070c39-heading\">\n            <button class=\"accordion-button collapsed\" type=\"button\" data-bs-toggle=\"collapse\" data-bs-target=\"#accordion-69f54e1070c39-collapse\" aria-expanded=\"true\" aria-controls=\"accordion-69f54e1070c39-collapse\">Presentations <\/button>\n        <\/h2>\n        <div id=\"accordion-69f54e1070c39-collapse\" class=\"accordion-collapse collapse\" aria-labelledby=\"accordion-69f54e1070c39-heading\">\n            <div class=\"accordion-body\">\n<p><strong>In English:<\/strong><\/p>\n<ul>\n<li><a href=\"https:\/\/sisu.ut.ee\/sites\/default\/files\/lessons_from_ark_of_inquiry_14.05.2014_brussels.pdf\" target=\"_blank\" rel=\"noopener\">Lessons from Ark of Inquiry (Pedaste, M.) \u2013 Information Day for Horizon 2020: Science with and for Society (14.05.2014, Brussels, wide, 200 people)<\/a><\/li>\n<li><a href=\"https:\/\/sisu.ut.ee\/wp-content\/uploads\/sites\/84\/siiman_-_isatt2014.pdf\" data-fid=\"7539\">A Pedagogical Framework for the Ark of Inquiry project (Siiman, L., de Vries, B., Veermans, K.) \u2013 \u00a0ISATT Conference: Theory meets practice: Important issues in teaching practice (21.11.2014, Tartu)<\/a><\/li>\n<\/ul>\n<p><strong>In Estonian:<\/strong><\/p>\n<ul>\n<li><a style=\"background-color: #ffffff\" href=\"https:\/\/sisu.ut.ee\/wp-content\/uploads\/sites\/84\/uuringulaeka_tutvustus_25.04.2014_0.pdf\" target=\"_blank\" rel=\"noopener\">Uuringulaeka tutvustus (Pedaste, M.) \u2013 Uurimuslikku \u00f5pet toetavaid tegevusi ja projekte tutvustav seminar (25.04.2014, Tallinn, \u00f5petajatele ja \u00f5pilast\u00f6\u00f6de juhendajatele)<\/a><a style=\"background-color: #ffffff\" href=\"https:\/\/sisu.ut.ee\/wp-content\/uploads\/sites\/84\/uuringulaeka_tutvustus_25.04.2014.pdf\" target=\"_blank\" rel=\"noopener\">\u00a0<\/a><\/li>\n<li><a href=\"https:\/\/sisu.ut.ee\/sites\/default\/files\/haridustehnoloogia\/files\/uuringulaegas_230115.pdf\" target=\"_blank\" rel=\"noopener\">Uuringulaeka tutvustus (Pedaste, M.) \u2013 Uuringulaegas (23.01.2015, Tartu, Haridustehnoloogia keskuse koost\u00f6\u00f6seminar)<\/a><\/li>\n<li><a href=\"https:\/\/sisu.ut.ee\/wp-content\/uploads\/sites\/84\/bioloogia_talvepaevad_2015.pdf\" target=\"_blank\" rel=\"noopener\">Uuringulaeka tutvustus (Burget, M.) \u2013 Uuringulaegas (21.02.2015, Tartu, bioloogia\u00f5petajate talvep\u00e4evad)<\/a><\/li><\/ul><\/div>\n        <\/div>\n        <\/div>\n    <\/div>\n\n<p><\/p><div class=\"accordion mb-3\">\n        <div class=\"accordion-item accordion-item--white\">\n        <h2 class=\"accordion-header\" id=\"accordion-69f54e1070c3d-heading\">\n            <button class=\"accordion-button collapsed\" type=\"button\" data-bs-toggle=\"collapse\" data-bs-target=\"#accordion-69f54e1070c3d-collapse\" aria-expanded=\"true\" aria-controls=\"accordion-69f54e1070c3d-collapse\">Templates<\/button>\n        <\/h2>\n        <div id=\"accordion-69f54e1070c3d-collapse\" class=\"accordion-collapse collapse\" aria-labelledby=\"accordion-69f54e1070c3d-heading\">\n            <div class=\"accordion-body\">\n<p>Templates for presentations regarding the Ark of Inquiry project. Click to download the template.<\/p>\n<ul>\n<li><a href=\"https:\/\/sisu.ut.ee\/wp-content\/uploads\/sites\/84\/ark_template_4by3.pptx\" target=\"_blank\" rel=\"noopener\"><span style=\"background-color: #ffffff\">Powerpoint presentation template (4:3, traditional)<\/span><\/a><\/li>\n<li><a href=\"https:\/\/sisu.ut.ee\/wp-content\/uploads\/sites\/84\/ark_template_16by9.pptx\" target=\"_blank\" rel=\"noopener\"><span style=\"background-color: #ffffff\">Powerpoint presentation template (16:9, widescreen)<\/span><\/a><\/li>\n<\/ul>\n<p><\/p><\/div>\n        <\/div>\n        <\/div>\n    <\/div>\n<p><\/p><div class=\"accordion mb-3\">\n        <div class=\"accordion-item accordion-item--white\">\n        <h2 class=\"accordion-header\" id=\"accordion-69f54e1070c40-heading\">\n            <button class=\"accordion-button collapsed\" type=\"button\" data-bs-toggle=\"collapse\" data-bs-target=\"#accordion-69f54e1070c40-collapse\" aria-expanded=\"true\" aria-controls=\"accordion-69f54e1070c40-collapse\">Posters<\/button>\n        <\/h2>\n        <div id=\"accordion-69f54e1070c40-collapse\" class=\"accordion-collapse collapse\" aria-labelledby=\"accordion-69f54e1070c40-heading\">\n            <div class=\"accordion-body\">\n<p><strong>In English:<\/strong><\/p>\n<ul>\n<li><span style=\"background-color: #ffffff\"><a href=\"https:\/\/sisu.ut.ee\/wp-content\/uploads\/sites\/84\/ark-profiles_poster.pdf\" target=\"_blank\" rel=\"noopener\">Ark of Inquiry: Inquiry Awards over Europe poster (2nd International PROFILES Conference on Enhancing Scientific Literacy in Berlin, 25 \u2013 27 August 2014<\/a><\/span><\/li>\n<\/ul>\n<p><strong><span style=\"background-color: #ffffff\">In German:<\/span><\/strong><\/p>\n<ul>\n<li><span style=\"background-color: #ffffff\"><a href=\"https:\/\/sisu.ut.ee\/wp-content\/uploads\/sites\/84\/gdcp_2014_ark_of_inquiry_de_schryver.pdf\" target=\"_blank\" rel=\"noopener\">Ark of Inquiry poster for the annual GDCP conference, 15-18 September 2014, in Bremen, Germany<\/a><\/span><\/li>\n<\/ul>\n<p><strong><span style=\"background-color: #ffffff\">In Estonian:<\/span><\/strong><\/p>\n<ul>\n<li><a href=\"https:\/\/sisu.ut.ee\/wp-content\/uploads\/sites\/84\/siiman_-_isatt2014_poster.pdf\" data-fid=\"7540\">\u00d5petajakoolituse projekt Uuringulaegas<\/a><\/li>\n<\/ul>\n<p><\/p><\/div>\n        <\/div>\n        <\/div>\n    <\/div>\n<p><\/p><div class=\"accordion mb-3\">\n        <div class=\"accordion-item accordion-item--white\">\n        <h2 class=\"accordion-header\" id=\"accordion-69f54e1070c46-heading\">\n            <button class=\"accordion-button collapsed\" type=\"button\" data-bs-toggle=\"collapse\" data-bs-target=\"#accordion-69f54e1070c46-collapse\" aria-expanded=\"true\" aria-controls=\"accordion-69f54e1070c46-collapse\">Roll-up banners<\/button>\n        <\/h2>\n        <div id=\"accordion-69f54e1070c46-collapse\" class=\"accordion-collapse collapse\" aria-labelledby=\"accordion-69f54e1070c46-heading\">\n            <div class=\"accordion-body\">\n<p><span>Roll up banners are large easily portable posters with a built in self-support system. These banners save considerable time and effort in setting up display stands or promotion events. Most printing or advertising services offer the possibility of printing roll-up banners and also provide the customer with the case meant for setting up these banners.<\/span><\/p>\n<ul>\n<li><a href=\"https:\/\/sisu.ut.ee\/wp-content\/uploads\/sites\/84\/english_rollup_cmyk_800x2000mm.pdf\" target=\"_blank\" rel=\"noopener\"><span style=\"background-color: #ffffff\">Ark of Inquiry roll-up banner in English (cmyk_800x2000mm)<\/span><\/a><\/li>\n<li><a href=\"https:\/\/sisu.ut.ee\/wp-content\/uploads\/sites\/84\/belgian_rollup_cmyk_800x2000mm.pdf\" target=\"_blank\" rel=\"noopener\"><span style=\"background-color: #ffffff\">Ark of Inquiry roll-up banner for Belgium\u00a0(cmyk_800x2000mm)<\/span><\/a><\/li>\n<li><a href=\"https:\/\/sisu.ut.ee\/wp-content\/uploads\/sites\/84\/finnish_rollup_cmyk_800x2000mm.pdf\" target=\"_blank\" rel=\"noopener\"><span style=\"background-color: #ffffff\">Ark of Inquiry roll-up banner in Finnish\u00a0(cmyk_800x2000mm)<\/span><\/a><\/li>\n<li><a href=\"https:\/\/sisu.ut.ee\/wp-content\/uploads\/sites\/84\/french_rollup_cmyk_800x2000mm.pdf\" target=\"_blank\" rel=\"noopener\"><span style=\"background-color: #ffffff\">Ark of Inquiry roll-up banner in French (cmyk_800x2000mm)<\/span><\/a><\/li>\n<li><span style=\"background-color: #ffffff\"><a href=\"https:\/\/sisu.ut.ee\/wp-content\/uploads\/sites\/84\/german_rollup_cmyk_800x2000mm.pdf\" target=\"_blank\" rel=\"noopener\">Ark of Inquiry roll-up banner in German (cmyk_800x2000mm)<\/a><\/span><\/li>\n<li><a href=\"https:\/\/sisu.ut.ee\/wp-content\/uploads\/sites\/84\/greek_rollup_cmyk_800x2000mm.pdf\" target=\"_blank\" rel=\"noopener\"><span style=\"background-color: #ffffff\">Ark of Inquiry roll-up banner in Greek (cmyk_800x2000mm)<\/span><\/a><\/li>\n<li><a href=\"https:\/\/sisu.ut.ee\/wp-content\/uploads\/sites\/84\/hungarian_rollup_cmyk_800x2000mm.pdf\" target=\"_blank\" rel=\"noopener\"><span style=\"background-color: #ffffff\">Ark of Inquiry roll-up banner in Hungarian (cmyk_800x2000mm)<\/span><\/a><\/li>\n<li><a href=\"https:\/\/sisu.ut.ee\/wp-content\/uploads\/sites\/84\/netherlandish_rollup_cmyk_800x2000mm.pdf\" target=\"_blank\" rel=\"noopener\"><span style=\"background-color: #ffffff\">Ark of Inquiry roll-up banner in Netherlandish (cmyk_800x2000mm)<\/span><\/a><\/li>\n<li><a href=\"https:\/\/sisu.ut.ee\/wp-content\/uploads\/sites\/84\/turkish_rollup_cmyk_800x2000mm.pdf\" target=\"_blank\" rel=\"noopener\"><span style=\"background-color: #ffffff\">Ark of Inquiry roll-up banner in Turkish (cmyk_800x2000mm)<\/span><\/a><\/li>\n<\/ul>\n<p><\/p><\/div>\n        <\/div>\n        <\/div>\n    <\/div>\n<p><\/p><div class=\"accordion mb-3\">\n        <div class=\"accordion-item accordion-item--white\">\n        <h2 class=\"accordion-header\" id=\"accordion-69f54e1070c4a-heading\">\n            <button class=\"accordion-button collapsed\" type=\"button\" data-bs-toggle=\"collapse\" data-bs-target=\"#accordion-69f54e1070c4a-collapse\" aria-expanded=\"true\" aria-controls=\"accordion-69f54e1070c4a-collapse\">Flyers<\/button>\n        <\/h2>\n        <div id=\"accordion-69f54e1070c4a-collapse\" class=\"accordion-collapse collapse\" aria-labelledby=\"accordion-69f54e1070c4a-heading\">\n            <div class=\"accordion-body\">\n<ul>\n<li><a href=\"https:\/\/sisu.ut.ee\/wp-content\/uploads\/sites\/84\/flyer_cmyk_297x210mm_double-sided.pdf\" target=\"_blank\" rel=\"noopener\"><span style=\"background-color: #ffffff\">Ark of Inquiry flyer in English (cmyk_297x210mm_double-sided)<\/span><\/a><\/li>\n<li><a href=\"https:\/\/sisu.ut.ee\/wp-content\/uploads\/sites\/84\/estonian_flyer_cmyk_297x210mm_double-sided.pdf\" target=\"_blank\" rel=\"noopener\">Ark of Inquiry flyer in Estonian (cmyk_297x210mm_double-sided)<\/a><\/li>\n<li><a href=\"https:\/\/sisu.ut.ee\/wp-content\/uploads\/sites\/84\/turkish_flyer3_cmyk_297x210mm_double-sided.pdf\" target=\"_blank\" rel=\"noopener\">Ark of Inquiry flyer in Turkish (cmyk_297x210mm_double-sided)<\/a><\/li>\n<\/ul>\n<p><\/p><\/div>\n        <\/div>\n        <\/div>\n    <\/div>\n<p><\/p><div class=\"accordion mb-3\">\n        <div class=\"accordion-item accordion-item--white\">\n        <h2 class=\"accordion-header\" id=\"accordion-69f54e1070c4d-heading\">\n            <button class=\"accordion-button collapsed\" type=\"button\" data-bs-toggle=\"collapse\" data-bs-target=\"#accordion-69f54e1070c4d-collapse\" aria-expanded=\"true\" aria-controls=\"accordion-69f54e1070c4d-collapse\">Ark of Inquiry logo<\/button>\n        <\/h2>\n        <div id=\"accordion-69f54e1070c4d-collapse\" class=\"accordion-collapse collapse\" aria-labelledby=\"accordion-69f54e1070c4d-heading\">\n            <div class=\"accordion-body\">\n<p>Ark of Inquiry logo is available in both full color and in black and white. Click to download all versions of the logo as .zip file. Vector version available on request (contact: mbrikker@ut.ee).<\/p>\n<ul>\n<li><a href=\"https:\/\/sisu.ut.ee\/wp-content\/uploads\/sites\/84\/logoqr_black_and_white-2014-10-24.zip\" target=\"_blank\" rel=\"noopener\"><span style=\"background-color: #ffffff\">Ark of Inquiry logo and a QR code linked to the Ark of Inquiry website (black and white)<\/span><\/a><\/li>\n<li><a href=\"https:\/\/sisu.ut.ee\/wp-content\/uploads\/sites\/84\/logoqr_full_color-2014-10-24.zip\" target=\"_blank\" rel=\"noopener\"><span style=\"background-color: #ffffff\">Ark of Inquiry logo and a QR code linked to the Ark of Inquiry website (full color)<\/span><\/a><\/li>\n<\/ul>\n<p>How to use the Ark of Inquiry logo? Instructions with examples can be found\u00a0<a href=\"https:\/\/sisu.ut.ee\/wp-content\/uploads\/sites\/84\/the_use_of_the_ark_of_inquiry_logo.pdf\" target=\"_blank\" rel=\"noopener\">here<\/a>.<\/p>\n<p><\/p><\/div>\n        <\/div>\n        <\/div>\n    <\/div>\n","protected":false},"excerpt":{"rendered":"<p>Here you can find resources related to the project. These resources include various presentations and dissemination materials used to introduce the Ark of Inquiry project to the public, as well as templates used to create them. Newsletters Newsletter 1\/2015 Presentations &#8230;<\/p>\n","protected":false},"author":30,"featured_media":0,"parent":0,"menu_order":0,"comment_status":"closed","ping_status":"closed","template":"","meta":{"_acf_changed":false,"inline_featured_image":false,"footnotes":""},"class_list":["post-79","page","type-page","status-publish","hentry"],"acf":[],"_links":{"self":[{"href":"https:\/\/sisu.ut.ee\/ark\/wp-json\/wp\/v2\/pages\/79","targetHints":{"allow":["GET"]}}],"collection":[{"href":"https:\/\/sisu.ut.ee\/ark\/wp-json\/wp\/v2\/pages"}],"about":[{"href":"https:\/\/sisu.ut.ee\/ark\/wp-json\/wp\/v2\/types\/page"}],"author":[{"embeddable":true,"href":"https:\/\/sisu.ut.ee\/ark\/wp-json\/wp\/v2\/users\/30"}],"replies":[{"embeddable":true,"href":"https:\/\/sisu.ut.ee\/ark\/wp-json\/wp\/v2\/comments?post=79"}],"version-history":[{"count":1,"href":"https:\/\/sisu.ut.ee\/ark\/wp-json\/wp\/v2\/pages\/79\/revisions"}],"predecessor-version":[{"id":940,"href":"https:\/\/sisu.ut.ee\/ark\/wp-json\/wp\/v2\/pages\/79\/revisions\/940"}],"wp:attachment":[{"href":"https:\/\/sisu.ut.ee\/ark\/wp-json\/wp\/v2\/media?parent=79"}],"curies":[{"name":"wp","href":"https:\/\/api.w.org\/{rel}","templated":true}]}}