{"id":67,"date":"2024-04-03T23:21:11","date_gmt":"2024-04-03T20:21:11","guid":{"rendered":"https:\/\/sisu.ut.ee\/ark\/muuseumid-ja-teaduskeskused\/"},"modified":"2024-04-03T23:25:05","modified_gmt":"2024-04-03T20:25:05","slug":"muuseumid-ja-teaduskeskused","status":"publish","type":"page","link":"https:\/\/sisu.ut.ee\/ark\/muuseumid-ja-teaduskeskused\/","title":{"rendered":"Muuseumid ja teaduskeskused"},"content":{"rendered":"<p style=\"text-align: center\">\u201cTeadlane pole mitte see, kes teab \u00f5igeid vastuseid, vaid see, kes k\u00fcsib \u00f5igeid k\u00fcsimusi.\u201d\u00a0<\/p>\n<p style=\"text-align: center\"><span>(<\/span><span>Claude L\u00e9vi-Strauss)<\/span><\/p>\n<p style=\"text-align: justify\">\n<\/p><p style=\"text-align: justify\">\n<\/p><p style=\"text-align: justify\">Uuringulaeka projekti sihiks on ehitada \u00fcles teadusliku kirjaoskusega ning vastutustundlik \u00fchiskond, rakendades loodusainete \u00f5petamisel uurimuslikku \u00f5pet. Projekti eesm\u00e4rk on t\u00f5sta noorte teadlikkust vastutustundlikust teadusest ja innovatsioonist (rri \u2013 <em>Responsible Research and Innovation<\/em>), pakkudes neile p\u00f5nevaid STEM-valdkonna (STEM \u2013 <em>Science, Technology, Engineering, Mathematics<\/em>) uurimuslikke tegevusi. Projektiga tahetakse anda vastutustundliku teaduse ja innovatsiooni m\u00f5istele p\u00e4riselus reaalne rakendus ning kaasata see formaalse ja mitteformaalse \u00f5ppe keskkondadesse.<img loading=\"lazy\" decoding=\"async\" width=\"2500\" height=\"1755\" class=\"alignnone wp-image-677\" style=\"float: right;margin: 10px\" src=\"https:\/\/sisu.ut.ee\/wp-content\/uploads\/sites\/84\/fototemplate_landscape_copyright.jpg\" title=\"AHHAA Science Centre\" alt=\"AHHAA Science Centre\" srcset=\"https:\/\/sisu.ut.ee\/wp-content\/uploads\/sites\/84\/fototemplate_landscape_copyright.jpg 2500w, https:\/\/sisu.ut.ee\/wp-content\/uploads\/sites\/84\/fototemplate_landscape_copyright-300x211.jpg 300w, https:\/\/sisu.ut.ee\/wp-content\/uploads\/sites\/84\/fototemplate_landscape_copyright-1024x719.jpg 1024w, https:\/\/sisu.ut.ee\/wp-content\/uploads\/sites\/84\/fototemplate_landscape_copyright-768x539.jpg 768w, https:\/\/sisu.ut.ee\/wp-content\/uploads\/sites\/84\/fototemplate_landscape_copyright-1536x1078.jpg 1536w, https:\/\/sisu.ut.ee\/wp-content\/uploads\/sites\/84\/fototemplate_landscape_copyright-2048x1438.jpg 2048w, https:\/\/sisu.ut.ee\/wp-content\/uploads\/sites\/84\/fototemplate_landscape_copyright-1920x1348.jpg 1920w\" sizes=\"auto, (max-width: 2500px) 100vw, 2500px\"><\/p>\n<p style=\"text-align: justify\">Uuringulaeka projektis t\u00f6\u00f6tatakse v\u00e4lja platvorm, mille kaudu tehakse hoolikalt valitud uurimistegevused \u00fcle kogu Euroopa laialdaselt k\u00e4ttesaadavaks. Platvorm toob kokku uurimistegevused, \u00f5ppurid ja nende toetajad (\u00f5petajad, \u00fcli\u00f5pilased, teadlased, muuseumide ja teaduskeskuste t\u00f6\u00f6tajad) ning \u00fchendab formaalse \u00f5ppe keskkonnad ja \u00f5ppekavad mitteformaalsete \u00f5pikeskkondadega, nagu muuseumid ja teaduskeskused, nii et \u00f5pilased saaksid ka v\u00e4ljaspool kooli osaleda p\u00f5nevates uurimistegevustes ning ise kogeda, kuidas tehakse teadust.<\/p>\n<p style=\"text-align: justify\"><strong>Teie muuseumide ja teaduskeskuste t\u00f6\u00f6tajatena<\/strong> olete osa toetavast kogukonnast, kuhu kuuluvad lisaks veel \u00f5petajad, \u00f5petajakoolituse \u00fcli\u00f5pilased ning teadlased, kes k\u00f5ik motiveerivad ja juhendavad \u00f5pilasi nende uurimistegevustes. Uuringulaeka <strong>edukus<\/strong> ja j\u00e4tkusuutlikkus s\u00f5ltub kogukonnast, kes noori nende \u00f5ppimises ja uurimistegevustes toetab.<\/p>\n<p style=\"text-align: justify\">Lisaks \u00f5pilaste ja \u00f5petajate toetamisele tahetakse projektiga <strong>luua tugev STEM-valdkonna asutuste kogukond ja v\u00f5rgustik<\/strong>, mis suudaks pakkuda ja edasi arendada olemasolevat v\u00f5i hiljuti v\u00e4lja t\u00f6\u00f6tatud hariduslikku ainesisu (r\u00f5huga huvitavatel uurimistegevustel ja nende tegevuste hindamise kriteeriumidel). Teadus- ja uurimisasutuste, muuseumide ning teaduskeskuste kogukond hakkab osalema ka \u00f5pilaste autasustamisel k\u00f5rgema taseme \u00fcritustel, nagu n\u00e4iteks teadusmessid, konkursid, \u00f5pilaskonverentsid jne. Loodav kogukond hakkab oma olemasolevate hariduskavade v\u00f5i hiljuti loodud koolitusprogrammide kaudu osalema ka \u00f5petajate koolitamises. \u00a0\u00a0\u00a0\u00a0\u00a0\u00a0\u00a0<\/p>\n<p style=\"text-align: justify\">Teie <strong>p\u00f5hiroll<\/strong> projektis on <strong>1)<\/strong> olemasolevate <strong>uurimistegevuste lisamine<\/strong> Uuringulaeka platvormi ning <strong>2)<\/strong> <strong>\u00f5ppijate toetamine<\/strong> nende uurimistegevustes.<\/p>\n<p style=\"text-align: justify\">Vastutasuks teie panuse eest <strong>pakub projekt teile v\u00f5imaluse:<\/strong><\/p>\n<ul>\n<li>olla osa \u00fcleeuroopalisest teaduskeskuste, muuseumide ja uurimisasutuste v\u00f5rgustikust ning jagada kogemusi teiste sama valdkonna inimestega;<\/li>\n<li>olla kursis vastutustundliku teaduse ja innovatsiooni rolliga formaalses ja mitteformaalses hariduses;<\/li>\n<li>jagada omaenda haridusprogrammide tegevusi v\u00e4ga paljude \u00f5petajate ja \u00f5pilastega \u00fcle kogu Euroopa;<\/li>\n<li>avastada ja rakendada uusi huvitavaid uurimistegevusi, mille on v\u00e4lja t\u00f6\u00f6tanud teised muuseumid ja teaduskeskused;<\/li>\n<li>muuta oma organisatsioon avalikkusele paremini n\u00e4htavaks ning t\u00f5mmata ligi rohkem k\u00fclastajaid;<\/li>\n<li>saada oma olemasolevate haridusprogrammide t\u00f5hususe ja edukuse kohta t\u00f5endusp\u00f5hist hinnangut.<\/li>\n<\/ul>\n<p style=\"text-align: justify\">Meil on hea meel teatada, et teil on n\u00fc\u00fcd v\u00f5imalik liituda Uuringulaeka kogukonnaga! K\u00f5igil huvitatutel palume \u00e4ra t\u00e4ita l\u00fchikese registreerumisankeedi, mille leiate <a href=\"http:\/\/goo.gl\/forms\/z6w5KS8Mzn\" target=\"_blank\" rel=\"noopener\">siit<\/a>.<\/p>\n<p style=\"text-align: justify\">Hoidke end meie projekti arenguga kursis ning kontrollige regulaarselt meie kodulehte, et lugeda v\u00e4rskeimaid uudiseid! Saate meid j\u00e4lgida ka <a href=\"http:\/\/www.facebook.com\/ArkofInquiry\" target=\"_blank\" rel=\"noopener\">Facebook<\/a>is. \u00a0\u00a0<\/p>\n<p style=\"text-align: justify\">\u00a0<\/p>\n<p style=\"text-align: justify\">\u00a0<\/p>\n<p style=\"text-align: justify\">\u00a0<\/p>\n<p style=\"text-align: justify\">\u00a0<\/p>\n<p style=\"text-align: justify\">\u00a0\u00a0\u00a0\u00a0\u00a0 \u00a0\u00a0<\/p>\n","protected":false},"excerpt":{"rendered":"<p>\u201cTeadlane pole mitte see, kes teab \u00f5igeid vastuseid, vaid see, kes k\u00fcsib \u00f5igeid k\u00fcsimusi.\u201d\u00a0 (Claude L\u00e9vi-Strauss) Uuringulaeka projekti sihiks on ehitada \u00fcles teadusliku kirjaoskusega ning vastutustundlik \u00fchiskond, rakendades loodusainete \u00f5petamisel uurimuslikku \u00f5pet. Projekti eesm\u00e4rk on t\u00f5sta noorte teadlikkust vastutustundlikust teadusest &#8230;<\/p>\n","protected":false},"author":30,"featured_media":0,"parent":0,"menu_order":0,"comment_status":"closed","ping_status":"closed","template":"","meta":{"_acf_changed":false,"inline_featured_image":false,"footnotes":""},"class_list":["post-67","page","type-page","status-publish","hentry"],"acf":[],"_links":{"self":[{"href":"https:\/\/sisu.ut.ee\/ark\/wp-json\/wp\/v2\/pages\/67","targetHints":{"allow":["GET"]}}],"collection":[{"href":"https:\/\/sisu.ut.ee\/ark\/wp-json\/wp\/v2\/pages"}],"about":[{"href":"https:\/\/sisu.ut.ee\/ark\/wp-json\/wp\/v2\/types\/page"}],"author":[{"embeddable":true,"href":"https:\/\/sisu.ut.ee\/ark\/wp-json\/wp\/v2\/users\/30"}],"replies":[{"embeddable":true,"href":"https:\/\/sisu.ut.ee\/ark\/wp-json\/wp\/v2\/comments?post=67"}],"version-history":[{"count":1,"href":"https:\/\/sisu.ut.ee\/ark\/wp-json\/wp\/v2\/pages\/67\/revisions"}],"predecessor-version":[{"id":952,"href":"https:\/\/sisu.ut.ee\/ark\/wp-json\/wp\/v2\/pages\/67\/revisions\/952"}],"wp:attachment":[{"href":"https:\/\/sisu.ut.ee\/ark\/wp-json\/wp\/v2\/media?parent=67"}],"curies":[{"name":"wp","href":"https:\/\/api.w.org\/{rel}","templated":true}]}}