{"id":66,"date":"2024-04-03T23:21:11","date_gmt":"2024-04-03T20:21:11","guid":{"rendered":"https:\/\/sisu.ut.ee\/ark\/publikatsioonid\/"},"modified":"2024-04-03T23:25:05","modified_gmt":"2024-04-03T20:25:05","slug":"publikatsioonid","status":"publish","type":"page","link":"https:\/\/sisu.ut.ee\/ark\/publikatsioonid\/","title":{"rendered":"Publikatsioonid ja meedia"},"content":{"rendered":"<p style=\"text-align: justify\"><span style=\"line-height: 1.6em\"><div class=\"accordion mb-3\">\n        <div class=\"accordion-item accordion-item--white\">\n        <h2 class=\"accordion-header\" id=\"accordion-69e2bc66a3a00-heading\">\n            <button class=\"accordion-button collapsed\" type=\"button\" data-bs-toggle=\"collapse\" data-bs-target=\"#accordion-69e2bc66a3a00-collapse\" aria-expanded=\"true\" aria-controls=\"accordion-69e2bc66a3a00-collapse\"><span style=\"text-decoration: underline\">Publikatsioonid<\/span><\/button>\n        <\/h2>\n        <div id=\"accordion-69e2bc66a3a00-collapse\" class=\"accordion-collapse collapse\" aria-labelledby=\"accordion-69e2bc66a3a00-heading\">\n            <div class=\"accordion-body\"><strong>Pedaste, M.; de Vries, B.; Zacharia, Z. C.; Jaakkola, T.; Sotiriou, S.; Siiman, L.; M\u00e4eots, M.; Papaevripidou, M.; Mavromanolakis, G<\/strong>. (2014). Ark of Inquiry: A European Project for the Widespread Dissemination of Inquiry Activities through a Network of Universities, Schools, Science Centres and Museums. Bolte, C.; Rauch, F. (Toim.). \u2013 Enhancing Inquiry-based Science Education and Teachers\u2019 Continuous Professional Development in Europe: Insights and Reflections on the PROFILES Project and other Projects funded by the European Commission (291 \u2013 296). Berlin\/Klagenfurt: Freie Universit\u00e4t Berlin\/Alpen-Adria-Universit\u00e4t [\u00a0<a href=\"http:\/\/ius.aau.at\/misc\/profiles\/files\/PROFILES_book3.pdf\" target=\"_blank\" rel=\"noopener\">ava<\/a>\u00a0uuel lehel ]<\/div>\n        <\/div>\n        <\/div>\n    <\/div><\/span><\/p>\n<p style=\"text-align: justify\"><span style=\"line-height: 1.6em\"><div class=\"accordion mb-3\">\n        <div class=\"accordion-item accordion-item--white\">\n        <h2 class=\"accordion-header\" id=\"accordion-69e2bc66a3a1c-heading\">\n            <button class=\"accordion-button collapsed\" type=\"button\" data-bs-toggle=\"collapse\" data-bs-target=\"#accordion-69e2bc66a3a1c-collapse\" aria-expanded=\"true\" aria-controls=\"accordion-69e2bc66a3a1c-collapse\"><span style=\"text-decoration: underline\">Meediakajastused<\/span><\/button>\n        <\/h2>\n        <div id=\"accordion-69e2bc66a3a1c-collapse\" class=\"accordion-collapse collapse\" aria-labelledby=\"accordion-69e2bc66a3a1c-heading\">\n            <div class=\"accordion-body\">Ark of Inquiry: Inquiry Awards for Youth over Europe.- UNESCO Venice Office,18.03.2014 [http:\/\/www.unesco.org\/new\/en\/venice\/about-this-office\/single-view\/news\/a\u2026 14.08.2014 Himma, M. Eesti haridusteadlased koolitavad tuhandeid \u00f5petajaid \u00fcle Euroopa.- ERR, 3.03.2014 [http:\/\/uudised.err.ee\/v\/eesti\/2db6945b-a923-4a14-9fb7-7374a0965f4f ] 11.08.2014 Ivask, S. Haridusteadlased juhivad suurprojekti. \u2013 Universitas Tartuensis, veebruar 2014 nr 2 (2424) lk 16-17 [http:\/\/www.ajakiri.ut.ee\/artikkel\/368] 11.08.2014 Kirm, M. Tartu \u00dclikooli haridusteadlased on kahteteist euroriiki haarava nelja-aastase projekti Uuringulaegas eestvedajad.- Luubi all, Kuku Raadio intervjuu 08.01.2014 [http:\/\/kuku.ee\/index.php?pid=24&amp;nid=10534&amp;lang=1] 11.08.2014 Merbach, E. T\u00dc haridusteadlased asuvad koolitama tuhandeid \u00f5pilasi ja \u00f5petajaid \u00fcle Euroopa. \u2013 Tartu \u00dclikool, 07.01.2014 [http:\/\/www.ut.ee\/et\/uudised\/tu-haridusteadlased-asuvad-koolitama-tuhandeid-opilasi-opetajaid-ule-euroopa] 11.08.2014 Pedaste, M. Uurimis\u00f5pe arendab probleemide lahendamist ja loob innovatsiooni. \u2013 \u00d5petajate Leht, 21.03.014 [http:\/\/opleht.ee\/14353-uurimisope-arendab-probleemide-lahendamist-ja-loo\u2026 11.08.2014 Pors, M. T\u00dc teadlased asuvad koolitama tuhandeid Euroopa \u00f5pilasi ja \u00f5petajaid. \u2013 Haridusportaal Koolielu, 07.01.2014 [http:\/\/koolielu.ee\/info\/readnews\/347898\/tu-teadlased-asuvad-koolitama-tuhandeid-euroopa-opilasi-ja-opetajaid] 11.08.2014 Tamme, V. Teadlased \u00fcle Euroopa avavad uurimuslikku \u00f5pet edendava \u201eUuringulaeka\u201c. \u2013 Postimees, 3.03.2014 [http:\/\/uudisvoog.postimees.ee\/?DATE=20140303&amp;ID=333410] 11.08.2014 Tatrik, K. \u00dclikool juhib suurt teadus\u00f5ppeprojekti. \u2013 Postimees, 10.01.2014 [http:\/\/pluss.postimees.ee\/2656346\/ulikool-juhib-suurt-teadusoppeprojekti] 11.08.2014<\/div>\n        <\/div>\n        <\/div>\n    <\/div><\/span><strong><span style=\"line-height: 1.6em\"><br><\/span><\/strong><\/p>\n<p style=\"text-align: justify\">\n<\/p><p style=\"text-align: justify\"><strong>\u00a0<\/strong><\/p>\n","protected":false},"excerpt":{"rendered":"<p>Publikatsioonid Pedaste, M.; de Vries, B.; Zacharia, Z. C.; Jaakkola, T.; Sotiriou, S.; Siiman, L.; M\u00e4eots, M.; Papaevripidou, M.; Mavromanolakis, G. (2014). Ark of Inquiry: A European Project for the Widespread Dissemination of Inquiry Activities through a Network of Universities, &#8230;<\/p>\n","protected":false},"author":30,"featured_media":0,"parent":0,"menu_order":0,"comment_status":"closed","ping_status":"closed","template":"","meta":{"_acf_changed":false,"inline_featured_image":false,"footnotes":""},"class_list":["post-66","page","type-page","status-publish","hentry"],"acf":[],"_links":{"self":[{"href":"https:\/\/sisu.ut.ee\/ark\/wp-json\/wp\/v2\/pages\/66","targetHints":{"allow":["GET"]}}],"collection":[{"href":"https:\/\/sisu.ut.ee\/ark\/wp-json\/wp\/v2\/pages"}],"about":[{"href":"https:\/\/sisu.ut.ee\/ark\/wp-json\/wp\/v2\/types\/page"}],"author":[{"embeddable":true,"href":"https:\/\/sisu.ut.ee\/ark\/wp-json\/wp\/v2\/users\/30"}],"replies":[{"embeddable":true,"href":"https:\/\/sisu.ut.ee\/ark\/wp-json\/wp\/v2\/comments?post=66"}],"version-history":[{"count":1,"href":"https:\/\/sisu.ut.ee\/ark\/wp-json\/wp\/v2\/pages\/66\/revisions"}],"predecessor-version":[{"id":953,"href":"https:\/\/sisu.ut.ee\/ark\/wp-json\/wp\/v2\/pages\/66\/revisions\/953"}],"wp:attachment":[{"href":"https:\/\/sisu.ut.ee\/ark\/wp-json\/wp\/v2\/media?parent=66"}],"curies":[{"name":"wp","href":"https:\/\/api.w.org\/{rel}","templated":true}]}}