{"id":56,"date":"2024-04-03T23:21:11","date_gmt":"2024-04-03T20:21:11","guid":{"rendered":"https:\/\/sisu.ut.ee\/ark\/projekti-tooprogramm\/"},"modified":"2024-04-03T23:25:05","modified_gmt":"2024-04-03T20:25:05","slug":"projekti-tooprogramm","status":"publish","type":"page","link":"https:\/\/sisu.ut.ee\/ark\/projekti-tooprogramm\/","title":{"rendered":"Projekti t\u00f6\u00f6programm"},"content":{"rendered":"<p>Oma eesm\u00e4rkide saavutamiseks on Uuringulaeka konsortsium v\u00e4lja t\u00f6\u00f6tanud t\u00f6\u00f6programmi, mis viiakse ellu 48 kuu jooksul.<\/p>\n<p>T\u00f6\u00f6 on jaotatud 8 t\u00f6\u00f6paketti (WP), milles on kaks peamist tegevusliini: pedagoogiline l\u00e4henemine ja rakendamine.<\/p>\n<p><\/p><div class=\"accordion mb-3\">\n        <div class=\"accordion-item accordion-item--white\">\n        <h2 class=\"accordion-header\" id=\"accordion-69e2bc8846c2d-heading\">\n            <button class=\"accordion-button collapsed\" type=\"button\" data-bs-toggle=\"collapse\" data-bs-target=\"#accordion-69e2bc8846c2d-collapse\" aria-expanded=\"true\" aria-controls=\"accordion-69e2bc8846c2d-collapse\">WP1: Pedagoogiline raamistik<\/button>\n        <\/h2>\n        <div id=\"accordion-69e2bc8846c2d-collapse\" class=\"accordion-collapse collapse\" aria-labelledby=\"accordion-69e2bc8846c2d-heading\">\n            <div class=\"accordion-body\">Selles t\u00f6\u00f6paketis koostame pedagoogilise raamistiku, mis on \u00f5ppuritele piisavalt v\u00e4ljakutseid pakkuv ja mille rakendamisel pakuvad tuge \u00f5petajad ja \u00f5petajakoolitajad, loodusteaduste ning \u00f5petajahariduse \u00fcli\u00f5pilased, teadlased ja teaduskeskused. Lisaks leiame, et progressi tagamiseks tuleks \u00f5pilaste edasij\u00f5udmist vastutustundliku teaduse ja innovatsiooni vallas ka hinnata. Seep\u00e4rast t\u00f6\u00f6tame v\u00e4lja ka instrumendid uurimuslike oskuste ja kogemuste hindamiseks kultuurilistest v\u00f5i rahvuslikest omadustest s\u00f5ltumatult. T\u00f6\u00f6paketti WP1 koordineerib Rakendusteaduste \u00dclikool (HAN, Holland). <\/div>\n        <\/div>\n        <\/div>\n    <\/div>\n<p><\/p><div class=\"accordion mb-3\">\n        <div class=\"accordion-item accordion-item--white\">\n        <h2 class=\"accordion-header\" id=\"accordion-69e2bc8846c42-heading\">\n            <button class=\"accordion-button collapsed\" type=\"button\" data-bs-toggle=\"collapse\" data-bs-target=\"#accordion-69e2bc8846c42-collapse\" aria-expanded=\"true\" aria-controls=\"accordion-69e2bc8846c42-collapse\">WP2: Uurimuslike tegevuste ja keskkondade kogumine<\/button>\n        <\/h2>\n        <div id=\"accordion-69e2bc8846c42-collapse\" class=\"accordion-collapse collapse\" aria-labelledby=\"accordion-69e2bc8846c42-heading\">\n            <div class=\"accordion-body\">Selles t\u00f6\u00f6paketis kogume olemasolevaid, erinevates riiklikes ja rahvusvahelistes projektides edukalt rakendatud uurimuslikke tegevusi ja keskkondi. T\u00f6\u00f6tame v\u00e4lja pedagoogilised uurimuslikud stsenaariumid, mis aitaksid \u00f5petajatel uurimistegevusi rakendada ja neid uutes kontekstides taaskasutada (n\u00e4iteks erinevad vanuse- ja oskustasemed). Samuti t\u00f5lgime uurimuslikud tegevused ja pedagoogilised uurimuslikud stsenaariumid paljudesse Euroopa keeltesse ning teeme uurimuslikud tegevused, keskkonnad ja stsenaariumid Uuringulaeka platvormi kaudu k\u00f5igile Euroopa koolidele k\u00e4ttesaadavaks. T\u00f6\u00f6paketti WP2 koordineerib Turu \u00dclikool (UTU, Soome). <\/div>\n        <\/div>\n        <\/div>\n    <\/div>\n<p><\/p><div class=\"accordion mb-3\">\n        <div class=\"accordion-item accordion-item--white\">\n        <h2 class=\"accordion-header\" id=\"accordion-69e2bc8846c45-heading\">\n            <button class=\"accordion-button collapsed\" type=\"button\" data-bs-toggle=\"collapse\" data-bs-target=\"#accordion-69e2bc8846c45-collapse\" aria-expanded=\"true\" aria-controls=\"accordion-69e2bc8846c45-collapse\">WP3: Toetav kogukond<\/button>\n        <\/h2>\n        <div id=\"accordion-69e2bc8846c45-collapse\" class=\"accordion-collapse collapse\" aria-labelledby=\"accordion-69e2bc8846c45-heading\">\n            <div class=\"accordion-body\">Selles t\u00f6\u00f6paketis ehitame \u00fcles kogukonna, kuhu kuuluvad teadusasutused, teaduskeskused ja muuseumid, kes tegelevad Uuringulaeka uurimistegevuste arendamise ja toetamisega. Samuti loome kogukonna, mis \u00fchendab \u00f5petajaid, kes \u00f5ppureid nende uurimistegevustes motiveerivad ja toetavad. T\u00f6\u00f6paketti WP3 koordineerib Ellinogermaniki Agogi erakool (EA, Kreeka). <\/div>\n        <\/div>\n        <\/div>\n    <\/div>\n<p><\/p><div class=\"accordion mb-3\">\n        <div class=\"accordion-item accordion-item--white\">\n        <h2 class=\"accordion-header\" id=\"accordion-69e2bc8846c48-heading\">\n            <button class=\"accordion-button collapsed\" type=\"button\" data-bs-toggle=\"collapse\" data-bs-target=\"#accordion-69e2bc8846c48-collapse\" aria-expanded=\"true\" aria-controls=\"accordion-69e2bc8846c48-collapse\">WP4: Koolitamine<\/button>\n        <\/h2>\n        <div id=\"accordion-69e2bc8846c48-collapse\" class=\"accordion-collapse collapse\" aria-labelledby=\"accordion-69e2bc8846c48-heading\">\n            <div class=\"accordion-body\">Selles t\u00f6\u00f6paketis pakutakse \u00f5petajakoolitajatele\/haridusteadlastele, \u00f5petajatele, \u00fcliopilastele ja lastevanematele juhiseid ja abi selles, kuidas toetada \u00f5pilaste kaasamist uurimistegevustesse. Selleks t\u00f6\u00f6tame k\u00f5igi Uuringulaeka tegevustega t\u00f6\u00f6tavate kogukonna liikmete jaoks v\u00e4lja veebip\u00f5hised toetusmaterjalid ja pakume \u00f5petajatele n\u00e4ost-n\u00e4kku koolitust. T\u00f6\u00f6paketti WP4 koordineerib K\u00fcprose \u00dclikool (UCY, K\u00fcpros). <\/div>\n        <\/div>\n        <\/div>\n    <\/div>\n<p><\/p><div class=\"accordion mb-3\">\n        <div class=\"accordion-item accordion-item--white\">\n        <h2 class=\"accordion-header\" id=\"accordion-69e2bc8846c4b-heading\">\n            <button class=\"accordion-button collapsed\" type=\"button\" data-bs-toggle=\"collapse\" data-bs-target=\"#accordion-69e2bc8846c4b-collapse\" aria-expanded=\"true\" aria-controls=\"accordion-69e2bc8846c4b-collapse\">WP5: Hindamine<\/button>\n        <\/h2>\n        <div id=\"accordion-69e2bc8846c4b-collapse\" class=\"accordion-collapse collapse\" aria-labelledby=\"accordion-69e2bc8846c4b-heading\">\n            <div class=\"accordion-body\">Selles t\u00f6\u00f6paketis tagame, et t\u00f6\u00f6paketis WP1 v\u00e4ljat\u00f6\u00f6tatud pedagoogiline raamistik, t\u00f6\u00f6paketis WP2 kogutud ja arendatud uurimuslikud tegevused ning keskkonnad ja \u00f5petajate, teadlaste ning teaduskeskuste kogukondade pakutav tugi t\u00f6\u00f6tavad koos selle heaks, et arendada noorte teadlikkust vastutustundlikust teadusest ja innovatsioonist. Selle eesm\u00e4rgi saavutamiseks t\u00f6\u00f6tame v\u00e4lja instrumendid ja kogume andmeid projekti edukuse ja t\u00f5hususe hindamiseks. T\u00f6\u00f6paketti WP5 koordineerib Tartu \u00dclikool (UT, Eesti). <\/div>\n        <\/div>\n        <\/div>\n    <\/div>\n<p><\/p><div class=\"accordion mb-3\">\n        <div class=\"accordion-item accordion-item--white\">\n        <h2 class=\"accordion-header\" id=\"accordion-69e2bc8846c4d-heading\">\n            <button class=\"accordion-button collapsed\" type=\"button\" data-bs-toggle=\"collapse\" data-bs-target=\"#accordion-69e2bc8846c4d-collapse\" aria-expanded=\"true\" aria-controls=\"accordion-69e2bc8846c4d-collapse\">WP6: Rakendamine<\/button>\n        <\/h2>\n        <div id=\"accordion-69e2bc8846c4d-collapse\" class=\"accordion-collapse collapse\" aria-labelledby=\"accordion-69e2bc8846c4d-heading\">\n            <div class=\"accordion-body\">Selles t\u00f6\u00f6paketis tegeletakse Uuringulaeka rakendamisega. Rakendamine toimub kahes faasis: pilootfaasis ja laiaulatusliku rakendamise faasis. T\u00f6\u00f6paketti WP6 koordineerib Ellinogermaniki Agogi erakool (EA, Kreeka). <\/div>\n        <\/div>\n        <\/div>\n    <\/div>\n<p><\/p><div class=\"accordion mb-3\">\n        <div class=\"accordion-item accordion-item--white\">\n        <h2 class=\"accordion-header\" id=\"accordion-69e2bc8846c4f-heading\">\n            <button class=\"accordion-button collapsed\" type=\"button\" data-bs-toggle=\"collapse\" data-bs-target=\"#accordion-69e2bc8846c4f-collapse\" aria-expanded=\"true\" aria-controls=\"accordion-69e2bc8846c4f-collapse\">WP7: Levitamine<\/button>\n        <\/h2>\n        <div id=\"accordion-69e2bc8846c4f-collapse\" class=\"accordion-collapse collapse\" aria-labelledby=\"accordion-69e2bc8846c4f-heading\">\n            <div class=\"accordion-body\">Selles t\u00f6\u00f6paketis tegeletakse Uuringulaeka tulemuste levitamisega koolides, \u00fclikoolides, teaduskeskustes ja \u00f5ppekavade arendajate seas. Samuti t\u00f6\u00f6tame v\u00e4lja tegevused, mis aitavad tagada Uuringulaeka j\u00e4tkusuutliku rakendamise ka p\u00e4rast projekti l\u00f5ppu ning projekti partnerriikides. T\u00f6\u00f6paketti WP7 koordineerib UNESCO Veneetsia regionaalb\u00fcroo (Itaalia). <\/div>\n        <\/div>\n        <\/div>\n    <\/div>\n<p><\/p><div class=\"accordion mb-3\">\n        <div class=\"accordion-item accordion-item--white\">\n        <h2 class=\"accordion-header\" id=\"accordion-69e2bc8846c51-heading\">\n            <button class=\"accordion-button collapsed\" type=\"button\" data-bs-toggle=\"collapse\" data-bs-target=\"#accordion-69e2bc8846c51-collapse\" aria-expanded=\"true\" aria-controls=\"accordion-69e2bc8846c51-collapse\">WP8: Projektijuhtimine<\/button>\n        <\/h2>\n        <div id=\"accordion-69e2bc8846c51-collapse\" class=\"accordion-collapse collapse\" aria-labelledby=\"accordion-69e2bc8846c51-heading\">\n            <div class=\"accordion-body\">Selles t\u00f6\u00f6paketis tegeletakse Uuringulaeka projekti \u00fcldise juhtimise ja koordineerimisega. T\u00f6\u00f6paketti WP8 koordineerib Tartu \u00dclikool (UT, Eesti). <\/div>\n        <\/div>\n        <\/div>\n    <\/div>\n","protected":false},"excerpt":{"rendered":"<p>Oma eesm\u00e4rkide saavutamiseks on Uuringulaeka konsortsium v\u00e4lja t\u00f6\u00f6tanud t\u00f6\u00f6programmi, mis viiakse ellu 48 kuu jooksul. T\u00f6\u00f6 on jaotatud 8 t\u00f6\u00f6paketti (WP), milles on kaks peamist tegevusliini: pedagoogiline l\u00e4henemine ja rakendamine. WP1: Pedagoogiline raamistik Selles t\u00f6\u00f6paketis koostame pedagoogilise raamistiku, mis on &#8230;<\/p>\n","protected":false},"author":30,"featured_media":0,"parent":0,"menu_order":0,"comment_status":"closed","ping_status":"closed","template":"","meta":{"_acf_changed":false,"inline_featured_image":false,"footnotes":""},"class_list":["post-56","page","type-page","status-publish","hentry"],"acf":[],"_links":{"self":[{"href":"https:\/\/sisu.ut.ee\/ark\/wp-json\/wp\/v2\/pages\/56","targetHints":{"allow":["GET"]}}],"collection":[{"href":"https:\/\/sisu.ut.ee\/ark\/wp-json\/wp\/v2\/pages"}],"about":[{"href":"https:\/\/sisu.ut.ee\/ark\/wp-json\/wp\/v2\/types\/page"}],"author":[{"embeddable":true,"href":"https:\/\/sisu.ut.ee\/ark\/wp-json\/wp\/v2\/users\/30"}],"replies":[{"embeddable":true,"href":"https:\/\/sisu.ut.ee\/ark\/wp-json\/wp\/v2\/comments?post=56"}],"version-history":[{"count":1,"href":"https:\/\/sisu.ut.ee\/ark\/wp-json\/wp\/v2\/pages\/56\/revisions"}],"predecessor-version":[{"id":963,"href":"https:\/\/sisu.ut.ee\/ark\/wp-json\/wp\/v2\/pages\/56\/revisions\/963"}],"wp:attachment":[{"href":"https:\/\/sisu.ut.ee\/ark\/wp-json\/wp\/v2\/media?parent=56"}],"curies":[{"name":"wp","href":"https:\/\/api.w.org\/{rel}","templated":true}]}}