{"id":15,"date":"2024-04-03T23:21:09","date_gmt":"2024-04-03T20:21:09","guid":{"rendered":"https:\/\/sisu.ut.ee\/ark\/finnish-evaluation-instruments\/"},"modified":"2024-04-03T23:25:06","modified_gmt":"2024-04-03T20:25:06","slug":"finnish-evaluation-instruments","status":"publish","type":"page","link":"https:\/\/sisu.ut.ee\/ark\/finnish-evaluation-instruments\/","title":{"rendered":"V\u00e4lineit\u00e4 tutkivan oppimisen toteutuksen tueksi"},"content":{"rendered":"<p style=\"text-align: justify\">T\u00e4ll\u00e4 sivulla on dokumentteja, jotka auttavat tutkivan oppimisen toteuttamisessa.<\/p><p style=\"text-align: justify\">Dokumentti \u2018Ark_tutkivan_oppimisen_valineet\u2019 selitt\u00e4\u00e4 Arkin n\u00e4k\u00f6kulman arvioinnin perusteisiin sek\u00e4 tarjoaa valmiita arviointipohjia. V\u00e4lineet auttavat toteuttamaan arviointia tutkivan oppimisen prosessin tukena sek\u00e4 oppilaiden tutkivan oppimisen osaamistasojen (noviisi-, perus- ja edistynyt taso) mukaisesti.<\/p><p style=\"text-align: justify\">Dokumentti \u2018Ark_tutkivan_oppimisen_pedagogiset_skenaariot\u2019 auttaa opettajaa suunnittelemaan ja toteuttamaan tutkivan oppimisen eri vaiheita ja prosessia. Dokumentti tarjoaa my\u00f6s n\u00e4k\u00f6kulmia vastuullisesta tiede- ja inovaatiotoiminnasta, tytt\u00f6jen ja poikien tasapuolisen tiedetoiminnan tukemisesta, oppilaiden eri taitotasojen tunnistamisesta sek\u00e4 kuinka opetusmateriaaleja muokataan oppilaille paremmin ymm\u00e4rrett\u00e4v\u00e4\u00e4n muotoon.<\/p><br><div class=\"wp-block-group attached-files-group is-layout-constrained wp-block-group-is-layout-constrained\"><div class=\"wp-block-file\"><a href=\"https:\/\/sisu.ut.ee\/wp-content\/uploads\/sites\/84\/ark_tutkivan_oppimisen_arviointivalineet.pdf\" target=\"_blank\" rel=\"noreferrer noopener\">ark_tutkivan_oppimisen_arviointivalineet.pdf<\/a><\/div><div class=\"wp-block-file\"><a href=\"https:\/\/sisu.ut.ee\/wp-content\/uploads\/sites\/84\/ark_tutkivan_oppimisen_pedagogiset_skenaariot.pdf\" target=\"_blank\" rel=\"noreferrer noopener\">ark_tutkivan_oppimisen_pedagogiset_skenaariot.pdf<\/a><\/div><div class=\"wp-block-file\"><a href=\"https:\/\/sisu.ut.ee\/wp-content\/uploads\/sites\/84\/infographic_empowering_girls_finnish.pdf\" target=\"_blank\" rel=\"noreferrer noopener\">infographic_empowering_girls_finnish.pdf<\/a><\/div><\/div>","protected":false},"excerpt":{"rendered":"<p>T\u00e4ll\u00e4 sivulla on dokumentteja, jotka auttavat tutkivan oppimisen toteuttamisessa. Dokumentti \u2018Ark_tutkivan_oppimisen_valineet\u2019 selitt\u00e4\u00e4 Arkin n\u00e4k\u00f6kulman arvioinnin perusteisiin sek\u00e4 tarjoaa valmiita arviointipohjia. V\u00e4lineet auttavat toteuttamaan arviointia tutkivan oppimisen prosessin tukena sek\u00e4 oppilaiden tutkivan oppimisen osaamistasojen (noviisi-, perus- ja edistynyt taso) mukaisesti. Dokumentti &#8230;<\/p>\n","protected":false},"author":30,"featured_media":0,"parent":0,"menu_order":0,"comment_status":"closed","ping_status":"closed","template":"","meta":{"_acf_changed":false,"inline_featured_image":false,"footnotes":""},"class_list":["post-15","page","type-page","status-publish","hentry"],"acf":[],"_links":{"self":[{"href":"https:\/\/sisu.ut.ee\/ark\/wp-json\/wp\/v2\/pages\/15","targetHints":{"allow":["GET"]}}],"collection":[{"href":"https:\/\/sisu.ut.ee\/ark\/wp-json\/wp\/v2\/pages"}],"about":[{"href":"https:\/\/sisu.ut.ee\/ark\/wp-json\/wp\/v2\/types\/page"}],"author":[{"embeddable":true,"href":"https:\/\/sisu.ut.ee\/ark\/wp-json\/wp\/v2\/users\/30"}],"replies":[{"embeddable":true,"href":"https:\/\/sisu.ut.ee\/ark\/wp-json\/wp\/v2\/comments?post=15"}],"version-history":[{"count":2,"href":"https:\/\/sisu.ut.ee\/ark\/wp-json\/wp\/v2\/pages\/15\/revisions"}],"predecessor-version":[{"id":1036,"href":"https:\/\/sisu.ut.ee\/ark\/wp-json\/wp\/v2\/pages\/15\/revisions\/1036"}],"wp:attachment":[{"href":"https:\/\/sisu.ut.ee\/ark\/wp-json\/wp\/v2\/media?parent=15"}],"curies":[{"name":"wp","href":"https:\/\/api.w.org\/{rel}","templated":true}]}}