{"id":12,"date":"2024-04-03T23:21:13","date_gmt":"2024-04-03T20:21:13","guid":{"rendered":"https:\/\/sisu.ut.ee\/ark\/meie-visioon\/"},"modified":"2024-04-26T08:56:07","modified_gmt":"2024-04-26T05:56:07","slug":"meie-visioon","status":"publish","type":"page","link":"https:\/\/sisu.ut.ee\/ark\/meie-visioon\/","title":{"rendered":"Meie visioon"},"content":{"rendered":"<p>Euroopa seisab silmitsi murettekitava olukorraga \u2013 noored on kaotanud huvi loodusainete vastu ning \u00fcha v\u00e4hem \u00f5pilasi soovib oma tulevast karj\u00e4\u00e4ri selle valdkonnaga siduda. Kui olukord ei parane, v\u00f5ib see asetada ohtu Euroopa v\u00f5imekuse luua innovatsiooni ning teha k\u00f5rgtasemel teadust.<\/p>\n<p>Mitmetes raportites ja uurimustes on j\u00f5utud j\u00e4reldusele, et loodusainete \u00f5petamine koolides peaks \u00f5pilasi senisest enam aktiivselt kaasama, h\u00f5lmama uurimuslikke ja probleemide lahendamist \u00f5petavaid meetodeid ning rohkem arvestama noorte huvidega. Uurimuslik \u00f5pe on meetod, mis v\u00f5imaldab omandada erinevaid aineteadmisi l\u00e4bi uurimiskogemuse.<\/p>\n<p>On leitud, et uurimuslik \u00f5pe loodusainete tundides (<em>inquiry-based science education<\/em> ehk IBSE) v\u00f5ib suurendada \u00f5pilaste huvi loodusainete vastu ning ka \u00f5petajate motivatsiooni. \u00d5pilased \u00fctlevad uurimusliku \u00f5ppe kohta, et see on \u201e\u00fcks tore viis \u00f5ppida p\u00f5nevaid asju nii, et ise arugi ei saa\u201c. On olemas arvukalt kasulikke uurimusliku \u00f5ppe meetodeid, kuid paraku ei leia need laialdast rakendamist.\u00a0 \u00a0\u00a0\u00a0\u00a0\u00a0<\/p>\n<p>Euroopa vajab uuendusi loovaid vastutustundlikke teadlasi.\u00a0Selle tagamiseks tuleb juba koolieas suunata \u00f5pilasi senisest enam uurimiskogemusi omandama. Uuringulaeka projekti sihtr\u00fchmaks on \u00f5pilased vanuses 7\u201318 eluaastat. L\u00e4bi praktilise uurimistegevuse, p\u00f5neva teaduse kohta lugemise ning aktiivse suhtlemise teadusteemadel tekib noortel valmisolek teha teadlik valik teaduskarj\u00e4\u00e4ri kasuks\u00a0\u2013 alguses edasi\u00f5ppimiseks ning hiljem t\u00f6\u00f6ks.<\/p>\n<p>Projekti raames on kavas uurimistegevuste laiaulatuslik edendamine ja levitamine, et muuta need loodusainete \u00f5petamises \u00fcle kogu Euroopa lihtsamalt ja laialdasemalt rakendatavaks.\u00a0 \u00a0\u00a0\u00a0<\/p>\n<p>Uuringulaeka projekti sihiks on kaasata noori loodusteaduste ja vastutustundliku teaduse teemadesse ja lasta neil omandada uurimuslikke oskusi ning vahetult kogeda teaduse tegemise protsessi erinevate tegevuste kaudu: \u00a0\u00a0<\/p>\n<ul>\n<li>teaduspublikatsioonide lugemine,<\/li>\n<li>probleemide, uurimisk\u00fcsimuste v\u00f5i h\u00fcpoteeside s\u00f5nastamine,<\/li>\n<li>vaatluste v\u00f5i eksperimentide planeerimine v\u00f5i l\u00e4biviimine,<\/li>\n<li>kogutud andmete anal\u00fc\u00fcsimine ja<\/li>\n<li>j\u00e4relduste v\u00f5i \u00fcldistuste tegemine.\u00a0<\/li>\n<\/ul>\n","protected":false},"excerpt":{"rendered":"<p>Euroopa seisab silmitsi murettekitava olukorraga \u2013 noored on kaotanud huvi loodusainete vastu ning \u00fcha v\u00e4hem \u00f5pilasi soovib oma tulevast karj\u00e4\u00e4ri selle valdkonnaga siduda. Kui olukord ei parane, v\u00f5ib see asetada ohtu Euroopa v\u00f5imekuse luua innovatsiooni ning teha k\u00f5rgtasemel teadust. Mitmetes &#8230;<\/p>\n","protected":false},"author":30,"featured_media":0,"parent":0,"menu_order":0,"comment_status":"closed","ping_status":"closed","template":"","meta":{"_acf_changed":false,"inline_featured_image":false,"footnotes":""},"class_list":["post-12","page","type-page","status-publish","hentry"],"acf":[],"_links":{"self":[{"href":"https:\/\/sisu.ut.ee\/ark\/wp-json\/wp\/v2\/pages\/12","targetHints":{"allow":["GET"]}}],"collection":[{"href":"https:\/\/sisu.ut.ee\/ark\/wp-json\/wp\/v2\/pages"}],"about":[{"href":"https:\/\/sisu.ut.ee\/ark\/wp-json\/wp\/v2\/types\/page"}],"author":[{"embeddable":true,"href":"https:\/\/sisu.ut.ee\/ark\/wp-json\/wp\/v2\/users\/30"}],"replies":[{"embeddable":true,"href":"https:\/\/sisu.ut.ee\/ark\/wp-json\/wp\/v2\/comments?post=12"}],"version-history":[{"count":1,"href":"https:\/\/sisu.ut.ee\/ark\/wp-json\/wp\/v2\/pages\/12\/revisions"}],"predecessor-version":[{"id":1007,"href":"https:\/\/sisu.ut.ee\/ark\/wp-json\/wp\/v2\/pages\/12\/revisions\/1007"}],"wp:attachment":[{"href":"https:\/\/sisu.ut.ee\/ark\/wp-json\/wp\/v2\/media?parent=12"}],"curies":[{"name":"wp","href":"https:\/\/api.w.org\/{rel}","templated":true}]}}