{"id":8,"date":"2024-04-03T23:27:07","date_gmt":"2024-04-03T20:27:07","guid":{"rendered":"https:\/\/sisu.ut.ee\/ariste\/tahtsad-kuupaevad\/"},"modified":"2024-04-03T23:27:11","modified_gmt":"2024-04-03T20:27:11","slug":"tahtsad-kuupaevad","status":"publish","type":"page","link":"https:\/\/sisu.ut.ee\/ariste\/tahtsad-kuupaevad\/","title":{"rendered":"T\u00e4htsaid kuup\u00e4evi"},"content":{"rendered":"<p>Teeside esitamise t\u00e4htaeg: <strong>30. november 2014<\/strong><br>Teade ettekande vastuv\u00f5tu kohta: <strong>30. detsember 2014<\/strong><br>Registreerumise l\u00f5pp: <strong>30. detsember 2014<\/strong><\/p>\n","protected":false},"excerpt":{"rendered":"<p>Teeside esitamise t\u00e4htaeg: 30. november 2014Teade ettekande vastuv\u00f5tu kohta: 30. detsember 2014Registreerumise l\u00f5pp: 30. detsember 2014<\/p>\n","protected":false},"author":35,"featured_media":0,"parent":0,"menu_order":0,"comment_status":"closed","ping_status":"closed","template":"","meta":{"_acf_changed":false,"inline_featured_image":false,"footnotes":""},"class_list":["post-8","page","type-page","status-publish","hentry"],"acf":[],"_links":{"self":[{"href":"https:\/\/sisu.ut.ee\/ariste\/wp-json\/wp\/v2\/pages\/8","targetHints":{"allow":["GET"]}}],"collection":[{"href":"https:\/\/sisu.ut.ee\/ariste\/wp-json\/wp\/v2\/pages"}],"about":[{"href":"https:\/\/sisu.ut.ee\/ariste\/wp-json\/wp\/v2\/types\/page"}],"author":[{"embeddable":true,"href":"https:\/\/sisu.ut.ee\/ariste\/wp-json\/wp\/v2\/users\/35"}],"replies":[{"embeddable":true,"href":"https:\/\/sisu.ut.ee\/ariste\/wp-json\/wp\/v2\/comments?post=8"}],"version-history":[{"count":1,"href":"https:\/\/sisu.ut.ee\/ariste\/wp-json\/wp\/v2\/pages\/8\/revisions"}],"predecessor-version":[{"id":46,"href":"https:\/\/sisu.ut.ee\/ariste\/wp-json\/wp\/v2\/pages\/8\/revisions\/46"}],"wp:attachment":[{"href":"https:\/\/sisu.ut.ee\/ariste\/wp-json\/wp\/v2\/media?parent=8"}],"curies":[{"name":"wp","href":"https:\/\/api.w.org\/{rel}","templated":true}]}}