{"id":7,"date":"2024-04-04T05:53:31","date_gmt":"2024-04-04T02:53:31","guid":{"rendered":"https:\/\/sisu.ut.ee\/arheoloogia-andmebaasid\/terminid\/"},"modified":"2024-04-23T15:58:28","modified_gmt":"2024-04-23T12:58:28","slug":"terminid","status":"publish","type":"page","link":"https:\/\/sisu.ut.ee\/arheoloogia-andmebaasid\/terminid\/","title":{"rendered":"Terminid"},"content":{"rendered":"<p><strong><span style=\"font-size: 16px;\"><a title=\"Arheoloogia terminibaas\" href=\"https:\/\/sonaveeb.ee\/ds\/arh\" target=\"_blank\" rel=\"noopener\" data-url=\"https:\/\/term.eki.ee\/termbase\/view\/3651782\/\">Arheoloogia terminibaas<\/a><\/span><\/strong><\/p>\n<p><em>Andmebaas\u00a0on t\u00e4ies mahus avalikult kasutatav ilma registreerimiseta. <a title=\"\" href=\"https:\/\/term.eki.ee\/users\/register\/\" target=\"_blank\" rel=\"noopener\" data-url=\"https:\/\/term.eki.ee\/users\/register\/\">Termeki<\/a> kasutajaks registreerimine on vajalik siis, kui soovite m\u00f5istete juurde lisada kommentaare.<\/em><\/p>\n<p>Arheoloogia terminibaas on oskuss\u00f5nastik, mis sisaldab arheoloogia m\u00f5isteid koos definitsioonide ja illustratsioonidega, samuti m\u00f5istete v\u00f5\u00f5rkeelseid vasteid.\u00a0Terminibaas on suunatud eelk\u00f5ige eestikeelsele kasutajale: m\u00f5isted selgitatakse lahti eesti keeles ja leidub ka keelelisi soovitusi.<\/p>\n<p>Terminibaasi koostajaks on K\u00e4tlin Jansons (T\u00dc) ja arheoloogia terminikomisjon, kuhu kuuluvad arheoloogid Tartu ja Tallinna \u00fclikoolist, Tartu Linnamuuseumist\u00a0ja Muinsuskaitseametist.<\/p>\n<p><img loading=\"lazy\" decoding=\"async\" width=\"853\" height=\"602\" class=\"alignnone wp-image-26\" title=\"term0a.jpg\" src=\"https:\/\/sisu.ut.ee\/wp-content\/uploads\/sites\/419\/term0a.jpg\" alt=\"term0\" srcset=\"https:\/\/sisu.ut.ee\/wp-content\/uploads\/sites\/419\/term0a.jpg 853w, https:\/\/sisu.ut.ee\/wp-content\/uploads\/sites\/419\/term0a-300x212.jpg 300w, https:\/\/sisu.ut.ee\/wp-content\/uploads\/sites\/419\/term0a-768x542.jpg 768w\" sizes=\"auto, (max-width: 853px) 100vw, 853px\"><\/p>\n<p><\/p><div class=\"accordion mb-3\">\n        <div class=\"accordion-item accordion-item--white\">\n        <h2 class=\"accordion-header\" id=\"accordion-69ff9c355ac76-heading\">\n            <button class=\"accordion-button collapsed\" type=\"button\" data-bs-toggle=\"collapse\" data-bs-target=\"#accordion-69ff9c355ac76-collapse\" aria-expanded=\"true\" aria-controls=\"accordion-69ff9c355ac76-collapse\"><span style=\"color: #000080;\">\u25ba\u00a0\u00a0<strong>Kasutusjuhis<\/strong> <\/span>(koost K\u00e4tlin Jansons) <\/button>\n        <\/h2>\n        <div id=\"accordion-69ff9c355ac76-collapse\" class=\"accordion-collapse collapse\" aria-labelledby=\"accordion-69ff9c355ac76-heading\">\n            <div class=\"accordion-body\"><strong>Otsing<\/strong><br>\nTerminibaasis saab otsinguid teha kolmel moel.<br>\n1) Kirjuta otsitav s\u00f5na lahtrisse \u201eOtsi\u201c. S\u00f5na sisestamisel pakub otsingumootor variante, mille hulgast tuleb sobiv v\u00e4lja valida.\n<p>NB! Kui soovitud terminit s\u00f5naraamatus pole, siis otsingumootor seda v\u00e4lja ei paku.<\/p>\n<p><img loading=\"lazy\" decoding=\"async\" width=\"459\" height=\"666\" class=\"alignnone wp-image-20\" title=\"term1.jpg\" src=\"https:\/\/sisu.ut.ee\/wp-content\/uploads\/sites\/419\/term1.jpg\" alt=\"Term1\" srcset=\"https:\/\/sisu.ut.ee\/wp-content\/uploads\/sites\/419\/term1.jpg 459w, https:\/\/sisu.ut.ee\/wp-content\/uploads\/sites\/419\/term1-207x300.jpg 207w\" sizes=\"auto, (max-width: 459px) 100vw, 459px\"><\/p>\n<p>2) Sirvi s\u00f5naraamatut t\u00e4hestikulises j\u00e4rjekorras.<\/p>\n<p><img loading=\"lazy\" decoding=\"async\" width=\"987\" height=\"435\" class=\"alignnone wp-image-21\" title=\"term2.jpg\" src=\"https:\/\/sisu.ut.ee\/wp-content\/uploads\/sites\/419\/term2.jpg\" alt=\"Term2\" srcset=\"https:\/\/sisu.ut.ee\/wp-content\/uploads\/sites\/419\/term2.jpg 987w, https:\/\/sisu.ut.ee\/wp-content\/uploads\/sites\/419\/term2-300x132.jpg 300w, https:\/\/sisu.ut.ee\/wp-content\/uploads\/sites\/419\/term2-768x338.jpg 768w\" sizes=\"auto, (max-width: 987px) 100vw, 987px\"><\/p>\n<p>3) Sirvi teemade kaupa.<\/p>\n<p><img loading=\"lazy\" decoding=\"async\" width=\"881\" height=\"596\" class=\"alignnone wp-image-22\" title=\"term3.jpg\" src=\"https:\/\/sisu.ut.ee\/wp-content\/uploads\/sites\/419\/term3.jpg\" alt=\"Term3\" srcset=\"https:\/\/sisu.ut.ee\/wp-content\/uploads\/sites\/419\/term3.jpg 881w, https:\/\/sisu.ut.ee\/wp-content\/uploads\/sites\/419\/term3-300x203.jpg 300w, https:\/\/sisu.ut.ee\/wp-content\/uploads\/sites\/419\/term3-768x520.jpg 768w\" sizes=\"auto, (max-width: 881px) 100vw, 881px\"><\/p>\n<p><strong>S\u00f5naraamat<\/strong><\/p>\n<p>1) S\u00fcnon\u00fc\u00fcm (v\u00f5i ebasoovitatav termin) viitab eelisterminile (t\u00e4psema teabe n\u00e4gemiseks kl\u00f5psa terminil).<\/p>\n<p><img loading=\"lazy\" decoding=\"async\" width=\"955\" height=\"182\" class=\"alignnone wp-image-23\" title=\"term4.jpg\" src=\"https:\/\/sisu.ut.ee\/wp-content\/uploads\/sites\/419\/term4.jpg\" alt=\"Term4\" srcset=\"https:\/\/sisu.ut.ee\/wp-content\/uploads\/sites\/419\/term4.jpg 955w, https:\/\/sisu.ut.ee\/wp-content\/uploads\/sites\/419\/term4-300x57.jpg 300w, https:\/\/sisu.ut.ee\/wp-content\/uploads\/sites\/419\/term4-768x146.jpg 768w\" sizes=\"auto, (max-width: 955px) 100vw, 955px\"><\/p>\n<p>2) Eelistermini juures on sulgudes v\u00e4lja toodud s\u00fcnon\u00fc\u00fcm (v\u00f5i ebasoovitatav termin) ja v\u00f5\u00f5rkeelne vaste (t\u00e4psema teabe n\u00e4gemiseks kl\u00f5psa terminil)<\/p>\n<p><img loading=\"lazy\" decoding=\"async\" width=\"825\" height=\"164\" class=\"alignnone wp-image-24\" title=\"term5.jpg\" src=\"https:\/\/sisu.ut.ee\/wp-content\/uploads\/sites\/419\/term5.jpg\" alt=\"Term5\" srcset=\"https:\/\/sisu.ut.ee\/wp-content\/uploads\/sites\/419\/term5.jpg 825w, https:\/\/sisu.ut.ee\/wp-content\/uploads\/sites\/419\/term5-300x60.jpg 300w, https:\/\/sisu.ut.ee\/wp-content\/uploads\/sites\/419\/term5-768x153.jpg 768w\" sizes=\"auto, (max-width: 825px) 100vw, 825px\"><\/p>\n<p><strong>M\u00f5iste<\/strong><\/p>\n<p>Kui s\u00f5naraamatus kuvataval terminil kl\u00f5psata, avaneb t\u00e4psem teave m\u00f5iste kohta.<\/p>\n<p>1) \u00dcks m\u00f5iste asub \u00fches kirjes. M\u00f5iste koosneb eesti- ja v\u00f5\u00f5rkeelse(te)st termini(te)st ning definitsiooni(de)st.<\/p>\n<p>2) V\u00e4rvikoodid<br>\n\u2022 Roheline \u2013 kinnitatud (arheoloogia terminoloogia komisjon on termini heaks kiitnud).<\/p>\n<p>\u2022 Punane \u2013 tagasi l\u00fckatud (ehk ebasoovitatav termin).<\/p>\n<p>\u2022 Kollane \u2013 uus (pole terminoloogia komisjoni koosolekul arutatud).<\/p>\n<p>3) Termekisse sisse loginud kasutaja saab m\u00f5istete juurde lisada ka kommentaare.<\/p>\n<p><img loading=\"lazy\" decoding=\"async\" width=\"894\" height=\"417\" class=\"alignnone wp-image-25\" title=\"term6.jpg\" src=\"https:\/\/sisu.ut.ee\/wp-content\/uploads\/sites\/419\/term6.jpg\" alt=\"Term6\" srcset=\"https:\/\/sisu.ut.ee\/wp-content\/uploads\/sites\/419\/term6.jpg 894w, https:\/\/sisu.ut.ee\/wp-content\/uploads\/sites\/419\/term6-300x140.jpg 300w, https:\/\/sisu.ut.ee\/wp-content\/uploads\/sites\/419\/term6-768x358.jpg 768w\" sizes=\"auto, (max-width: 894px) 100vw, 894px\"><\/p>\n<p><\/p><\/div>\n        <\/div>\n        <\/div>\n    <\/div>\n<p><b>Vaata lisaks:<\/b><\/p>\n<p><a title=\"\" href=\"https:\/\/tutulus.ee\/wp-content\/uploads\/2018\/01\/Tutulus_2016_koos.pdf\" target=\"_blank\" rel=\"noopener\" data-url=\"https:\/\/tutulus.ee\/wp-content\/uploads\/2018\/01\/Tutulus_2016_koos.pdf\">Jansons, K. 2017. Millest arheoloogid \u00fcldse r\u00e4\u00e4givad. \u2013 Tutulus 2016, 54\u201355.<\/a><\/p>\n","protected":false},"excerpt":{"rendered":"<p>Arheoloogia terminibaas Andmebaas\u00a0on t\u00e4ies mahus avalikult kasutatav ilma registreerimiseta. Termeki kasutajaks registreerimine on vajalik siis, kui soovite m\u00f5istete juurde lisada kommentaare. Arheoloogia terminibaas on oskuss\u00f5nastik, mis sisaldab arheoloogia m\u00f5isteid koos definitsioonide ja illustratsioonidega, samuti m\u00f5istete v\u00f5\u00f5rkeelseid vasteid.\u00a0Terminibaas on suunatud eelk\u00f5ige &#8230;<\/p>\n","protected":false},"author":220,"featured_media":0,"parent":0,"menu_order":0,"comment_status":"closed","ping_status":"closed","template":"","meta":{"_acf_changed":false,"inline_featured_image":false,"footnotes":""},"class_list":["post-7","page","type-page","status-publish","hentry"],"acf":[],"_links":{"self":[{"href":"https:\/\/sisu.ut.ee\/arheoloogia-andmebaasid\/wp-json\/wp\/v2\/pages\/7","targetHints":{"allow":["GET"]}}],"collection":[{"href":"https:\/\/sisu.ut.ee\/arheoloogia-andmebaasid\/wp-json\/wp\/v2\/pages"}],"about":[{"href":"https:\/\/sisu.ut.ee\/arheoloogia-andmebaasid\/wp-json\/wp\/v2\/types\/page"}],"author":[{"embeddable":true,"href":"https:\/\/sisu.ut.ee\/arheoloogia-andmebaasid\/wp-json\/wp\/v2\/users\/220"}],"replies":[{"embeddable":true,"href":"https:\/\/sisu.ut.ee\/arheoloogia-andmebaasid\/wp-json\/wp\/v2\/comments?post=7"}],"version-history":[{"count":2,"href":"https:\/\/sisu.ut.ee\/arheoloogia-andmebaasid\/wp-json\/wp\/v2\/pages\/7\/revisions"}],"predecessor-version":[{"id":50,"href":"https:\/\/sisu.ut.ee\/arheoloogia-andmebaasid\/wp-json\/wp\/v2\/pages\/7\/revisions\/50"}],"wp:attachment":[{"href":"https:\/\/sisu.ut.ee\/arheoloogia-andmebaasid\/wp-json\/wp\/v2\/media?parent=7"}],"curies":[{"name":"wp","href":"https:\/\/api.w.org\/{rel}","templated":true}]}}