{"id":6,"date":"2024-04-04T05:53:30","date_gmt":"2024-04-04T02:53:30","guid":{"rendered":"https:\/\/sisu.ut.ee\/arheoloogia-andmebaasid\/bibliograafia\/"},"modified":"2024-04-04T05:53:36","modified_gmt":"2024-04-04T02:53:36","slug":"bibliograafia","status":"publish","type":"page","link":"https:\/\/sisu.ut.ee\/arheoloogia-andmebaasid\/bibliograafia\/","title":{"rendered":"Bibliograafia"},"content":{"rendered":"<p>\n\t\u00a0\n<\/p>\n<p>\n\t<span style=\"font-size:16px\"><strong><a data-url=\"http:\/\/biblio.arheo.ut.ee\/login\" href=\"http:\/\/biblio.arheo.ut.ee\/login\" target=\"_blank\" title=\"Bibliograafia\" rel=\"noopener\">Eesti ja L\u00e4ti arheoloogiline bibliograafia<\/a><\/strong><\/span>\n<\/p>\n<p>\n\t<em>Andmebaasi kasutamiseks logige\u00a0sisse k\u00fclalisena (guest) v\u00f5i kasutajanimega: biblio ja parooliga: biblio.<\/em>\n<\/p>\n<p>\n\tAndmebaas sisaldab loendit Eesti ja L\u00e4ti arheoloogilistest tekstidest, mis on ilmunud ajavahemikul\u00a01765\u20132014. Nimekirjas on nii teaduslikud\u00a0kui ka populaarteaduslikud tekstid.\u00a0\n<\/p>\n<p>\n\tAndmebaas koostati 2012\u20132014 kestnud\u00a0projekti \u201cArchaeology, authority and community\u201d (juh Heiki Valk) k\u00e4igus.\u00a0 \u00a0\n<\/p>\n<p>\n\tTuleb arvestada, et andmebaas\u00a0ei sisalda\u00a0k\u00f5iki kirjeid, mis on ilmunud bibliograafia tr\u00fckistes: N\u00f5ukogude Eesti arheoloogia bibliograafiline nimestik 1940\u20131985 k\u00f6ide I ja II,\u00a0Eesti arheoloogia bibliograafia\u00a0 (EAB) 1986\u20131996, 1997\u20132004, 2005\u20132009, 2010\u20132014. Neist on internetis <a data-url=\"http:\/\/www.arheoloogia.ee\/bibliograafia\/\" href=\"http:\/\/www.arheoloogia.ee\/bibliograafia\/\" target=\"_blank\" title=\"\" rel=\"noopener\">arheoloogia.ee<\/a> lehel k\u00e4ttesaadav arheoloogia bibliograafia ajavahemikust 1986\u20132009. Digitaalarhiivis DIGAR\u00a0saab vaadata\u00a0<a data-url=\"https:\/\/www.digar.ee\/viewer\/et\/nlib-digar:321228\/279338\/page\/1\" href=\"https:\/\/www.digar.ee\/viewer\/et\/nlib-digar:321228\/279338\/page\/1\" target=\"_blank\" title=\"\" rel=\"noopener\">EAB 2010\u20132014 v\u00e4ljaannet<\/a>.\n<\/p>\n<p>\n\t\u00a0\n<\/p>\n<p>\n\t<img loading=\"lazy\" decoding=\"async\" width=\"667\" height=\"450\" class=\"alignnone wp-image-18\" style=\"width: 667px;height: 450px\" src=\"https:\/\/sisu.ut.ee\/wp-content\/uploads\/sites\/419\/biblio2.jpg\" title=\"biblio2.jpg\" alt=\"biblio2\" srcset=\"https:\/\/sisu.ut.ee\/wp-content\/uploads\/sites\/419\/biblio2.jpg 667w, https:\/\/sisu.ut.ee\/wp-content\/uploads\/sites\/419\/biblio2-300x202.jpg 300w\" sizes=\"auto, (max-width: 667px) 100vw, 667px\">\u00a0\n<\/p>\n<p>\n\t\u00a0\n<\/p>\n<p>\n\tEnamike tegevarheoloogide publikatsioonid, sageli koos t\u00e4istekstidega, on leitavad\u00a0<a data-url=\"https:\/\/www.etis.ee\/Portal\/Persons\/Index\" href=\"https:\/\/www.etis.ee\/Portal\/Persons\/Index\" target=\"_blank\" title=\"\" rel=\"noopener\">Eesti Teadusinfos\u00fcsteemist (ETIS)<\/a>. Lisaks on arheoloogid pannud oma teaduspublikatsioonide tekste internetti teadlaskogukondades\u00a0<a href=\"https:\/\/www.academia.edu\/\" target=\"_blank\" rel=\"noopener\">academia.edu<\/a>\u00a0ja\u00a0<a href=\"https:\/\/www.researchgate.net\/\" target=\"_blank\" rel=\"noopener\">researchgate.net<\/a>\n<\/p>\n<p>\n\t\u00a0\n<\/p>\n<p>\n\t<strong><span style=\"font-size:16px\"><a href=\"http:\/\/www.arheo.ut.ee\/thesis-list\/\" target=\"_blank\" title=\"Eesti arheoloogide l\u00f5pu- ja kraadit\u00f6\u00f6d\" rel=\"noopener\">Eesti arheoloogilised\u00a0l\u00f5pu- ja kraadit\u00f6\u00f6d<\/a><\/span><\/strong>\n<\/p>\n<p>\n\tAndmebaasis kajastuvad k\u00f5ik alates 1923.\u00a0aastast Tartu \u00dclikooli arheoloogia \u00f5ppetoolis kaitstud l\u00f5pu- ja kraadit\u00f6\u00f6d ning\u00a0Tallinna \u00dclikoolis alates 2014. aastast kaitstud arheoloogiateemalised l\u00f5pu- ja kraadit\u00f6\u00f6d. Samuti leiab andmebaasist infot\u00a0Eesti arheoloogide n\u00f5ukogude ajal kaitstud t\u00f6\u00f6de ning p\u00e4rast taasisesvumist Eesti arheoloogide Eesti teistes \u00fclikoolides kaitstud kraadit\u00f6\u00f6de ja v\u00e4lismaal kaitstud doktorit\u00f6\u00f6de kohta. Paljude kirjete juures on viited t\u00e4istekstidele.\u00a0\n<\/p>\n<p>\n\t\u00a0\n<\/p>\n<p>\n\t<strong><span style=\"font-size:16px\"><a href=\"http:\/\/www.kirj.ee\/archaeology\/\" target=\"_blank\" title=\"Estonian Journal of Archaeology \" rel=\"noopener\">Estonian Journal of Archaeology<\/a><\/span><\/strong>\n<\/p>\n<p>\n\tAjavahemikul\u00a01997\u20132003 (numbrid 1\u20137) kandis v\u00e4ljaanne\u00a0nime\u00a0Eesti Arheoloogia Ajakiri ning sisaldas Eesti arheoloogide eestikeelseid teadusartikleid. Alates 2004. aastast muutus\u00a0ajakiri\u00a0ingliskeelseks, rahvusvaheliseks ning\u00a0hakkas kandma nimetust Estonian Journal of Archaeology (EJA). Kaks korda aastas ilmuvat ajakirja annab v\u00e4lja Eesti Teaduste Akadeemia koost\u00f6\u00f6s Tartu ja Tallinna \u00fclikooliga.\u00a0<a data-url=\"http:\/\/www.kirj.ee\/archaeology\/\" href=\"http:\/\/www.kirj.ee\/archaeology\/\" target=\"_blank\" title=\"\" rel=\"noopener\">Ajakirja kodulehel <\/a>on k\u00e4ttesaadavad alates 2006. aastast ilmunud artiklite t\u00e4istekstid.\n<\/p>\n<p>\n\t\u00a0\n<\/p>\n<p>\n\t<a href=\"http:\/\/www.arheoloogia.ee\/kirjandus\/arheoloogilised-valitood-eestis\/\" target=\"_blank\" title=\"Arheoloogilised v\u00e4lit\u00f6\u00f6d Eestis \" rel=\"noopener\"><span style=\"font-size:16px\"><strong>Arheoloogilised v\u00e4lit\u00f6\u00f6d Eestis<\/strong><\/span><\/a>\n<\/p>\n<p>\n\tAjakiri Archaeological Fieldwork in Estonia \/ Arheoloogilised v\u00e4lit\u00f6\u00f6d Eestis (AVE) sisaldab teadusartikleid eelmise aasta olulisematest arheoloogilistest v\u00e4lit\u00f6\u00f6dest Eestis. Ajakiri ilmub alates 1998. aastast. Internetis on <a data-url=\"http:\/\/www.arheoloogia.ee\/kirjandus\/arheoloogilised-valitood-eestis\/\" href=\"http:\/\/www.arheoloogia.ee\/kirjandus\/arheoloogilised-valitood-eestis\/\" target=\"_blank\" title=\"\" rel=\"noopener\">arheoloogia.ee<\/a> lehel k\u00e4ttesaadavad numbrid alates 2008. aasta v\u00e4lit\u00f6\u00f6dest. Kord aastas ilmuvat ajakirja annavad \u00fchiselt v\u00e4lja Muinsuskaitseamet, Tallinna \u00dclikool ja Tartu \u00dclikool.\n<\/p>\n<p>\n\t\u00a0\n<\/p>\n<p>\n\t<span style=\"font-size:16px\"><strong><a href=\"https:\/\/tutulus.ee\/\" target=\"_blank\" title=\"Tutulus\" rel=\"noopener\">Tutulus<\/a><\/strong><\/span>\n<\/p>\n<p>\n\tTutulus on kord aastas ilmuv laiale lugejaskonnale suunatud populaarteaduslik eestikeelne\u00a0arheoloogia ajakiri, mille v\u00e4ljaandmises osalevad arheoloogia\u00fcli\u00f5pilased. Ajakiri ilmub alates 2013. aastast (Tutulus 2012) ning k\u00f5ik selle varasemad numbrid on pdf failidena internetis tasuta k\u00e4ttesaadavad lehel <a data-url=\"\/arheoloogia-andmebaasid\/\" href=\"\/arheoloogia-andmebaasid\/\" target=\"_blank\" title=\"https:\/\/tutulus.ee\/valjaanded\/\" rel=\"noopener\">tutulus.ee<\/a>.\u00a0 Viiimane number muutub k\u00e4ttesaadavaks m\u00f5ningase viiteajaga p\u00e4rast ilmumist. Ajakirjal on oma <a data-url=\"https:\/\/www.facebook.com\/ajakiritutulus\" href=\"https:\/\/www.facebook.com\/ajakiritutulus\" target=\"_blank\" title=\"\" rel=\"noopener\">facebooki leht<\/a>, kus jooksvalt ilmuvad uudisnupud ja l\u00fchilood.\n<\/p>\n<p>\n\t<a data-url=\"https:\/\/www.facebook.com\/ajakiritutulus\/videos\/vb.1645138255790955\/1552874024868993\/?type=2&amp;theater\" href=\"https:\/\/www.facebook.com\/ajakiritutulus\/videos\/vb.1645138255790955\/1552874024868993\/?type=2&amp;theater\" target=\"_blank\" title=\"\" rel=\"noopener\"><img loading=\"lazy\" decoding=\"async\" width=\"1022\" height=\"596\" class=\"alignnone wp-image-19\" src=\"https:\/\/sisu.ut.ee\/wp-content\/uploads\/sites\/419\/biblio3.jpg\" title=\"biblio3.jpg\" alt=\"Tutulus FBs\" srcset=\"https:\/\/sisu.ut.ee\/wp-content\/uploads\/sites\/419\/biblio3.jpg 1022w, https:\/\/sisu.ut.ee\/wp-content\/uploads\/sites\/419\/biblio3-300x175.jpg 300w, https:\/\/sisu.ut.ee\/wp-content\/uploads\/sites\/419\/biblio3-768x448.jpg 768w\" sizes=\"auto, (max-width: 1022px) 100vw, 1022px\"><\/a><\/p>\n","protected":false},"excerpt":{"rendered":"<p>\u00a0 Eesti ja L\u00e4ti arheoloogiline bibliograafia Andmebaasi kasutamiseks logige\u00a0sisse k\u00fclalisena (guest) v\u00f5i kasutajanimega: biblio ja parooliga: biblio. Andmebaas sisaldab loendit Eesti ja L\u00e4ti arheoloogilistest tekstidest, mis on ilmunud ajavahemikul\u00a01765\u20132014. Nimekirjas on nii teaduslikud\u00a0kui ka populaarteaduslikud tekstid.\u00a0 Andmebaas koostati 2012\u20132014 kestnud\u00a0projekti &#8230;<\/p>\n","protected":false},"author":220,"featured_media":0,"parent":0,"menu_order":0,"comment_status":"closed","ping_status":"closed","template":"","meta":{"_acf_changed":false,"inline_featured_image":false,"footnotes":""},"class_list":["post-6","page","type-page","status-publish","hentry"],"acf":[],"_links":{"self":[{"href":"https:\/\/sisu.ut.ee\/arheoloogia-andmebaasid\/wp-json\/wp\/v2\/pages\/6","targetHints":{"allow":["GET"]}}],"collection":[{"href":"https:\/\/sisu.ut.ee\/arheoloogia-andmebaasid\/wp-json\/wp\/v2\/pages"}],"about":[{"href":"https:\/\/sisu.ut.ee\/arheoloogia-andmebaasid\/wp-json\/wp\/v2\/types\/page"}],"author":[{"embeddable":true,"href":"https:\/\/sisu.ut.ee\/arheoloogia-andmebaasid\/wp-json\/wp\/v2\/users\/220"}],"replies":[{"embeddable":true,"href":"https:\/\/sisu.ut.ee\/arheoloogia-andmebaasid\/wp-json\/wp\/v2\/comments?post=6"}],"version-history":[{"count":1,"href":"https:\/\/sisu.ut.ee\/arheoloogia-andmebaasid\/wp-json\/wp\/v2\/pages\/6\/revisions"}],"predecessor-version":[{"id":41,"href":"https:\/\/sisu.ut.ee\/arheoloogia-andmebaasid\/wp-json\/wp\/v2\/pages\/6\/revisions\/41"}],"wp:attachment":[{"href":"https:\/\/sisu.ut.ee\/arheoloogia-andmebaasid\/wp-json\/wp\/v2\/media?parent=6"}],"curies":[{"name":"wp","href":"https:\/\/api.w.org\/{rel}","templated":true}]}}