{"id":5,"date":"2024-04-04T05:53:30","date_gmt":"2024-04-04T02:53:30","guid":{"rendered":"https:\/\/sisu.ut.ee\/arheoloogia-andmebaasid\/kaevamised\/"},"modified":"2024-04-04T05:53:36","modified_gmt":"2024-04-04T02:53:36","slug":"kaevamised","status":"publish","type":"page","link":"https:\/\/sisu.ut.ee\/arheoloogia-andmebaasid\/kaevamised\/","title":{"rendered":"Kaevamised"},"content":{"rendered":"<p>\n\t\u00a0\n<\/p>\n<p>\n\t<span style=\"font-size:16px\"><strong><a href=\"http:\/\/www.arheo.ut.ee\/kaevamiste-nimekiri\" target=\"_blank\" title=\"\" rel=\"noopener\">Arheoloogilised kaevamised Eestis 1799\u20131999<\/a><\/strong><\/span>\n<\/p>\n<p>\n\t<em>Andmebaasi laadimine v\u00f5ib v\u00f5tta veidi aega.<\/em>\n<\/p>\n<p>\n\tAndmebaas sisaldab infot t\u00e4nap\u00e4eva Eesti riigi territooriumil tehtud arheoloogiliste kaevamiste, sh suuremate proovikaevamiste ja j\u00e4relvalvet\u00f6\u00f6de\u00a0kohta. Selles\u00a0ei kajastu Eesti arheoloogide kaevamised v\u00e4lismaal ja\u00a0 20. saj I poolel\u00a0 Eesti riigile kuulunud t\u00e4nap\u00e4eva Venemaa F\u00f6deratsiooni aladel. Kaitsealused m\u00e4lestised on on muististe veerus lingitud kultuurim\u00e4lestiste riikliku registri m\u00e4lestiste andmebaasiga.\n<\/p>\n<p>\n\tAndmebaasi koostasid Marge Konsa ja Andres Tvauri.\u00a0\n<\/p>\n<p>\n\t<a data-url=\"http:\/\/www.arheo.ut.ee\/kaevamiste-andmebaasi-kohta\" href=\"http:\/\/www.arheo.ut.ee\/kaevamiste-andmebaasi-kohta\" target=\"_blank\" title=\"\" rel=\"noopener\">Lisainfo Arheoloogilised kaevamised Eestis andmebaasi kohta.<\/a>\n<\/p>\n<p>\n\tT\u00e4iendavas <a data-url=\"http:\/\/kaarel.sikk.info\/estonian-archaeological-fieldwork-visualizations\/\" href=\"http:\/\/kaarel.sikk.info\/estonian-archaeological-fieldwork-visualizations\/\" target=\"_blank\" title=\"\" rel=\"noopener\">visuaalrakenduses<\/a> (autor Kaarel Sikk) saab\u00a0andmeid kuvada\u00a0Eesti kaardil (kaardivaade)\u00a0v\u00f5i v\u00f5rgustikmudelina (v\u00f5rguvaade).\u00a0\n<\/p>\n<p>\n\t<img loading=\"lazy\" decoding=\"async\" width=\"1165\" height=\"710\" class=\"alignnone wp-image-16\" src=\"https:\/\/sisu.ut.ee\/wp-content\/uploads\/sites\/419\/vorgustik1.jpg\" title=\"vorgustik1.jpg\" alt=\"V\u00f5rgustikmudel\" srcset=\"https:\/\/sisu.ut.ee\/wp-content\/uploads\/sites\/419\/vorgustik1.jpg 1165w, https:\/\/sisu.ut.ee\/wp-content\/uploads\/sites\/419\/vorgustik1-300x183.jpg 300w, https:\/\/sisu.ut.ee\/wp-content\/uploads\/sites\/419\/vorgustik1-1024x624.jpg 1024w, https:\/\/sisu.ut.ee\/wp-content\/uploads\/sites\/419\/vorgustik1-768x468.jpg 768w\" sizes=\"auto, (max-width: 1165px) 100vw, 1165px\">\n<\/p>\n<p>\n\t\u00a0\n<\/p>\n<p>\n\t<strong><a data-url=\"https:\/\/arheoloogia.ee\/kirjandus\/arheoloogilised-valitood-eestis\/\" href=\"https:\/\/arheoloogia.ee\/kirjandus\/arheoloogilised-valitood-eestis\/\" target=\"_blank\" title=\"\" rel=\"noopener\">Arheoloogilised v\u00e4lit\u00f6\u00f6d Eestis 21. sajandil<\/a><\/strong>\n<\/p>\n<p>\n\t\u00dclevaate 21. sajandil toimunud arheoloogiliste kaevamistest saab ajakirjast\u00a0\u00a0<a data-url=\"https:\/\/arheoloogia.ee\/kirjandus\/arheoloogilised-valitood-eestis\/\" href=\"https:\/\/arheoloogia.ee\/kirjandus\/arheoloogilised-valitood-eestis\/\" target=\"_blank\" title=\"\" rel=\"noopener\">Archaeological Fieldwork in Estonia \/ Arheoloogilised v\u00e4lit\u00f6\u00f6d Eestis<\/a>,\u00a0kuid andmebaasi vormis seda infot veel ei ole.\u00a0\u00a0Kord aastas ilmuva ajakirja alguses olevas \u00fclevaateartiklis on koondinfo eelmisel aastal toimunud arheoloogiliste v\u00e4lit\u00f6\u00f6de\u00a0kohta, mis alates 2003. aastast on esitatud tabelina. \u00a0Alates 2018. aastast sisaldab tabel lisaks eeluuringutele ja kaevamistele ka infot maastikuleirete ja allveet\u00f6\u00f6de kohta. Tuleb arvestada, et tabeli l\u00e4htealuseks on Muinsuskaitseameti v\u00e4ljastatud arheoloogiliste uuringute load, mist\u00f5ttu v\u00f5ivad tabelis kajastuda ka sellised objektid, mille jaoks\u00a0luba v\u00e4ljastati, kuid uuringuid\u00a0tegelikult ei toimunud.\n<\/p>\n<p>\n\t\u00a0\n<\/p>\n<p>\n\t<img loading=\"lazy\" decoding=\"async\" width=\"689\" height=\"594\" class=\"alignnone wp-image-17\" src=\"https:\/\/sisu.ut.ee\/wp-content\/uploads\/sites\/419\/kaevamised1.jpg\" title=\"kaevamised1.jpg\" alt=\"tabel\" srcset=\"https:\/\/sisu.ut.ee\/wp-content\/uploads\/sites\/419\/kaevamised1.jpg 689w, https:\/\/sisu.ut.ee\/wp-content\/uploads\/sites\/419\/kaevamised1-300x259.jpg 300w\" sizes=\"auto, (max-width: 689px) 100vw, 689px\">\n<\/p>\n<p>\n\t<a data-url=\"https:\/\/arheoloogia.ee\/ave2018\/AVE2018_01_Russow.etal_Intro.pdf\" href=\"https:\/\/arheoloogia.ee\/ave2018\/AVE2018_01_Russow.etal_Intro.pdf\" target=\"_blank\" title=\"\" rel=\"noopener\">\u00a0(V\u00e4ljav\u00f5te artiklist: Russow, E., Kadakas, U., Haak, A. &amp; Rammo, R. 2019.\u00a0Archaeological fieldwork in 2018.\u00a0\u2013 Archaeological fieldwork in Estonia, 2018, 9\u201338.)\u00a0<\/a>\n<\/p>\n<p>\n\t\u00a0<\/p>\n","protected":false},"excerpt":{"rendered":"<p>\u00a0 Arheoloogilised kaevamised Eestis 1799\u20131999 Andmebaasi laadimine v\u00f5ib v\u00f5tta veidi aega. Andmebaas sisaldab infot t\u00e4nap\u00e4eva Eesti riigi territooriumil tehtud arheoloogiliste kaevamiste, sh suuremate proovikaevamiste ja j\u00e4relvalvet\u00f6\u00f6de\u00a0kohta. Selles\u00a0ei kajastu Eesti arheoloogide kaevamised v\u00e4lismaal ja\u00a0 20. saj I poolel\u00a0 Eesti riigile kuulunud &#8230;<\/p>\n","protected":false},"author":220,"featured_media":0,"parent":0,"menu_order":0,"comment_status":"closed","ping_status":"closed","template":"","meta":{"_acf_changed":false,"inline_featured_image":false,"footnotes":""},"class_list":["post-5","page","type-page","status-publish","hentry"],"acf":[],"_links":{"self":[{"href":"https:\/\/sisu.ut.ee\/arheoloogia-andmebaasid\/wp-json\/wp\/v2\/pages\/5","targetHints":{"allow":["GET"]}}],"collection":[{"href":"https:\/\/sisu.ut.ee\/arheoloogia-andmebaasid\/wp-json\/wp\/v2\/pages"}],"about":[{"href":"https:\/\/sisu.ut.ee\/arheoloogia-andmebaasid\/wp-json\/wp\/v2\/types\/page"}],"author":[{"embeddable":true,"href":"https:\/\/sisu.ut.ee\/arheoloogia-andmebaasid\/wp-json\/wp\/v2\/users\/220"}],"replies":[{"embeddable":true,"href":"https:\/\/sisu.ut.ee\/arheoloogia-andmebaasid\/wp-json\/wp\/v2\/comments?post=5"}],"version-history":[{"count":1,"href":"https:\/\/sisu.ut.ee\/arheoloogia-andmebaasid\/wp-json\/wp\/v2\/pages\/5\/revisions"}],"predecessor-version":[{"id":42,"href":"https:\/\/sisu.ut.ee\/arheoloogia-andmebaasid\/wp-json\/wp\/v2\/pages\/5\/revisions\/42"}],"wp:attachment":[{"href":"https:\/\/sisu.ut.ee\/arheoloogia-andmebaasid\/wp-json\/wp\/v2\/media?parent=5"}],"curies":[{"name":"wp","href":"https:\/\/api.w.org\/{rel}","templated":true}]}}