{"id":3,"date":"2024-04-04T05:53:30","date_gmt":"2024-04-04T02:53:30","guid":{"rendered":"https:\/\/sisu.ut.ee\/arheoloogia-andmebaasid\/muistised\/"},"modified":"2024-04-04T05:53:36","modified_gmt":"2024-04-04T02:53:36","slug":"muistised","status":"publish","type":"page","link":"https:\/\/sisu.ut.ee\/arheoloogia-andmebaasid\/muistised\/","title":{"rendered":"Muistised"},"content":{"rendered":"<p>\n\t\u00a0\n<\/p>\n<p>\n\t<span style=\"font-size:16px\"><strong><a data-url=\"https:\/\/register.muinas.ee\/\" href=\"https:\/\/register.muinas.ee\/\" target=\"_blank\" title=\"Kultuurim\u00e4lestiste riiklik register\" rel=\"noopener\">Kultuurim\u00e4lestiste riiklik register<\/a><\/strong><\/span>\n<\/p>\n<p>\n\tRegistrit haldab\u00a0<a href=\"https:\/\/www.muinsuskaitseamet.ee\/et\" target=\"_blank\" rel=\"noopener\">Muinsuskaitseamet<\/a>, mis on kultuuriministeeriumi allasutus. Registri kodulehele on koondatud mitmed andmebaasid. Riikliku kaitse all olevad <a data-url=\"https:\/\/www.muinsuskaitseamet.ee\/et\/arheoloogiamalestised\" href=\"https:\/\/www.muinsuskaitseamet.ee\/et\/arheoloogiamalestised\" target=\"_blank\" title=\"\" rel=\"noopener\">arheoloogiam\u00e4lestised<\/a>\u00a0on leitavad andmebaasist\u00a0<a href=\"https:\/\/register.muinas.ee\/public.php?menuID=monument\" target=\"_blank\" rel=\"noopener\"><strong>M\u00e4lestised<\/strong>.<\/a>\u00a0Alates 2019. aastast on registris lisaks arheoloogiam\u00e4lestistele\u00a0uue muisteliigina\u00a0arheoloogiline leiukoht.\n<\/p>\n<p>\n\t<span style=\"font-size:22px\"><span style=\"color:#000080\">!<\/span><\/span> Mingit konkreetset muistist on andmebaasist k\u00f5ige lihtsam otsida registrinumbri j\u00e4rgi. Teistel juhtudel tuleb arvestada, et ainult osad m\u00e4lestised on andmebaasis otsitavad nende tavap\u00e4rase nimega\u00a0(nt L\u00f5havere linnam\u00e4gi), paljudel on nimeks ainult muistiseliik\u00a0(linnus, kivikalme vms);\u00a0samuti sellega, et aadressi lahtrisse tuleks\u00a0kirjutada asukoht (nt k\u00fcla, kinnistu nimetus) t\u00e4nap\u00e4evase haldusjaotuse j\u00e4rgi.\u00a0\n<\/p>\n<p>\n\t<a data-url=\"https:\/\/register.muinas.ee\/public.php?menuID=monument\" href=\"https:\/\/register.muinas.ee\/public.php?menuID=monument\" target=\"_blank\" title=\"\" rel=\"noopener\">M\u00e4lestiste andmebaas<\/a>\u00a0sisaldab lisaks \u00fcldinfole viiteid dokumentidele ning\u00a0aruannete faile ja\u00a0fotosid. Kaevamis- ja laboriaruanded eraldi otsitavad ei ole, need on vastava m\u00e4lestise lehel leitavad alajaotuse \u201cViide\u201d all.\n<\/p>\n<p>\n\t\u00a0\n<\/p>\n<p>\n\t<img loading=\"lazy\" decoding=\"async\" width=\"1412\" height=\"865\" class=\"alignnone wp-image-9\" src=\"https:\/\/sisu.ut.ee\/wp-content\/uploads\/sites\/419\/register-1.jpg\" title=\"register-1.jpg\" alt=\"r\" srcset=\"https:\/\/sisu.ut.ee\/wp-content\/uploads\/sites\/419\/register-1.jpg 1412w, https:\/\/sisu.ut.ee\/wp-content\/uploads\/sites\/419\/register-1-300x184.jpg 300w, https:\/\/sisu.ut.ee\/wp-content\/uploads\/sites\/419\/register-1-1024x627.jpg 1024w, https:\/\/sisu.ut.ee\/wp-content\/uploads\/sites\/419\/register-1-768x470.jpg 768w\" sizes=\"auto, (max-width: 1412px) 100vw, 1412px\">\n<\/p>\n<p>\n\t<b>Vaata lisaks:\u00a0<\/b>\n<\/p>\n<p>\n\t<a data-url=\"https:\/\/www.muinsuskaitseamet.ee\/sites\/default\/files\/content-editors\/trykised\/muinsuskaitse_aastaraamat_2009_17_05.pdf\" href=\"https:\/\/www.muinsuskaitseamet.ee\/sites\/default\/files\/content-editors\/trykised\/muinsuskaitse_aastaraamat_2009_17_05.pdf\" target=\"_blank\" title=\"\" rel=\"noopener\">Russow, U. 2010. Kultuurim\u00e4lestiste riiklik register. \u2212\u00a0Muinsuskaitse aastaraamat 2009, 117.\u00a0<\/a>\n<\/p>\n<p>\n\t\u00a0\n<\/p>\n<p>\n\t\u00a0\n<\/p>\n<p>\n\t<span style=\"font-size:16px\"><strong><a href=\"https:\/\/register.muinas.ee\/public.php?menuID=wreckregistry\" target=\"_blank\" title=\"Vrakiregister\" rel=\"noopener\">Vrakiregister<\/a><\/strong><\/span>\n<\/p>\n<p>\n\t<a data-url=\"https:\/\/register.muinas.ee\/public.php?menuID=wreckregistry\" href=\"https:\/\/register.muinas.ee\/public.php?menuID=wreckregistry\" target=\"_blank\" title=\"\" rel=\"noopener\">Vrakiregister<\/a> sisaldab infot nii kaitsealuste vrakkide kui ka teiste Eesti vetes toimunud laevahukkude kohta. Andmed kajastavad\u00a0hukkunud laeva t\u00fc\u00fcpi, dateeringut, lasti, hukkumisaega\u00a0ja -kohta,\u00a0kirjeldatud on hukulugu\u00a0ning\u00a0toodud\u00a0lingid arhiiviviidetele. Osadel vrakkidel on lisatud ka fotosid, sonaripilte ja 3D mudeleid.\u00a0Register on t\u00e4ismahus nii eesti- kui <a data-url=\"https:\/\/register.muinas.ee\/public.php?menuID=en_wreckregistry\" href=\"https:\/\/register.muinas.ee\/public.php?menuID=en_wreckregistry\" target=\"_blank\" title=\"\" rel=\"noopener\">ingliskeelne<\/a>. Registrit haldab <a data-url=\"https:\/\/www.muinsuskaitseamet.ee\/et\" href=\"https:\/\/www.muinsuskaitseamet.ee\/et\" target=\"_blank\" title=\"\" rel=\"noopener\">Muinsuskaitseamet<\/a>.\n<\/p>\n<p>\n\t<img loading=\"lazy\" decoding=\"async\" width=\"1083\" height=\"729\" class=\"alignnone wp-image-11\" src=\"https:\/\/sisu.ut.ee\/wp-content\/uploads\/sites\/419\/akula1.jpg\" title=\"akula1.jpg\" alt=\"akula-1\" srcset=\"https:\/\/sisu.ut.ee\/wp-content\/uploads\/sites\/419\/akula1.jpg 1083w, https:\/\/sisu.ut.ee\/wp-content\/uploads\/sites\/419\/akula1-300x202.jpg 300w, https:\/\/sisu.ut.ee\/wp-content\/uploads\/sites\/419\/akula1-1024x689.jpg 1024w, https:\/\/sisu.ut.ee\/wp-content\/uploads\/sites\/419\/akula1-768x517.jpg 768w\" sizes=\"auto, (max-width: 1083px) 100vw, 1083px\">\n<\/p>\n<p>\n\t\u00a0\n<\/p>\n<p>\n\t<\/p><div class=\"accordion mb-3\">\n        <div class=\"accordion-item accordion-item--white\">\n        <h2 class=\"accordion-header\" id=\"accordion-69ffa0d32fd65-heading\">\n            <button class=\"accordion-button collapsed\" type=\"button\" data-bs-toggle=\"collapse\" data-bs-target=\"#accordion-69ffa0d32fd65-collapse\" aria-expanded=\"true\" aria-controls=\"accordion-69ffa0d32fd65-collapse\"><span style=\"color:#000080\"><strong>Registri l\u00e4hem tutvustus ja kasutusjuhis<\/strong><\/span>\u00a0(koost Kersti Lust)<\/button>\n        <\/h2>\n        <div id=\"accordion-69ffa0d32fd65-collapse\" class=\"accordion-collapse collapse\" aria-labelledby=\"accordion-69ffa0d32fd65-heading\">\n            <div class=\"accordion-body\">Vrakiregister h\u00f5lmab andmeid laeva nime, hukuaja, -koha ja asjaolude ning laeva, meeskonna, lasti ja reederite kohta. \u00dcldjuhul leiab laevahuku kohta k\u00e4ivatest kirjalikest \u00fclest\u00e4hendustest, ka k\u00f5ige napimatest, laeva ja kipri\/kapteni nime, \u00f5nnetuse toimumise aja ja\u00a0koha. Lahtris \u201ehukkumise aeg\u201c on kuup\u00e4evad toodud vana kalendri j\u00e4rgi, hukulugudes aga vahel ka uue kalendri j\u00e4rgi, juhul kui need lood tuginevad logiraamatute v\u00e4ljav\u00f5tetele, mille on kirja pannud meremehed, kes p\u00e4rinesid maadest, kus kehtis juba Gregoriuse kalender.\n\n<p>\n\t<br>\u00d5nnetuse kirjeldamise juures oli koham\u00e4\u00e4rang tavaliselt \u00fclds\u00f5naline ja s\u00fcndmuskoha kirjeldamisel piirduti osutamisega, millise m\u00f5isa, k\u00fcla v\u00f5i saare l\u00e4hedases meres asi juhtus. K\u00e4sikirjalisi kaarte, skeeme ja tr\u00fckitud kartograafilisi materjale hukkunud laevade\u00a0asukohtadega leidub arhiivitoimikutes haruharva (EAA.308.2.208; EAA.30.1.9270;\u00a0EAA.3.1.312, l. 877).\n<\/p>\n<p>\n\t<br>Sageli ei selgu allikatest laeva t\u00fc\u00fcp ja erinevates allikates kohtab eri nimetusi. Laeva\u00a0p\u00e4ritolumaa on enamasti allikates m\u00e4rgitud. Terminiga \u201eVene laev\u201c t\u00e4histatakse\u00a0kirjavahetuses k\u00f5iki Vene riigi alamatele kuulunud meres\u00f5idukeid, sh Eesti elanike laevu,\u00a0ainult Soome alused on eristatud (\u201eVene-Soome\u201c v\u00f5i \u201eSoome laev\u201c). Laeva t\u00fc\u00fcp ei ole\u00a0registris sageli sama, hukuloo v\u00e4ljal on tavaliselt j\u00e4etud arhiiviallikates m\u00e4rgitud t\u00fc\u00fcp.\n<\/p>\n<p>\n\t<br>Mere\u00f5nnetust t\u00e4histavad terminid, mis otseselt ei ava juhtumi sisu. Toimunu\u00a0m\u00e4\u00e4ratlemisel ei saa l\u00e4htuda terminist (Schiffbruch, stranden, scheitern, auf den Grundgeraten, verungl\u00fccken, \u043a\u0440\u0443\u0448\u0438\u0442\u044c), vaid kasutada tuleb kombineeritult k\u00f5iki allikatest ilmnevaid andmeid huku asjaolude ning lasti ja taglase saatuse kohta. Kuna viimane pole nii\u00a0m\u00f5nigi kord allikate nappusel v\u00f5imalik, v\u00f5ivad paljud vrakiregistris olevad laevad olla \u00fcksnes\u00a0karile s\u00f5itnud, kuid siiski mitte uppunud.\u00a0\n<\/p>\n<p>\n\t<br>Veel keerulisem on vraki edasise k\u00e4ek\u00e4igu j\u00e4lgimine. 17. sajandi materjalidest \u201cei n\u00e4e\u00a0edasi\u201d, mis laevast meres tegelikult sai, kas see uppus l\u00f5plikult ja j\u00e4i merre, v\u00f5i uppus, aga\u00a0hiljem toodi kaupu ja laev (kas osaliselt v\u00f5i tervikuna) v\u00e4lja. Samuti ei ole reeglina v\u00f5imalik\u00a0erinevaid allikaid kombineerida. 19. ja 20. sajandi algul karile s\u00f5itnud ja maha j\u00e4etud laevade\u00a0k\u00e4ek\u00e4ik tuleb arhiiviallikates k\u00f5neks enamasti seoses vraki m\u00fc\u00fcgiga. Vraki m\u00fc\u00fck oksjonil ei\u00a0t\u00e4hendanud kaugeltki, et see veest ka tegelikult v\u00e4lja toodi. Enampakkumusel m\u00fc\u00fcdud vrakid\u00a0lebasid merep\u00f5hjas ja seda, et laeva keret veest \u00fcldse v\u00f5i v\u00e4hemasti mitte kuigi kerge vaevaga\u00a0ja odavalt k\u00e4tte ei saadud, n\u00e4itab juba nende m\u00fc\u00fcgihind, mis sageli kujunes lausa t\u00fchiseks (vt\u00a0lahter \u201em\u00e4rkused\u201c).\n<\/p>\n<p>\n\t<br>Registrist ei leia \u00fcldjuhul andmeid nende hukkunud laevade kohta, mille puhul on\u00a0teada, et vrakk m\u00fc\u00fcdi kui see oli sadamasse v\u00f5i kaldale toimetatud, samuti nende kohta, mille\u00a0vrakk hiljem veest v\u00e4lja t\u00f5steti v\u00f5i tiriti ja t\u00fckkideks raiuti. Enamasti oleme j\u00e4tnud k\u00f5rvale ka\u00a0need juhtumid, kus allikas (ajalehes v\u00f5i arhiividokumendis) on fikseeritud \u00fcksnes lasti m\u00fc\u00fck,\u00a0sest hukkude korral tavap\u00e4raselt mainitakse ka taglase, laevainventari ja vraki saatust.\n<\/p>\n<p>\n\tVrakiregistrist ei leia laevahukke, mille puhul on andmed laeva enda kohta \u00e4\u00e4rmiselt\u00a0puudulikud (nt randa paiskus \u201esuur laev\u201c v\u00f5i puudub nimi ja dateering) v\u00f5i hukukoht on antud \u00e4\u00e4rmiselt ebam\u00e4\u00e4raselt (nt Saaremaa juures). Viimane ei kehti aga 17. sajandi hukulugude ja Hollandi allikatest leitud juhtumite kohta (viimaste puhul on enamjaolt tegemist 18. sajandi mere\u00f5nnetustega ja v\u00f5ib juhtuda, et nende laevade kohta leiab edaspidi andmeid ka Eesti v\u00f5i L\u00e4ti arhiividest).\n<\/p>\n<p>\n\t<a href=\"https:\/\/register.muinas.ee\/content\/tinybrowser\/files\/abitekst.pdf\">https:\/\/register.muinas.ee\/content\/tinybrowser\/files\/abitekst.pdf<\/a>\u00a0<\/p><\/div>\n        <\/div>\n        <\/div>\n    <\/div>\n\n<p>\n\t\u00a0\n<\/p>\n<p>\n\t<b>Vaata lisaks:<\/b>\n<\/p>\n<p>\n\t<a data-url=\"https:\/\/www.muinsuskaitseamet.ee\/sites\/default\/files\/content-editors\/trykised\/muinsuskaitse_aastaraamat_2012.pdf\" href=\"https:\/\/www.muinsuskaitseamet.ee\/sites\/default\/files\/content-editors\/trykised\/muinsuskaitse_aastaraamat_2012.pdf\" target=\"_blank\" title=\"\" rel=\"noopener\">Roio, M. 2013. Laevavrakid: digitaliseerimine ja avatud ligip\u00e4\u00e4s mereajaloo allikatele. \u2212 Muinsuskaitse aastaraamat 2012, 76\u221277.<\/a>\n<\/p>\n<p>\n\t\u00a0\n<\/p>\n<p>\n\t\u00a0\n<\/p>\n<p>\n\t<span style=\"font-size:16px\"><strong><a href=\"https:\/\/register.muinas.ee\/public.php?menuID=placeinfo\" target=\"_blank\" title=\"Muistised ja p\u00e4rimuspaigad\" rel=\"noopener\">Muistised ja p\u00e4rimuspaigad<\/a><\/strong><\/span>\n<\/p>\n<p>\n\t<em>Avalikuks kasutamiseks on avatud ainult osa andmebaasist. Uurijad saavad andmebaasi mitteavaliku osa kasutamiseks taotleda luba T\u00dc arheoloogia kabinetilt (<a href=\"mailto:riina.juurik@ut.ee\">riina.juurik@ut.ee<\/a>).\u00a0<\/em>\n<\/p>\n<p>\n\tAndmebaas\u00a0koondab muististe kohta eri allikatest teada olevat arheoloogilist ja kohap\u00e4rimuslikku infot. Lisaks T\u00dc ja TL\u00dc\u00a0<span style=\",serif\">arheoloogia kihelkonnaarhiivile on andmebaasis ka viited Kirjandusmuuseumi arhiivides olevale kohap\u00e4rimuslikule infole. Andmebaasis on rohkem infot\u00a0L\u00f5una-Eesti muististe kohta, \u00fclej\u00e4\u00e4nud Eesti on juhuslikumalt kaetud. Andmebaas on pidevalt t\u00e4ienev.<\/span>\n<\/p>\n<p>\n\t<img loading=\"lazy\" decoding=\"async\" width=\"1416\" height=\"794\" class=\"alignnone wp-image-12\" src=\"https:\/\/sisu.ut.ee\/wp-content\/uploads\/sites\/419\/muistised2.jpg\" title=\"muistised2.jpg\" alt=\"muistised\" srcset=\"https:\/\/sisu.ut.ee\/wp-content\/uploads\/sites\/419\/muistised2.jpg 1416w, https:\/\/sisu.ut.ee\/wp-content\/uploads\/sites\/419\/muistised2-300x168.jpg 300w, https:\/\/sisu.ut.ee\/wp-content\/uploads\/sites\/419\/muistised2-1024x574.jpg 1024w, https:\/\/sisu.ut.ee\/wp-content\/uploads\/sites\/419\/muistised2-768x431.jpg 768w\" sizes=\"auto, (max-width: 1416px) 100vw, 1416px\">\n<\/p>\n<p>\n\t\u00a0\n<\/p>\n<p>\n\t<\/p><div class=\"accordion mb-3\">\n        <div class=\"accordion-item accordion-item--white\">\n        <h2 class=\"accordion-header\" id=\"accordion-69ffa0d32fd6e-heading\">\n            <button class=\"accordion-button collapsed\" type=\"button\" data-bs-toggle=\"collapse\" data-bs-target=\"#accordion-69ffa0d32fd6e-collapse\" aria-expanded=\"true\" aria-controls=\"accordion-69ffa0d32fd6e-collapse\"><span style=\"color:#000080\"><strong>Kasutus\u00f5iguste taotlemine ja kasutuskord<\/strong><\/span><\/button>\n        <\/h2>\n        <div id=\"accordion-69ffa0d32fd6e-collapse\" class=\"accordion-collapse collapse\" aria-labelledby=\"accordion-69ffa0d32fd6e-heading\">\n            <div class=\"accordion-body\">\n\n<p>\n\t<a data-url=\"http:\/\/www.arheo.ut.ee\/docs\/Andmebaasi-kasutuskord-1.docx\" href=\"http:\/\/www.arheo.ut.ee\/docs\/Andmebaasi-kasutuskord-1.docx\" target=\"_blank\" title=\"\" rel=\"noopener\">Andmebaasi \u201cMuistised ja p\u00e4rimuspaigad\u201d kasutuskord<\/a>\n<\/p>\n<p>\n\t<a data-url=\"http:\/\/www.arheo.ut.ee\/docs\/Avaldus-T%C3%9C-arheoloogilise-kohainfo-andmebaasi-kasutaja%C3%B5iguste-saamiseks2.doc\" href=\"http:\/\/www.arheo.ut.ee\/docs\/Avaldus-T%C3%9C-arheoloogilise-kohainfo-andmebaasi-kasutaja%C3%B5iguste-saamiseks2.doc\" target=\"_blank\" title=\"\" rel=\"noopener\">Avaldus kasutaja\u00f5iguste saamiseks<\/a>\n<\/p>\n<p>\n\t<\/p><\/div>\n        <\/div>\n        <\/div>\n    <\/div>\n\n<p>\n\t\u00a0<\/p>\n","protected":false},"excerpt":{"rendered":"<p>\u00a0 Kultuurim\u00e4lestiste riiklik register Registrit haldab\u00a0Muinsuskaitseamet, mis on kultuuriministeeriumi allasutus. Registri kodulehele on koondatud mitmed andmebaasid. Riikliku kaitse all olevad arheoloogiam\u00e4lestised\u00a0on leitavad andmebaasist\u00a0M\u00e4lestised.\u00a0Alates 2019. aastast on registris lisaks arheoloogiam\u00e4lestistele\u00a0uue muisteliigina\u00a0arheoloogiline leiukoht. ! Mingit konkreetset muistist on andmebaasist k\u00f5ige lihtsam otsida &#8230;<\/p>\n","protected":false},"author":220,"featured_media":0,"parent":0,"menu_order":0,"comment_status":"closed","ping_status":"closed","template":"","meta":{"_acf_changed":false,"inline_featured_image":false,"footnotes":""},"class_list":["post-3","page","type-page","status-publish","hentry"],"acf":[],"_links":{"self":[{"href":"https:\/\/sisu.ut.ee\/arheoloogia-andmebaasid\/wp-json\/wp\/v2\/pages\/3","targetHints":{"allow":["GET"]}}],"collection":[{"href":"https:\/\/sisu.ut.ee\/arheoloogia-andmebaasid\/wp-json\/wp\/v2\/pages"}],"about":[{"href":"https:\/\/sisu.ut.ee\/arheoloogia-andmebaasid\/wp-json\/wp\/v2\/types\/page"}],"author":[{"embeddable":true,"href":"https:\/\/sisu.ut.ee\/arheoloogia-andmebaasid\/wp-json\/wp\/v2\/users\/220"}],"replies":[{"embeddable":true,"href":"https:\/\/sisu.ut.ee\/arheoloogia-andmebaasid\/wp-json\/wp\/v2\/comments?post=3"}],"version-history":[{"count":1,"href":"https:\/\/sisu.ut.ee\/arheoloogia-andmebaasid\/wp-json\/wp\/v2\/pages\/3\/revisions"}],"predecessor-version":[{"id":44,"href":"https:\/\/sisu.ut.ee\/arheoloogia-andmebaasid\/wp-json\/wp\/v2\/pages\/3\/revisions\/44"}],"wp:attachment":[{"href":"https:\/\/sisu.ut.ee\/arheoloogia-andmebaasid\/wp-json\/wp\/v2\/media?parent=3"}],"curies":[{"name":"wp","href":"https:\/\/api.w.org\/{rel}","templated":true}]}}