{"id":28,"date":"2026-01-26T09:32:42","date_gmt":"2026-01-26T07:32:42","guid":{"rendered":"https:\/\/sisu.ut.ee\/aprillikonverents2026\/?page_id=28"},"modified":"2026-04-10T14:08:23","modified_gmt":"2026-04-10T11:08:23","slug":"konverentsi-programm","status":"publish","type":"page","link":"https:\/\/sisu.ut.ee\/aprillikonverents2026\/konverentsi-programm\/","title":{"rendered":"Konverentsi programm"},"content":{"rendered":"<div class=\"conference-program\">\n<p>07:15 v\u00e4ljub buss TalTechi parklast (Ehitajate tee 5, Tallinn)<\/p>\n<p><strong>09:30 \u2013 10:00<\/strong><br>Kogunemine ja hommikukohv<\/p>\n<p><strong>10:00 \u2013 10:20<\/strong> \u2013 Avas\u00f5nad<br>Alar Rosentau<em>\u2013 Tartu \u00dclikool<\/em><\/p>\n<p>Erik Puura- <em>EGEOS<\/em><\/p>\n<h3 style=\"margin-top: 1.5em;\">I ettekannete plokk <span style=\"font-weight: normal;\">(10:20 \u2013 12:00)<\/span><\/h3>\n<ul style=\"margin-bottom: 1.5em;\">\n<li><strong>10:20 \u2013 10:40<\/strong> \u2013\u00a0Tiit Kaasik<br><em>Eesti kriitiliste toormete uuringuprogramm ja selle elluviimine<\/em><\/li>\n<li><strong>10:40 \u2013 11:00<\/strong> \u2013 Richard Pihel<br><em>Eesti kriitilised toormaterjalid j\u00e4\u00e4tmetest<\/em><\/li>\n<li><strong>11:00 \u2013 11:20<\/strong>\u00a0\u2013\u00a0Tiit Rahe<br><em>Avatud maasoojuss\u00fcsteemid Eestis<\/em><\/li>\n<li style=\"margin-top: 0.75em;\"><strong>11:20 \u2013 11:40<\/strong> \u2013 Holar Sepp <br><em>Isotooplabori k\u00f6\u00f6ginurk<\/em><\/li>\n<li style=\"margin-top: 0.75em;\"><strong>11:40 \u2013 12:00<\/strong> \u2013 Alvar Soesoo<br><em>Geoloogiline kaart kui teadmiste s\u00fcntees: t\u00e4nased vajadused Baltikumis<\/em><\/li>\n<\/ul>\n<p><strong>12:00 \u2013 13:30<\/strong><br>L\u00f5una<\/p>\n<h3 style=\"margin-top: 1.5em;\">II ettekannete plokk <span style=\"font-weight: normal;\">(13:30 \u2013 15:10)<\/span><\/h3>\n<ul style=\"margin-bottom: 1.5em;\">\n<li><strong>13:30 \u2013 13:50<\/strong> \u2013 Ethel Tamm<br><em>Avamus, AUK ja teised arendused<\/em><\/li>\n<li><strong>13:50 \u2013 14:10<\/strong> \u2013 Andres Marandi<br><em>Vaga vesi, s\u00fcgav p\u00f5hi<\/em><\/li>\n<li style=\"margin-top: 0.75em;\"><strong>14:10 \u2013 14:30<\/strong> \u2013 Mall Orru<br><em>Soo ja turvas<\/em><\/li>\n<li style=\"margin-top: 0.75em;\"><strong>14:30 \u2013 14:50<\/strong> \u2013 T\u00f5nu Pani<br><em>Tartu \u00dclikooli esimene geoloogiaprofessor Otto Moritz Ludwig von Engelhardt<\/em><\/li>\n<li style=\"margin-top: 0.75em;\"><strong>14:50 \u2013 15:10<\/strong> \u2013 Aivar Kriiska &amp; Alar Rosentau<br><em>Inimene muutuval maastikul: geoarheoloogiline pilk minevikku<\/em><\/li>\n<\/ul>\n<p><strong>15:10 \u2013 15:40<\/strong><br>Kohvipaus<\/p>\n<h3 style=\"margin-top: 1.5em;\">III ettekannete plokk <span style=\"font-weight: normal;\">(15:40 \u2013 16:40)<\/span><\/h3>\n<ul style=\"margin-bottom: 1.5em;\">\n<li><strong>15:40 \u2013 16:00<\/strong> \u2013 Ursula Toom<br><em>Bioerosioon: kivistised, revolutsioon ja andmebaas<\/em><\/li>\n<li><strong>16:00 \u2013 16:20<\/strong> \u2013 Sigrid Hade<br><em>Milline on seis Eesti geoparkidega?<\/em><\/li>\n<li style=\"margin-top: 0.75em;\"><strong>16:20 \u2013 16:40<\/strong> \u2013 Laura Maisv\u00e4li<br><em>Eesti paleokunst<\/em><\/li>\n<\/ul>\n<p><strong>17:00 \u2013 18:00<\/strong><br>EGEOS koosolek , v\u00f5imalik osaleda <a href=\"https:\/\/teams.microsoft.com\/meet\/317290167321892?p=hkWKxCjBXJs35qF7gh\">Teamsi<\/a> vahendusel.<\/p>\n<p><strong>18:30 \u2013 23:00<\/strong><br>\u00d5htune programm Lodjakojas:<\/p>\n<p><strong>18:30 Buffee \u00f5htus\u00f6\u00f6k<\/strong> ja vaba suhtlus<br>Esineb ansambel <em>Eterniit,\u00a0<\/em>soojendab noorteb\u00e4nd Kuumkapp.<\/p>\n<\/div>\n\n\n<p>22:30 v\u00e4ljub buss Lodjakoja juurest<\/p>\n\n\n\n<p>00:45 saabub buss Tallinnasse (Ehitajate tee 5, TalTech parkla)<\/p>\n","protected":false},"excerpt":{"rendered":"<p>07:15 v\u00e4ljub buss TalTechi parklast (Ehitajate tee 5, Tallinn) 09:30 \u2013 10:00Kogunemine ja hommikukohv 10:00 \u2013 10:20 \u2013 Avas\u00f5nadAlar Rosentau\u2013 Tartu \u00dclikool Erik Puura- EGEOS I ettekannete plokk (10:20 \u2013 12:00) 10:20 \u2013 10:40 \u2013\u00a0Tiit KaasikEesti kriitiliste toormete uuringuprogramm ja &#8230;<\/p>\n","protected":false},"author":971,"featured_media":0,"parent":0,"menu_order":0,"comment_status":"closed","ping_status":"closed","template":"","meta":{"_acf_changed":false,"inline_featured_image":false,"footnotes":""},"class_list":["post-28","page","type-page","status-publish","hentry"],"acf":[],"_links":{"self":[{"href":"https:\/\/sisu.ut.ee\/aprillikonverents2026\/wp-json\/wp\/v2\/pages\/28","targetHints":{"allow":["GET"]}}],"collection":[{"href":"https:\/\/sisu.ut.ee\/aprillikonverents2026\/wp-json\/wp\/v2\/pages"}],"about":[{"href":"https:\/\/sisu.ut.ee\/aprillikonverents2026\/wp-json\/wp\/v2\/types\/page"}],"author":[{"embeddable":true,"href":"https:\/\/sisu.ut.ee\/aprillikonverents2026\/wp-json\/wp\/v2\/users\/971"}],"replies":[{"embeddable":true,"href":"https:\/\/sisu.ut.ee\/aprillikonverents2026\/wp-json\/wp\/v2\/comments?post=28"}],"version-history":[{"count":13,"href":"https:\/\/sisu.ut.ee\/aprillikonverents2026\/wp-json\/wp\/v2\/pages\/28\/revisions"}],"predecessor-version":[{"id":240,"href":"https:\/\/sisu.ut.ee\/aprillikonverents2026\/wp-json\/wp\/v2\/pages\/28\/revisions\/240"}],"wp:attachment":[{"href":"https:\/\/sisu.ut.ee\/aprillikonverents2026\/wp-json\/wp\/v2\/media?parent=28"}],"curies":[{"name":"wp","href":"https:\/\/api.w.org\/{rel}","templated":true}]}}