{"id":9,"date":"2024-04-04T08:27:46","date_gmt":"2024-04-04T05:27:46","guid":{"rendered":"https:\/\/sisu.ut.ee\/aprillikonverents\/posterettekanded\/"},"modified":"2024-04-30T08:59:24","modified_gmt":"2024-04-30T05:59:24","slug":"posterettekanded","status":"publish","type":"page","link":"https:\/\/sisu.ut.ee\/aprillikonverents\/posterettekanded\/","title":{"rendered":"Posterettekanded"},"content":{"rendered":"<p><img loading=\"lazy\" decoding=\"async\" width=\"964\" height=\"518\" class=\"alignnone wp-image-22\" style=\"width: 748px; height: 402px;\" title=\"poster1.jpg\" src=\"https:\/\/sisu.ut.ee\/wp-content\/uploads\/sites\/611\/poster1.jpg\" alt=\"Poster sessioon\" srcset=\"https:\/\/sisu.ut.ee\/wp-content\/uploads\/sites\/611\/poster1.jpg 964w, https:\/\/sisu.ut.ee\/wp-content\/uploads\/sites\/611\/poster1-300x161.jpg 300w, https:\/\/sisu.ut.ee\/wp-content\/uploads\/sites\/611\/poster1-768x413.jpg 768w\" sizes=\"auto, (max-width: 964px) 100vw, 964px\"><\/p>\n<p>Ootame seekordsele aprillikonverentsile ka posterettekandeid!<\/p>\n<p>Postrite teemad ei ole limiteeritud konverentsi teemaplokkidega \u2013 k\u00f5ik geoloogilise sisuga postrid on oodatud. Samuti on oodatud nii <strong>eesti- <\/strong>kui <strong>inglisekeelsed<\/strong> postrid.<\/p>\n<p>Eesk\u00e4tt kutsume \u00fcles tudengeid ja doktorante oma eelnevaid v\u00f5i k\u00e4imasolevaid uurimisteemasid laiemale \u00fcldsusele Aprillikonverentsil tutvustama. Samuti on oodatud erinevaid k\u00e4imasolevaid projekte tutvustavad postrid.<\/p>\n<p><strong>NB! Parimatele tudengite\/doktorantide postritele korraldajate\u00a0poolt auhinnad!<\/strong><\/p>\n<p>T\u00e4psemad detailid:<\/p>\n<ul>\n<li>Postri m\u00f5\u00f5duks soovitame klassikaliselt <strong>A0<\/strong> (aga lubatud on ka muud teised m\u00f5\u00f5dud)<\/li>\n<li>Poster v\u00f5ib olla nii<strong> <em>landscape<\/em> <\/strong>kui<strong> <em>portrate<\/em> orientatsioonis<\/strong><\/li>\n<li>Postrite esitlus toimub vabas vormis suurel l\u00f5unapausil, kus esitlejad saavad oma materjale individuaalselt tutvustada v\u00e4iksematele huvilisgruppidele<\/li>\n<li>Postrid riputatakse \u00fclesse Omicumi konverentsisaali ees olevasse fuajeesse (riputusvahendid korraldajate poolt)<\/li>\n<li>Posterettekande tegijatelt ootame ka l\u00fchikest kirjalikku <strong>abstrakti<\/strong> (t\u00e4htaeg hiljemalt <strong>3. aprill<\/strong>, mis tuleb saata: kairi.poldsaar@ut.ee)<\/li>\n<\/ul>\n<p>T\u00e4psemad k\u00fcsimused: Kairi P\u00f5ldsaar (kairi.poldsaar@ut.ee)<\/p>\n","protected":false},"excerpt":{"rendered":"<p>Ootame seekordsele aprillikonverentsile ka posterettekandeid! Postrite teemad ei ole limiteeritud konverentsi teemaplokkidega \u2013 k\u00f5ik geoloogilise sisuga postrid on oodatud. Samuti on oodatud nii eesti- kui inglisekeelsed postrid. Eesk\u00e4tt kutsume \u00fcles tudengeid ja doktorante oma eelnevaid v\u00f5i k\u00e4imasolevaid uurimisteemasid laiemale \u00fcldsusele &#8230;<\/p>\n","protected":false},"author":219,"featured_media":0,"parent":0,"menu_order":0,"comment_status":"closed","ping_status":"closed","template":"","meta":{"_acf_changed":false,"inline_featured_image":false,"footnotes":""},"class_list":["post-9","page","type-page","status-publish","hentry"],"acf":[],"_links":{"self":[{"href":"https:\/\/sisu.ut.ee\/aprillikonverents\/wp-json\/wp\/v2\/pages\/9","targetHints":{"allow":["GET"]}}],"collection":[{"href":"https:\/\/sisu.ut.ee\/aprillikonverents\/wp-json\/wp\/v2\/pages"}],"about":[{"href":"https:\/\/sisu.ut.ee\/aprillikonverents\/wp-json\/wp\/v2\/types\/page"}],"author":[{"embeddable":true,"href":"https:\/\/sisu.ut.ee\/aprillikonverents\/wp-json\/wp\/v2\/users\/219"}],"replies":[{"embeddable":true,"href":"https:\/\/sisu.ut.ee\/aprillikonverents\/wp-json\/wp\/v2\/comments?post=9"}],"version-history":[{"count":2,"href":"https:\/\/sisu.ut.ee\/aprillikonverents\/wp-json\/wp\/v2\/pages\/9\/revisions"}],"predecessor-version":[{"id":137,"href":"https:\/\/sisu.ut.ee\/aprillikonverents\/wp-json\/wp\/v2\/pages\/9\/revisions\/137"}],"wp:attachment":[{"href":"https:\/\/sisu.ut.ee\/aprillikonverents\/wp-json\/wp\/v2\/media?parent=9"}],"curies":[{"name":"wp","href":"https:\/\/api.w.org\/{rel}","templated":true}]}}