{"id":11,"date":"2024-04-04T08:27:46","date_gmt":"2024-04-04T05:27:46","guid":{"rendered":"https:\/\/sisu.ut.ee\/aprillikonverents\/kontaktid\/"},"modified":"2024-04-30T09:08:14","modified_gmt":"2024-04-30T06:08:14","slug":"kontaktid","status":"publish","type":"page","link":"https:\/\/sisu.ut.ee\/aprillikonverents\/kontaktid\/","title":{"rendered":"Kontaktid"},"content":{"rendered":"<table class=\"table table-hover\" style=\"width: 700px;\" border=\"0\" cellspacing=\"1\" cellpadding=\"1\">\n<tbody>\n<tr>\n<td><span style=\"font-family: Arial,Helvetica,sans-serif;\"><strong>ERIK PUURA<\/strong><\/span>\u00a0\u2013 keelab ja k\u00e4sib\n<p><img loading=\"lazy\" decoding=\"async\" class=\"alignnone wp-image-24\" title=\"email.png\" src=\"https:\/\/sisu.ut.ee\/wp-content\/uploads\/sites\/611\/email.png\" alt=\"E-post logo\" width=\"40\" height=\"40\" srcset=\"https:\/\/sisu.ut.ee\/wp-content\/uploads\/sites\/611\/email.png 1176w, https:\/\/sisu.ut.ee\/wp-content\/uploads\/sites\/611\/email-300x300.png 300w, https:\/\/sisu.ut.ee\/wp-content\/uploads\/sites\/611\/email-1024x1024.png 1024w, https:\/\/sisu.ut.ee\/wp-content\/uploads\/sites\/611\/email-150x150.png 150w, https:\/\/sisu.ut.ee\/wp-content\/uploads\/sites\/611\/email-768x768.png 768w\" sizes=\"auto, (max-width: 40px) 100vw, 40px\">\u00a0erik.puura@ut.ee<\/p>\n<p><img loading=\"lazy\" decoding=\"async\" class=\"alignnone wp-image-23\" title=\"mobile-logo-png-1336.png\" src=\"https:\/\/sisu.ut.ee\/wp-content\/uploads\/sites\/611\/mobile-logo-png-1336.png\" alt=\"Mobili logo\" width=\"40\" height=\"40\" srcset=\"https:\/\/sisu.ut.ee\/wp-content\/uploads\/sites\/611\/mobile-logo-png-1336.png 600w, https:\/\/sisu.ut.ee\/wp-content\/uploads\/sites\/611\/mobile-logo-png-1336-300x300.png 300w, https:\/\/sisu.ut.ee\/wp-content\/uploads\/sites\/611\/mobile-logo-png-1336-150x150.png 150w\" sizes=\"auto, (max-width: 40px) 100vw, 40px\">\u00a0+372 506 9882<\/p><\/td>\n<td><img loading=\"lazy\" decoding=\"async\" class=\"alignnone wp-image-25\" title=\"erik_01.png\" src=\"https:\/\/sisu.ut.ee\/wp-content\/uploads\/sites\/611\/erik_01.png\" alt=\"Erik Puura_1\" width=\"200\" height=\"200\" srcset=\"https:\/\/sisu.ut.ee\/wp-content\/uploads\/sites\/611\/erik_01.png 797w, https:\/\/sisu.ut.ee\/wp-content\/uploads\/sites\/611\/erik_01-300x300.png 300w, https:\/\/sisu.ut.ee\/wp-content\/uploads\/sites\/611\/erik_01-150x150.png 150w, https:\/\/sisu.ut.ee\/wp-content\/uploads\/sites\/611\/erik_01-768x768.png 768w\" sizes=\"auto, (max-width: 200px) 100vw, 200px\"><\/td>\n<\/tr>\n<tr>\n<td><span style=\"font-family: Arial,Helvetica,sans-serif;\"><strong>KAIRI P\u00d5LDSAAR<\/strong><\/span>\u00a0 \u2013 r\u00f6\u00f6pr\u00e4hkleb\n<p><img loading=\"lazy\" decoding=\"async\" class=\"alignnone wp-image-24\" title=\"email.png\" src=\"https:\/\/sisu.ut.ee\/wp-content\/uploads\/sites\/611\/email.png\" alt=\"E-post logo\" width=\"40\" height=\"40\" srcset=\"https:\/\/sisu.ut.ee\/wp-content\/uploads\/sites\/611\/email.png 1176w, https:\/\/sisu.ut.ee\/wp-content\/uploads\/sites\/611\/email-300x300.png 300w, https:\/\/sisu.ut.ee\/wp-content\/uploads\/sites\/611\/email-1024x1024.png 1024w, https:\/\/sisu.ut.ee\/wp-content\/uploads\/sites\/611\/email-150x150.png 150w, https:\/\/sisu.ut.ee\/wp-content\/uploads\/sites\/611\/email-768x768.png 768w\" sizes=\"auto, (max-width: 40px) 100vw, 40px\">\u00a0kairi.poldsaar@ut.ee<\/p>\n<p><img loading=\"lazy\" decoding=\"async\" class=\"alignnone wp-image-23\" title=\"mobile-logo-png-1336.png\" src=\"https:\/\/sisu.ut.ee\/wp-content\/uploads\/sites\/611\/mobile-logo-png-1336.png\" alt=\"Mobili logo\" width=\"40\" height=\"40\" srcset=\"https:\/\/sisu.ut.ee\/wp-content\/uploads\/sites\/611\/mobile-logo-png-1336.png 600w, https:\/\/sisu.ut.ee\/wp-content\/uploads\/sites\/611\/mobile-logo-png-1336-300x300.png 300w, https:\/\/sisu.ut.ee\/wp-content\/uploads\/sites\/611\/mobile-logo-png-1336-150x150.png 150w\" sizes=\"auto, (max-width: 40px) 100vw, 40px\">\u00a0+372 5833 0832<\/p><\/td>\n<td><img loading=\"lazy\" decoding=\"async\" class=\"alignnone wp-image-26\" title=\"kairi_01.png\" src=\"https:\/\/sisu.ut.ee\/wp-content\/uploads\/sites\/611\/kairi_01.png\" alt=\"Kairi P\u00f5ldsaar_1\" width=\"200\" height=\"200\" srcset=\"https:\/\/sisu.ut.ee\/wp-content\/uploads\/sites\/611\/kairi_01.png 764w, https:\/\/sisu.ut.ee\/wp-content\/uploads\/sites\/611\/kairi_01-300x300.png 300w, https:\/\/sisu.ut.ee\/wp-content\/uploads\/sites\/611\/kairi_01-150x150.png 150w\" sizes=\"auto, (max-width: 200px) 100vw, 200px\"><\/td>\n<\/tr>\n<\/tbody>\n<\/table>\n<p>Aprillikonverents toimub <strong>Tartu \u00dclikooli Genoomika Instituudi suures auditooriumis<\/strong> aaressil Riia 23b\/2<br>\n<em>(Pildil kl\u00f5psamine viib GoogleMapsi detailsemale vaatele!)<\/em><\/p>\n<figure id=\"attachment_27\" aria-describedby=\"caption-attachment-27\" style=\"width: 626px\" class=\"wp-caption alignnone\"><a href=\"https:\/\/goo.gl\/maps\/U91BvUr3h5kbh5ng9\" target=\"_blank\" rel=\"noopener\"><img loading=\"lazy\" decoding=\"async\" class=\"wp-image-27\" src=\"https:\/\/sisu.ut.ee\/wp-content\/uploads\/sites\/611\/kaart.jpg\" alt=\"Asukohakaart\" width=\"626\" height=\"313\" srcset=\"https:\/\/sisu.ut.ee\/wp-content\/uploads\/sites\/611\/kaart.jpg 1441w, https:\/\/sisu.ut.ee\/wp-content\/uploads\/sites\/611\/kaart-300x150.jpg 300w, https:\/\/sisu.ut.ee\/wp-content\/uploads\/sites\/611\/kaart-1024x512.jpg 1024w, https:\/\/sisu.ut.ee\/wp-content\/uploads\/sites\/611\/kaart-768x384.jpg 768w\" sizes=\"auto, (max-width: 626px) 100vw, 626px\"><\/a><figcaption id=\"caption-attachment-27\" class=\"wp-caption-text\">Asukohakaart<\/figcaption><\/figure>\n<figure id=\"attachment_28\" aria-describedby=\"caption-attachment-28\" style=\"width: 348px\" class=\"wp-caption alignnone\"><a href=\"https:\/\/goo.gl\/maps\/U91BvUr3h5kbh5ng9\" target=\"_blank\" rel=\"noopener\"><img loading=\"lazy\" decoding=\"async\" class=\"wp-image-28\" src=\"https:\/\/sisu.ut.ee\/wp-content\/uploads\/sites\/611\/omicum.jpg\" alt=\"Omicumi hoone pilt\" width=\"348\" height=\"232\" srcset=\"https:\/\/sisu.ut.ee\/wp-content\/uploads\/sites\/611\/omicum.jpg 587w, https:\/\/sisu.ut.ee\/wp-content\/uploads\/sites\/611\/omicum-300x200.jpg 300w\" sizes=\"auto, (max-width: 348px) 100vw, 348px\"><\/a><figcaption id=\"caption-attachment-28\" class=\"wp-caption-text\">Omicumi hoone pilt<\/figcaption><\/figure>\n<p><span style=\"font-size: 16px;\"><strong>Tartu linna tasuliste parkimisalade kaart!<\/strong><\/span><\/p>\n<p><em>(kl\u00f5psa alloleval pildil\u00a0interaktiivse veebikaardi n\u00e4gemiseks, sellel omakorda suvalisel kohal kl\u00f5psates kuvatakse info, kas tegemist on tasulise v\u00f5i tasuta parkimise piirkonnaga ja muud detailid)<\/em><\/p>\n<figure id=\"attachment_29\" aria-describedby=\"caption-attachment-29\" style=\"width: 1535px\" class=\"wp-caption alignnone\"><a title=\"\" href=\"https:\/\/gis.tartulv.ee\/portal\/apps\/webappviewer\/index.html?id=3a7b615f61f24677b3cf076c69b1f805&amp;mobileBreakPoint=3\" target=\"_blank\" rel=\"noopener\" data-url=\"https:\/\/gis.tartulv.ee\/portal\/apps\/webappviewer\/index.html?id=3a7b615f61f24677b3cf076c69b1f805&amp;mobileBreakPoint=3\"><img loading=\"lazy\" decoding=\"async\" class=\"wp-image-29\" src=\"https:\/\/sisu.ut.ee\/wp-content\/uploads\/sites\/611\/capture.jpg\" alt=\"Tartu tasulised parklad\" width=\"1535\" height=\"860\" srcset=\"https:\/\/sisu.ut.ee\/wp-content\/uploads\/sites\/611\/capture.jpg 1535w, https:\/\/sisu.ut.ee\/wp-content\/uploads\/sites\/611\/capture-300x168.jpg 300w, https:\/\/sisu.ut.ee\/wp-content\/uploads\/sites\/611\/capture-1024x574.jpg 1024w, https:\/\/sisu.ut.ee\/wp-content\/uploads\/sites\/611\/capture-768x430.jpg 768w\" sizes=\"auto, (max-width: 1535px) 100vw, 1535px\"><\/a><figcaption id=\"caption-attachment-29\" class=\"wp-caption-text\">Tartu tasulised parklad<\/figcaption><\/figure>\n","protected":false},"excerpt":{"rendered":"<p>ERIK PUURA\u00a0\u2013 keelab ja k\u00e4sib \u00a0erik.puura@ut.ee \u00a0+372 506 9882 KAIRI P\u00d5LDSAAR\u00a0 \u2013 r\u00f6\u00f6pr\u00e4hkleb \u00a0kairi.poldsaar@ut.ee \u00a0+372 5833 0832 Aprillikonverents toimub Tartu \u00dclikooli Genoomika Instituudi suures auditooriumis aaressil Riia 23b\/2 (Pildil kl\u00f5psamine viib GoogleMapsi detailsemale vaatele!) Tartu linna tasuliste parkimisalade kaart! (kl\u00f5psa &#8230;<\/p>\n","protected":false},"author":219,"featured_media":0,"parent":0,"menu_order":0,"comment_status":"closed","ping_status":"closed","template":"","meta":{"_acf_changed":false,"inline_featured_image":false,"footnotes":""},"class_list":["post-11","page","type-page","status-publish","hentry"],"acf":[],"_links":{"self":[{"href":"https:\/\/sisu.ut.ee\/aprillikonverents\/wp-json\/wp\/v2\/pages\/11","targetHints":{"allow":["GET"]}}],"collection":[{"href":"https:\/\/sisu.ut.ee\/aprillikonverents\/wp-json\/wp\/v2\/pages"}],"about":[{"href":"https:\/\/sisu.ut.ee\/aprillikonverents\/wp-json\/wp\/v2\/types\/page"}],"author":[{"embeddable":true,"href":"https:\/\/sisu.ut.ee\/aprillikonverents\/wp-json\/wp\/v2\/users\/219"}],"replies":[{"embeddable":true,"href":"https:\/\/sisu.ut.ee\/aprillikonverents\/wp-json\/wp\/v2\/comments?post=11"}],"version-history":[{"count":2,"href":"https:\/\/sisu.ut.ee\/aprillikonverents\/wp-json\/wp\/v2\/pages\/11\/revisions"}],"predecessor-version":[{"id":139,"href":"https:\/\/sisu.ut.ee\/aprillikonverents\/wp-json\/wp\/v2\/pages\/11\/revisions\/139"}],"wp:attachment":[{"href":"https:\/\/sisu.ut.ee\/aprillikonverents\/wp-json\/wp\/v2\/media?parent=11"}],"curies":[{"name":"wp","href":"https:\/\/api.w.org\/{rel}","templated":true}]}}