{"id":3,"date":"2024-04-03T23:11:00","date_gmt":"2024-04-03T20:11:00","guid":{"rendered":"https:\/\/sisu.ut.ee\/antikehad\/avaleht\/"},"modified":"2025-01-07T12:25:58","modified_gmt":"2025-01-07T10:25:58","slug":"avaleht","status":"publish","type":"page","link":"https:\/\/sisu.ut.ee\/antikehad\/","title":{"rendered":"Avaleht"},"content":{"rendered":"<p style=\"text-align: left;\"><strong>Autorid: Kaupo Teesalu, Meeme Utt<\/strong><br><strong style=\"line-height: 1.6em;\">Joonised:\u00a0Maire Mandel<\/strong><br><strong style=\"line-height: 1.6em;\">Bio-ja siirdemeditsiini instituudi immunoloogia \u00f5ppetool, 2013<\/strong><\/p>\n<p>\u00d5piobjekt t\u00e4iendab arstiteaduskonna immunoloogia \u00f5ppeainete immunotehnoloogia seminari ja k\u00e4sitleb \u00fcht immunotehnoloogia peamist rakendusvaldkonda, milleks on terapeutiliste antikehade arendamine.<\/p>\n<p>Bioloogilistest ravimitest \u00a0ehk elusorganismides toodetud ravimitest\u00a0moodustavad suure osa terapeutilised antikehad v\u00f5i neil baseeruvad biomolekulid.\u00a0Omadused, mis teevad antikehadest atraktiivsed ravimkandidaadid on eelk\u00f5ige nende v\u00f5ime \u00e4ra tunda erinevaid molekulaarseid sihtm\u00e4rke, kaasates immuunmehhanisme oma toime avaldamiseks, samuti antikehade kehaomasus ja p\u00fcsivus organismis. Raku- ja molekulaarbioloogia edusammud on v\u00f5imaldanud arendada meetodeid sobivate terapeutiliste antikeha kandidaatide leidmiseks, nende omaduste parandamiseks ja tootmiseks. Seet\u00f5ttu on antikehad kujunenud \u00fcheks kiiremini arenevaks bioloogiliste ravimite grupiks, leides kasutust v\u00e4hkkasvajate, immuunhaiguste ja nakkushaiguste ravis.<\/p>\n<p>\u00d5piobjekti \u00fcldeesm\u00e4rgiks on anda \u00fclevaade\u00a0terapeutiliste antikehade saamisviisidest, t\u00fc\u00fcpidest, ravimiarendusprotsessist ja kasutamisest haiguste ravis.<\/p>\n<p>Peamisteks \u00f5piv\u00e4ljunditeks on:<\/p>\n<ul>\n<li><span style=\"line-height: 1.6em;\">aru saada immunotehnoloogilistest meetoditest terapeutiliste antikehade saamiseks;<\/span><\/li>\n<li><span style=\"line-height: 1.6em;\">omada \u00fclevaadet terapeutiliste antikehade t\u00fc\u00fcpidest \u00a0ja toimemehhanismidest;<\/span><\/li>\n<li><span style=\"line-height: 1.6em;\">teada terapeutiliste antikehade peamisi kasutusvaldkondi, leida infot registreeritud terapeutiliste antikehade kliinilise kasutuse \u00a0kohta.<\/span><\/li>\n<\/ul>\n<p>\u00d5piobjekti sihtr\u00fchmaks on arstiteaduse ja hambaarstiteaduse\u00a0 II kursuse \u00fcli\u00f5pilased ja proviisori\u00f5ppe IV kursuse \u00fcli\u00f5pilased. \u00d5piobjekti mahuks on 0,15 EAP-d ja selle l\u00e4bimiseks kulub umbes 4 tundi. \u00d5piv\u00e4ljundite saavutamist toetavad:\u00a0k\u00fcsimused m\u00f5tlemiseks\u00a0(vastus v\u00f5i vihje avaneb k\u00fcsimusel klikkides), \u00fclesanded, lisainfo, olulise r\u00f5hutamine (J\u00e4ta meelde!)\u00a0ja enesetest, mida t\u00e4histavad j\u00e4rgmised ikoonid:<\/p>\n\n\n\n<div class=\"wp-block-columns mb-0 mt-6 is-layout-flex wp-container-core-columns-is-layout-9d6595d7 wp-block-columns-is-layout-flex\">\n<div class=\"wp-block-column is-layout-flow wp-block-column-is-layout-flow\" style=\"flex-basis:25%\"><\/div>\n\n\n\n<div class=\"wp-block-column is-layout-flow wp-block-column-is-layout-flow\" style=\"flex-basis:50%\">\n<div class=\"wp-block-group is-content-justification-center is-nowrap is-layout-flex wp-container-core-group-is-layout-079bfc22 wp-block-group-is-layout-flex\">\n<figure class=\"wp-block-image size-full is-resized text-center\"><img loading=\"lazy\" decoding=\"async\" width=\"48\" height=\"48\" src=\"https:\/\/sisu.ut.ee\/wp-content\/uploads\/sites\/25\/ulesanne.png\" alt=\"\u00dclesande ikoon\" class=\"wp-image-24\" style=\"width:80px\"><figcaption class=\"wp-element-caption\">\u00dclesanne<\/figcaption><\/figure>\n\n\n\n<figure class=\"wp-block-image size-full is-resized text-center\"><img loading=\"lazy\" decoding=\"async\" width=\"48\" height=\"48\" src=\"https:\/\/sisu.ut.ee\/wp-content\/uploads\/sites\/25\/info.png\" alt=\"Lisainfo ikoon\" class=\"wp-image-23\" style=\"width:80px\"><figcaption class=\"wp-element-caption\">Lisainfo<\/figcaption><\/figure>\n\n\n\n<figure class=\"wp-block-image size-full is-resized text-center\"><img loading=\"lazy\" decoding=\"async\" width=\"48\" height=\"48\" src=\"https:\/\/sisu.ut.ee\/wp-content\/uploads\/sites\/25\/jata_meelde.png\" alt=\"J\u00e4ta meelde ikoon\" class=\"wp-image-22\" style=\"width:80px\"><figcaption class=\"wp-element-caption\">J\u00e4ta <br>meelde!<\/figcaption><\/figure>\n\n\n\n<figure class=\"wp-block-image size-full is-resized text-center\"><img loading=\"lazy\" decoding=\"async\" width=\"48\" height=\"48\" src=\"https:\/\/sisu.ut.ee\/wp-content\/uploads\/sites\/25\/test.png\" alt=\"Testi ikoon\" class=\"wp-image-26\" style=\"width:80px\"><figcaption class=\"wp-element-caption\">Enesetest<\/figcaption><\/figure>\n<\/div>\n<\/div>\n\n\n\n<div class=\"wp-block-column is-layout-flow wp-block-column-is-layout-flow\" style=\"flex-basis:25%\"><\/div>\n<\/div>\n\n\n\n<figure class=\"wp-block-image aligncenter size-full\"><img loading=\"lazy\" decoding=\"async\" width=\"185\" height=\"102\" src=\"https:\/\/sisu.ut.ee\/wp-content\/uploads\/sites\/25\/esf185.jpg\" alt=\"\" class=\"wp-image-37\"><\/figure>\n","protected":false},"excerpt":{"rendered":"<p>Autorid: Kaupo Teesalu, Meeme UttJoonised:\u00a0Maire MandelBio-ja siirdemeditsiini instituudi immunoloogia \u00f5ppetool, 2013 \u00d5piobjekt t\u00e4iendab arstiteaduskonna immunoloogia \u00f5ppeainete immunotehnoloogia seminari ja k\u00e4sitleb \u00fcht immunotehnoloogia peamist rakendusvaldkonda, milleks on terapeutiliste antikehade arendamine. Bioloogilistest ravimitest \u00a0ehk elusorganismides toodetud ravimitest\u00a0moodustavad suure osa terapeutilised antikehad v\u00f5i &#8230;<\/p>\n","protected":false},"author":280,"featured_media":0,"parent":0,"menu_order":0,"comment_status":"closed","ping_status":"closed","template":"","meta":{"_acf_changed":false,"inline_featured_image":false,"footnotes":""},"class_list":["post-3","page","type-page","status-publish","hentry"],"acf":[],"_links":{"self":[{"href":"https:\/\/sisu.ut.ee\/antikehad\/wp-json\/wp\/v2\/pages\/3","targetHints":{"allow":["GET"]}}],"collection":[{"href":"https:\/\/sisu.ut.ee\/antikehad\/wp-json\/wp\/v2\/pages"}],"about":[{"href":"https:\/\/sisu.ut.ee\/antikehad\/wp-json\/wp\/v2\/types\/page"}],"author":[{"embeddable":true,"href":"https:\/\/sisu.ut.ee\/antikehad\/wp-json\/wp\/v2\/users\/280"}],"replies":[{"embeddable":true,"href":"https:\/\/sisu.ut.ee\/antikehad\/wp-json\/wp\/v2\/comments?post=3"}],"version-history":[{"count":19,"href":"https:\/\/sisu.ut.ee\/antikehad\/wp-json\/wp\/v2\/pages\/3\/revisions"}],"predecessor-version":[{"id":144,"href":"https:\/\/sisu.ut.ee\/antikehad\/wp-json\/wp\/v2\/pages\/3\/revisions\/144"}],"wp:attachment":[{"href":"https:\/\/sisu.ut.ee\/antikehad\/wp-json\/wp\/v2\/media?parent=3"}],"curies":[{"name":"wp","href":"https:\/\/api.w.org\/{rel}","templated":true}]}}