{"id":6,"date":"2024-04-04T07:07:10","date_gmt":"2024-04-04T04:07:10","guid":{"rendered":"https:\/\/sisu.ut.ee\/andmeotsing\/andmerepositooriumid\/"},"modified":"2024-04-04T07:07:19","modified_gmt":"2024-04-04T04:07:19","slug":"andmerepositooriumid","status":"publish","type":"page","link":"https:\/\/sisu.ut.ee\/andmeotsing\/andmerepositooriumid\/","title":{"rendered":"Andmerepositooriumid"},"content":{"rendered":"<p>\n\t<strong>Teadusandmete repositooriumid e. andmehoidlad\u00a0on digitaalsed arhiivid teadusandmete ja nende metaandmete s\u00e4ilitamiseks ning k\u00e4ttesaadavaks tegemiseks<\/strong>. Repositooriumid annavad andmekogule p\u00fcsilingi, mille abil on mugav andmekogusid leida, tuvastada, linkida ja tsiteerida.\n<\/p>\n<p>\n\tRepositooriumid jagunevad:\n<\/p>\n<ul>\n<li>\n\t\tinstitutsionaalsed \u2013\u00a0\u00a0 nt\u00a0<a href=\"http:\/\/datadoi.ut.ee\/\" target=\"_blank\" rel=\"noopener\">T\u00dc DataDOI<\/a>,\u00a0\u00a0<a href=\"http:\/\/datashare.is.ed.ac.uk\/\" target=\"_blank\" rel=\"noopener\">Edinburgh DataShare<\/a>,\u00a0<a href=\"https:\/\/dataverse.harvard.edu\/\" target=\"_blank\" rel=\"noopener\">Harvard Dataverse<\/a>\n\t<\/li>\n<li>\n\t\trahvuslikud \u2013\u00a0 nt\u00a0<a href=\"http:\/\/ukdataservice.ac.uk\/\" target=\"_blank\" rel=\"noopener\">UK Data Service<\/a>,\u00a0<a href=\"http:\/\/www.ands.org.au\/\" target=\"_blank\" rel=\"noopener\">ANDS<\/a>\n\t<\/li>\n<li>\n\t\tvaldkonnap\u00f5hised \u2013<a href=\"http:\/\/datadryad.org\/\" target=\"_blank\" rel=\"noopener\">\u00a0nt DRYAD ,<\/a><a href=\"http:\/\/www.pangaea.de\/\" target=\"_blank\" rel=\"noopener\">\u00a0PANGAEA<\/a>,\u00a0<a href=\"https:\/\/biosharing.org\/\" target=\"_blank\" rel=\"noopener\">BioSharing<\/a>,\u00a0<a href=\"https:\/\/opendata.uit.no\/dataverse\/trolling\" target=\"_blank\" rel=\"noopener\">TROLLing<\/a>,\u00a0<a href=\"https:\/\/www.dataone.org\/\" target=\"_blank\" rel=\"noopener\">DataONE<\/a>, <a data-url=\"https:\/\/www.icpsr.umich.edu\/web\/pages\/ICPSR\/index.html\" href=\"https:\/\/www.icpsr.umich.edu\/web\/pages\/ICPSR\/index.html\" target=\"_blank\" title=\"\" rel=\"noopener\">ICPSR<\/a>\n\t<\/li>\n<li>\n\t\tmultidistsiplinaarsed \u2013 nt\u00a0\u00a0<a href=\"http:\/\/figshare.com\/\" target=\"_blank\" rel=\"noopener\">Figshare<\/a>,\u00a0<a href=\"https:\/\/zenodo.org\/\" target=\"_blank\" rel=\"noopener\">ZENODO<\/a>\n\t<\/li>\n<li>\n\t\tprojektip\u00f5hised \u2013 nt\u00a0<a href=\"http:\/\/www.scientificdrilling.org\/\" target=\"_blank\" rel=\"noopener\">Scientific Drilling Database<\/a>\n\t<\/li>\n<\/ul>\n<p>\n\t<strong>Institutsionaalsed repositooriumid<\/strong> pakuvad andmete s\u00e4ilitamise teenust \u00fcldjuhul oma \u00fclikooli teadlastele. Need on universaalsed repositooriumid, mis on v\u00f5imelised s\u00e4ilitama enamlevinud andmet\u00fc\u00fcpe ja -vorminguid nagu tekstid, tabelid, audio- ja videomaterjal jne.\u00a0<br>Tartu \u00dclikooli teadusandmete repositooriumit <a data-url=\"https:\/\/datadoi.ee\/\" href=\"https:\/\/datadoi.ee\/\" target=\"_blank\" title=\"\" rel=\"noopener\">DataDOI<\/a> haldab \u00fclikooli raamatukogu ja sellega on liitunud ka Tallinna \u00dclikool. Andmeid saab otsida valdkonna v\u00f5i metaandmete j\u00e4rgi. Iga T\u00dc teadlane saab sellesse oma andmed \u00fcles laadida, andmetele antakse kohe p\u00fcsiidentifikaator DOI ja nii on v\u00f5imalik siduda omavahel andmed ja artiklid.\u00a0\n<\/p>\n<p style=\"text-align: center\">\n\t<img loading=\"lazy\" decoding=\"async\" width=\"1212\" height=\"910\" class=\"alignnone wp-image-20\" src=\"https:\/\/sisu.ut.ee\/wp-content\/uploads\/sites\/480\/capture7.png\" title=\"capture7.png\" alt=\"DataDOI\" srcset=\"https:\/\/sisu.ut.ee\/wp-content\/uploads\/sites\/480\/capture7.png 1212w, https:\/\/sisu.ut.ee\/wp-content\/uploads\/sites\/480\/capture7-300x225.png 300w, https:\/\/sisu.ut.ee\/wp-content\/uploads\/sites\/480\/capture7-1024x769.png 1024w, https:\/\/sisu.ut.ee\/wp-content\/uploads\/sites\/480\/capture7-768x577.png 768w\" sizes=\"auto, (max-width: 1212px) 100vw, 1212px\">\n<\/p>\n<p>\n\t<strong>Erialased repositooriumid <\/strong>on v\u00f5imelised s\u00e4ilitama v\u00e4ga spetsiifilisi andmeid vastavalt erialastele andmete ja metaandmete standarditele ja eeldatavatele andmemahtudele.\u00a0N\u00e4iteks v\u00f5ib tuua geeniandmed, kosmoseuurimise andmed, satelliidiandmed ja suurandmed \u00fcldiselt.\u00a0<br>Teadlased ise eelistavadki oma andmeid \u00fcles laadida erialastesse repositooriumidesse, kui need on olemas, sest need on oma teaduskogukonnale tuttavad. Seega k\u00f5ik Tartu \u00dclikoolis kogutud andmed ei ole T\u00dc andmerepositooriumis.\u00a0\n<\/p>\n<p>\n\tKa Eestis on olemas m\u00f5ned valdkondlikud repositooriumid,\u00a0n\u00e4iteks andmehaldusplatvorm <a data-url=\"https:\/\/plutof.ut.ee\/\" href=\"https:\/\/plutof.ut.ee\/\" target=\"_blank\" title=\"\" rel=\"noopener\">PlutoF<\/a> elurikkuse andmetele, geokollektsioonide infos\u00fcsteem <a data-url=\"http:\/\/geokogud.info\/\" href=\"http:\/\/geokogud.info\/\" target=\"_blank\" title=\"\" rel=\"noopener\">SARV<\/a> ja arvutuskeemia mudelite andmebaas <a data-url=\"http:\/\/qsardb.org\/repository\/\" href=\"http:\/\/qsardb.org\/repository\/\" target=\"_blank\" title=\"\" rel=\"noopener\">QsarDB<\/a>. Enamasti on v\u00e4iksemad erialased repositooriumid integreeritud suuremate v\u00f5rgustikega, nii on Eesti Keeleressursside Keskus\u00a0(<a data-url=\"https:\/\/keeleressursid.ee\/et\/eesti-keeleressursside-keskus\" href=\"https:\/\/keeleressursid.ee\/et\/eesti-keeleressursside-keskus\" target=\"_blank\" title=\"\" rel=\"noopener\">EKRK<\/a>) osa <a data-url=\"https:\/\/www.clarin.eu\/\" href=\"https:\/\/www.clarin.eu\/\" target=\"_blank\" title=\"\" rel=\"noopener\">CLARIN-ERIC<\/a> repositooriumide v\u00f5rgustikust.\u00a0\n<\/p>\n<p>\n\t<strong>Universaalsed multidistsiplinaarsed repositooriumid<\/strong> on v\u00e4ga h\u00e4sti tuntud, sest nendesse v\u00f5ivad oma andmeid laadida k\u00f5ik teadlased ja seal on ka v\u00e4ga palju andmekogusid. Euroopa Komisjon rahastas repositooriumi <a data-url=\"https:\/\/zenodo.org\/\" href=\"https:\/\/zenodo.org\/\" target=\"_blank\" title=\"\" rel=\"noopener\">Zenodo<\/a> loomist ja selles\u00a0avaldatakse EK projektidega (Horisont 2020) seotud andmed.<br>Kui on soovi universaalsetest repositooriumidest rohkem teada saada, v\u00f5ib lisaks uurida materjali <a data-url=\"https:\/\/fairsharing.org\/collection\/GeneralRepositoryComparison\" href=\"https:\/\/fairsharing.org\/collection\/GeneralRepositoryComparison\" target=\"_blank\" title=\"\" rel=\"noopener\">General Repository Comparison<\/a>.<br>\u00a0\n<\/p>\n<p>\n\t<strong>Andmerepositooriumide teenused<\/strong>\n<\/p>\n<p>\n\t<strong>Andmerepositooriumi p\u00f5hi\u00fclesanne on pikaajalisele s\u00e4ilitamisele antud andmete hooldamine<\/strong> (<em>data curation<\/em>), et andmed oleksid leitavad, k\u00e4ttesaadavad, koost\u00f6\u00f6v\u00f5imelised ja taaskasutatavad, \u00fches\u00f5naga v\u00f5imalikult FAIR andmed.\u00a0\n<\/p>\n<p>\n\tSamuti haldavad repositooriumid <strong>juurdep\u00e4\u00e4su\u00f5igusi ja embargoperioode<\/strong>, kui teadlane on need ette n\u00e4inud.\u00a0\n<\/p>\n<p>\n\tSuured repositooriumid pakuvad sageli\u00a0<strong>tarkvara enamlevinud vormingute t\u00f6\u00f6tluseks<\/strong>. Probleemiks on alati uued formaadid, mis teevad andmete hooldamise keeruliseks.\u00a0 \u00dcldjuhul toimub andmet\u00f6\u00f6tlus ikkagi p\u00e4rast andmete allalaadimist m\u00f5nes teises keskkonnas.\u00a0\n<\/p>\n<p>\n\tVeel v\u00f5ivad repositooriumid pakkuda\u00a0<strong>bibliomeetrilisi\u00a0andmeid, statistikat andmekogu allalaadimise ning\u00a0visualiseerimise kohta, samuti tsiteerimise vormindamist<\/strong>.\n<\/p>\n<p>\n\tRepositooriumid abistavad teadlast ka\u00a0<strong>litsentside<\/strong> valikul.\n<\/p>\n<p>\n\t\u00a0\n<\/p>\n<p>\n\t\u00a0<\/p>\n","protected":false},"excerpt":{"rendered":"<p>Teadusandmete repositooriumid e. andmehoidlad\u00a0on digitaalsed arhiivid teadusandmete ja nende metaandmete s\u00e4ilitamiseks ning k\u00e4ttesaadavaks tegemiseks. Repositooriumid annavad andmekogule p\u00fcsilingi, mille abil on mugav andmekogusid leida, tuvastada, linkida ja tsiteerida. Repositooriumid jagunevad: institutsionaalsed \u2013\u00a0\u00a0 nt\u00a0T\u00dc DataDOI,\u00a0\u00a0Edinburgh DataShare,\u00a0Harvard Dataverse rahvuslikud \u2013\u00a0 nt\u00a0UK Data &#8230;<\/p>\n","protected":false},"author":78,"featured_media":0,"parent":0,"menu_order":0,"comment_status":"closed","ping_status":"closed","template":"","meta":{"_acf_changed":false,"inline_featured_image":false,"footnotes":""},"class_list":["post-6","page","type-page","status-publish","hentry"],"acf":[],"_links":{"self":[{"href":"https:\/\/sisu.ut.ee\/andmeotsing\/wp-json\/wp\/v2\/pages\/6","targetHints":{"allow":["GET"]}}],"collection":[{"href":"https:\/\/sisu.ut.ee\/andmeotsing\/wp-json\/wp\/v2\/pages"}],"about":[{"href":"https:\/\/sisu.ut.ee\/andmeotsing\/wp-json\/wp\/v2\/types\/page"}],"author":[{"embeddable":true,"href":"https:\/\/sisu.ut.ee\/andmeotsing\/wp-json\/wp\/v2\/users\/78"}],"replies":[{"embeddable":true,"href":"https:\/\/sisu.ut.ee\/andmeotsing\/wp-json\/wp\/v2\/comments?post=6"}],"version-history":[{"count":1,"href":"https:\/\/sisu.ut.ee\/andmeotsing\/wp-json\/wp\/v2\/pages\/6\/revisions"}],"predecessor-version":[{"id":42,"href":"https:\/\/sisu.ut.ee\/andmeotsing\/wp-json\/wp\/v2\/pages\/6\/revisions\/42"}],"wp:attachment":[{"href":"https:\/\/sisu.ut.ee\/andmeotsing\/wp-json\/wp\/v2\/media?parent=6"}],"curies":[{"name":"wp","href":"https:\/\/api.w.org\/{rel}","templated":true}]}}