{"id":3,"date":"2024-04-04T04:46:41","date_gmt":"2024-04-04T01:46:41","guid":{"rendered":"https:\/\/sisu.ut.ee\/andmekursus\/home0\/"},"modified":"2024-04-16T15:18:20","modified_gmt":"2024-04-16T12:18:20","slug":"home0","status":"publish","type":"page","link":"https:\/\/sisu.ut.ee\/andmekursus\/","title":{"rendered":"Home"},"content":{"rendered":"<div class=\"os-logo\" style=\"text-align: right;\">\u00a0<\/div>\n<p><img loading=\"lazy\" decoding=\"async\" width=\"576\" height=\"545\" class=\"alignnone wp-image-4\" style=\"width: 100px; height: 95px; float: right;\" title=\"mark-est-2020.png\" src=\"https:\/\/sisu.ut.ee\/wp-content\/uploads\/sites\/329\/mark-est-2020.png\" alt=\"E-kursuse kvaliteedim\u00e4rk 2020\" srcset=\"https:\/\/sisu.ut.ee\/wp-content\/uploads\/sites\/329\/mark-est-2020.png 576w, https:\/\/sisu.ut.ee\/wp-content\/uploads\/sites\/329\/mark-est-2020-300x284.png 300w\" sizes=\"auto, (max-width: 576px) 100vw, 576px\"><\/p>\n<p><strong>Tahaksid teada<\/strong>, kuidas muuta oma teadust\u00f6\u00f6 efektiivsemaks? Kuidas saada rohkem tsiteeringuid ja edendada teadlaskarj\u00e4\u00e4ri? Oled kuulnud, et andmed on uus uraan? Andmed on sama v\u00e4\u00e4rtuslikud ning neid tuleb k\u00e4sitleda suurima hoolikusega, et t\u00f5useks tulu teadusele ja majandusele, seega kogu \u00fchiskonnale. Tutvu avatud \u00f5ppematerjaliga!<\/p>\n<hr>\n<p><strong>Do you want<\/strong> to learn how to make your research more effective? How to make sure that you are more often cited and how to develop your researcher\u2019s career? Have you heard that data are the new uranium? Data are as valuable as uranium and it should be very carefully handled so that science and economy, and society as a whole could benefit from it. Study this open educational resource!<\/p>\n\n\n\n<div class=\"wp-block-columns is-layout-flex wp-container-core-columns-is-layout-9d6595d7 wp-block-columns-is-layout-flex\">\n<div class=\"wp-block-column is-layout-flow wp-block-column-is-layout-flow\" style=\"flex-basis:5%\"><\/div>\n\n\n\n<div class=\"wp-block-column is-layout-flow wp-block-column-is-layout-flow\" style=\"flex-basis:90%\">\n<div class=\"wp-block-columns is-layout-flex wp-container-core-columns-is-layout-9d6595d7 wp-block-columns-is-layout-flex\">\n<div class=\"wp-block-column is-layout-flow wp-block-column-is-layout-flow\">\n<div class=\"avabox raam\">\n<h2 style=\"text-align: center;\">\n\t<span style=\"font-size: xx-large;\"><span style=\"font-size: x-large;\"><strong>Tartu \u00dclikooli raamatukogu<br><span style=\"font-size:18px;\">University of Tartu Library<\/span><\/strong><\/span><\/span><br>\u00a0\n<\/h2>\n\n<h2 style=\"text-align: center;\">\n\t<br><a href=\"https:\/\/sisu.ut.ee\/andmehaldus\/avaleht?lang=et\"><span style=\"font-size: xx-large;\"><strong>Avatud teadus<br>Andmehaldusplaan<\/strong><\/span><\/a>\n<\/h2>\n\n<h2 style=\"text-align: center;\">\n\t<strong><span style=\"font-size:18px;\"><a data-url=\"https:\/\/sisu.ut.ee\/andmehaldus\/home-0?lang=en\" href=\"https:\/\/sisu.ut.ee\/andmehaldus\/home-0?lang=en\" title=\"\">Open Science<br>Data Management Plan<\/a><\/span><\/strong>\n<\/h2>\n<\/div>\n<\/div>\n\n\n\n<div class=\"wp-block-column is-layout-flow wp-block-column-is-layout-flow\">\n<div class=\"avabox plutof\">\n<h2 style=\"text-align: center;\">\n\t<span style=\"font-size: xx-large;\"><span style=\"font-size: x-large;\"><strong>Tartu \u00dclikooli Loodusmuuseum<br>ja botaanikaaed<br><span style=\"font-size:18px;\">University of Tartu Natural History<\/span><\/strong><\/span><\/span><br><span style=\"font-size:18px;\"><strong>Museum and Botanical Garden<\/strong><\/span>\n<\/h2>\n\n<h2 style=\"text-align: center;\">\n\t<span style=\"font-size: xx-large;\"><strong><a href=\"https:\/\/sisu.ut.ee\/plutof\/avaleht?lang=et\"><span>Andmehaldus PlutoF platvormil<\/span><\/a><\/strong><\/span>\n<\/h2>\n\n<h2 style=\"text-align: center;\">\n\t<span style=\"font-size:18px;\"><strong><a href=\"https:\/\/sisu.ut.ee\/plutof\/home-0?lang=en\">Data Management using<br>PlutoF platform<\/a><\/strong><\/span>\n<\/h2>\n<\/div>\n<\/div>\n<\/div>\n<\/div>\n\n\n\n<div class=\"wp-block-column is-layout-flow wp-block-column-is-layout-flow\" style=\"flex-basis:5%\"><\/div>\n<\/div>\n\n\n\n<div class=\"os-kriips\">\n\t\u00a0\n<\/div>\n\n<h4 style=\"text-align: center;\">\n\t<strong><span style=\"color: #808080; font-size: large;\">T\u00dc loodus- ja t\u00e4ppisteaduste valdkond, \u00f6koloogia ja maateaduse instituut<br><span style=\"font-size:16px;\">University of Tartu,\u00a0 Institute of Ecology and Earth Sciences<\/span><\/span><\/strong>\n<\/h4>\n","protected":false},"excerpt":{"rendered":"<p>\u00a0 Tahaksid teada, kuidas muuta oma teadust\u00f6\u00f6 efektiivsemaks? Kuidas saada rohkem tsiteeringuid ja edendada teadlaskarj\u00e4\u00e4ri? Oled kuulnud, et andmed on uus uraan? Andmed on sama v\u00e4\u00e4rtuslikud ning neid tuleb k\u00e4sitleda suurima hoolikusega, et t\u00f5useks tulu teadusele ja majandusele, seega kogu &#8230;<\/p>\n","protected":false},"author":78,"featured_media":0,"parent":0,"menu_order":0,"comment_status":"closed","ping_status":"closed","template":"","meta":{"_acf_changed":false,"inline_featured_image":false,"footnotes":""},"class_list":["post-3","page","type-page","status-publish","hentry"],"acf":[],"_links":{"self":[{"href":"https:\/\/sisu.ut.ee\/andmekursus\/wp-json\/wp\/v2\/pages\/3","targetHints":{"allow":["GET"]}}],"collection":[{"href":"https:\/\/sisu.ut.ee\/andmekursus\/wp-json\/wp\/v2\/pages"}],"about":[{"href":"https:\/\/sisu.ut.ee\/andmekursus\/wp-json\/wp\/v2\/types\/page"}],"author":[{"embeddable":true,"href":"https:\/\/sisu.ut.ee\/andmekursus\/wp-json\/wp\/v2\/users\/78"}],"replies":[{"embeddable":true,"href":"https:\/\/sisu.ut.ee\/andmekursus\/wp-json\/wp\/v2\/comments?post=3"}],"version-history":[{"count":11,"href":"https:\/\/sisu.ut.ee\/andmekursus\/wp-json\/wp\/v2\/pages\/3\/revisions"}],"predecessor-version":[{"id":28,"href":"https:\/\/sisu.ut.ee\/andmekursus\/wp-json\/wp\/v2\/pages\/3\/revisions\/28"}],"wp:attachment":[{"href":"https:\/\/sisu.ut.ee\/andmekursus\/wp-json\/wp\/v2\/media?parent=3"}],"curies":[{"name":"wp","href":"https:\/\/api.w.org\/{rel}","templated":true}]}}