{"id":39,"date":"2024-04-04T04:36:11","date_gmt":"2024-04-04T01:36:11","guid":{"rendered":"https:\/\/sisu.ut.ee\/andmehaldus\/eetilised-ja-oiguslikud-aspektid\/"},"modified":"2024-04-04T04:37:02","modified_gmt":"2024-04-04T01:37:02","slug":"eetilised-ja-oiguslikud-aspektid","status":"publish","type":"page","link":"https:\/\/sisu.ut.ee\/andmehaldus\/eetilised-ja-oiguslikud-aspektid\/","title":{"rendered":"Eetilised ja \u00f5iguslikud aspektid"},"content":{"rendered":"<p style=\"text-align: justify\">\n\t\u00a0\n<\/p>\n<p>\n\tAvatud teadusandmeid ei kasuta mitte \u00fcksnes teadlased, nendele on ligip\u00e4\u00e4s \u00fchtviisi k\u00f5ikidel\u00a0inimestel, s\u00f5ltumata kasutamise eesm\u00e4rgist. Kuna avatud teaduse p\u00fc\u00fce on s\u00e4ilitada ja teha k\u00e4ttesaadavaks masinloetavad FAIR andmed, siis on ligip\u00e4\u00e4s ka masinatele, mis teeb andmete kasutamise kontrollimatuks p\u00e4rast nende avamist.\n<\/p>\n<p>\n\tSeet\u00f5ttu on andmehaldusplaanis oluline n\u00e4idata, et te olete teadlik, millised eetilised ja \u00f5iguslikud aspektid m\u00e4ngivad rolli just teie projekti juures ja oskate nendega arvestada.\n<\/p>\n<ul>\n<li>\n\t\t<span>Intellektuaalomandi \u00f5igus, autori\u00f5igus ja litsentsid<\/span>\n\t<\/li>\n<li>\n\t\t<span>Tundlikud andmed (isikuandmete eriliigid, loomkatsed, \u00e4risaladused, riiklik julgeolek, ohustatud liikide andmed)<\/span>\n\t<\/li>\n<li>\n\t\t<span>Isikuandmete kaitse (sh. isikuandmete metaandmed)<\/span>\n\t<\/li>\n<\/ul>\n<p>\n\tEetikanormid ja seadused m\u00f5jutavad andmete eluts\u00fckli k\u00f5iki aspekte: kuidas andmeid kogutakse, kuidas neid s\u00e4ilitatakse t\u00f6\u00f6 jooksul, kellel on ligip\u00e4\u00e4su\u00f5igused, milliseid andmet\u00f6\u00f6tlusmeetodeid kasutatakse, kus, millisel kujul ja kui kaua s\u00e4ilitatakse andmeid p\u00e4rast projekti l\u00f5ppemist.\n<\/p>\n<h2>\n\tIntellektuaalomandi \u00f5igus, autori\u00f5igus ja litsentsid<br>\n<\/h2>\n<p style=\"text-align: justify\">\n\tOluline on kindlaks teha, kellele kuuluvad intellektuaalomandi \u00f5igused ja autori\u00f5igused. Kui m\u00f5ned \u00f5igused kuuluvad kolmandatele osapooltele, tuleb nendega s\u00f5lmida lepingud, mis k\u00f5iki osapooli rahuldavad.\n<\/p>\n<p style=\"text-align: justify\">\n\tN\u00e4ide: \u00fclikoolis t\u00f6\u00f6tava teadlase varalised \u00f5igused kuuluvad \u00fclikoolile, kuid \u00fcli\u00f5pilase varalised \u00f5igused kuuluvad \u00fcli\u00f5pilasele. Doktorant on \u00fcli\u00f5pilane, seega tuleks iga projektis osaleva doktorandiga s\u00f5lmida leping, et ka tema varalised \u00f5igused kuuluvad \u00fclikoolile. See on oluline andmete jagamise ja avaldamise seisukohalt ning ka juhul, kui doktorant lahkub \u00fclikoolist.\n<\/p>\n<p style=\"text-align: justify\">\n\tKui uurimisgrupp teeb koost\u00f6\u00f6d \u00e4riettev\u00f5ttega, kelle huvides ei ole andmete avaldamine, siis tuleb seda n\u00e4idata. Too v\u00e4lja k\u00f5ik andmete jagamist piiravad asjaolud, n\u00e4iteks omandi\u00f5igust puudutavad asjaolud v\u00f5i patenditaotlused.\n<\/p>\n<p style=\"text-align: justify\">\n\tVt. \u00a0ka teema <a data-url=\"https:\/\/sisu.ut.ee\/andmehaldus\/litsentsid\" href=\"https:\/\/sisu.ut.ee\/andmehaldus\/litsentsid\" target=\"_blank\" title=\"\" rel=\"noopener\">litsentsid<\/a>.\n<\/p>\n<p style=\"text-align: justify\">\n\tP\u00f5hjalikumalt saab lugeda raamatust <a href=\"https:\/\/issuu.com\/e-ope.ee\/docs\/cc_raamat\" target=\"_blank\" rel=\"noopener\">Creative Commons litsentsid 3.0 Eesti<\/a>\u00a0\n<\/p>\n<p style=\"text-align: justify\">\n\tKonkreetsete autori\u00f5iguse-alaste k\u00fcsimustega tegeleb \u00fclikooli jurist, kelle poole v\u00f5ib vajadusel p\u00f6\u00f6rduda. Juristi poolt on koostatud ka j\u00e4rgnev juhend kasutuslitsentside andmise kohta oma grandi tulemuste avaldamisel. Selle v\u00f5ib kopeerida oma andmehaldusplaani.\u00a0\n<\/p>\n<p style=\"text-align: justify\">\n\t<strong>Litsentseerimisest T\u00dc-s:<\/strong>\u00a0\n<\/p>\n<p style=\"text-align: justify\">\n\t<strong>Andmed kuuluvad Tartu \u00dclikoolile<\/strong>. Grandi tulemuste, sh andmete varalised \u00f5igused loovutavad grandi t\u00e4itjad \u00fclikoolile t\u00f6\u00f6lepinguga (akadeemilised t\u00f6\u00f6tajad) v\u00f5i muu kirjaliku dokumendiga (intellektuaalomandi loovutamise akt).\n<\/p>\n<p>\n\tAndmed avalikustatakse Creative Commons litsentsiga CC-BY 4.0.\n<\/p>\n<p>\n\tKolmas isik, kelle andmeid on kasutatud grandi tulemuste loomiseks v\u00f5ib seada andmete kasutamisel piiranguid. Sel juhul tuleb andmete litsentseerimisel neid piiranguid arvesse v\u00f5tta, st andmete kasutamiseks saab anda litsentsi ainult selles \u00f5iguste mahus, mida kolmas isik on lubanud (st \u00f5iguste mahus, mida \u00fclikool on kolmandatelt isikutelt saanud).\n<\/p>\n<p>\n\tKui \u00fclikool v\u00f5i kolmas isik, kelle andmeid grandi tulemuste loomiseks kasutatud soovib esitada tulemuste kaitseks patendi- v\u00f5i kasuliku mudeli taotlust, tuleb andmete publitseerimine kuni vastava taotluse esitamiseni edasi l\u00fckata.\n<\/p>\n<p>\n\tSama info inglise keeles:\n<\/p>\n<p>\n\t<em>\u2022 <strong>The data belong to the University of Tartu<\/strong>. Persons employed for filling the grant will assign the proprietary rights to the results of the research (including the data) performed under the grant agreement to the University with the Employment Contract (academic employees) or with another written document (Act of Assignment of the Intellectual Property Rights).<\/em>\n<\/p>\n<p>\n\t<em>\u2022 Data will be disclosed under the Creative Commons license CC-BY 4.0<\/em>\n<\/p>\n<p>\n\t<em>\u2022 A third party, whose data have been used for creating the results of the grant, may set restrictions to the usage of the data. In this case those restrictions must be considered while the data are being licensed, i.e. the university can give the license for the data usage only in the scale of rights allowed by the third person (i. e. the scale of rights that university has received from the third persons)<\/em>\n<\/p>\n<p>\n\t<em>\u2022 If the University or a third person, whose data have been used for creating the results of the grant, wants to submit a patent or a utility model application, the publishing of the data has to be postponed until the submission of the application<\/em>\n<\/p>\n<p style=\"text-align: justify\">\n\t\u00a0\n<\/p>\n<h3 style=\"text-align: justify\">\n\tIsikuandmete kaitse<br>\n<\/h3>\n<p>\n\t<strong><span style=\"background-color:#ff0000\">Oluline! <\/span><\/strong>Kui teadusprojektis t\u00f6\u00f6deldakse isikuandmeid, on abiks 2023. a. avaldatud juhend\u00a0\u00a0Andmekaitse teadust\u00f6\u00f6s, mille v\u00f5ib leida T\u00dc Wiki lehelt:\u00a0\n<\/p>\n<p>\n\tJuurik, M., M\u00e4esalu, T., &amp; Tarkpea, T. (2023).\u00a0<em>Andmekaitse teadust\u00f6\u00f6s<\/em>. Tartu \u00dclikool; T\u00dc Wiki.\u00a0<a href=\"https:\/\/wiki.ut.ee\/pages\/viewpage.action?pageId=196183311\" rel=\"nofollow\">https:\/\/wiki.ut.ee\/pages\/viewpage.action?pageId=196183311<\/a>\n<\/p>\n<p>\n\t\u00a0\n<\/p>\n<p>\n\t\u00a0\n<\/p>\n<p style=\"text-align: justify\">\n\tIsikuandmete kaitse on t\u00f5usnud eriti esile p\u00e4rast isikuandmete kaitse \u00fcldm\u00e4\u00e4ruse rakendumist 25.05.2018. Isikuandmete t\u00f6\u00f6tlemine peab olema vastavuses Tartu \u00dclikooli <a data-url=\"https:\/\/www.ut.ee\/et\/andmekaitsetingimused\" href=\"https:\/\/www.ut.ee\/et\/andmekaitsetingimused\" target=\"_blank\" title=\"\" rel=\"noopener\">andmekaitsetingimustega<\/a>.\u00a0\n<\/p>\n<blockquote>\n<p style=\"text-align:justify\">\n\t\t<br><strong>Isikuandmed<\/strong> \u2013 igasugune teave tuvastatud v\u00f5i tuvastatava f\u00fc\u00fcsilise isiku kohta; tuvastatav f\u00fc\u00fcsiline isik on isik, keda saab otseselt v\u00f5i kaudselt tuvastada, eelk\u00f5ige sellise identifitseerimistunnuse p\u00f5hjal nagu nimi, isikukood, asukohateave, v\u00f5rguidentifikaator v\u00f5i selle f\u00fc\u00fcsilise isiku \u00fche v\u00f5i mitme f\u00fc\u00fcsilise, f\u00fcsioloogilise, geneetilise, vaimse, majandusliku, kultuurilise v\u00f5i sotsiaalse tunnuse p\u00f5hjal.<br><b>Isikuandmete eriliigid<\/b> on isikuandmed, millest ilmneb rassiline v\u00f5i etniline p\u00e4ritolu, poliitilised vaated, usulised v\u00f5i filosoofilised veendumused v\u00f5i ameti\u00fchingusse kuulumine, geneetilisi andmed, f\u00fc\u00fcsilise isiku kordumatuks tuvastamiseks kasutatavad biomeetrilised andmeid, terviseandmed v\u00f5i andmed f\u00fc\u00fcsilise isiku seksuaalelu ja seksuaalse s\u00e4ttumuse kohta.<br><strong>Isikuandmete t\u00f6\u00f6tlemine<\/strong> \u2013 isikuandmete v\u00f5i nende kogumitega tehtav automatiseeritud v\u00f5i automatiseerimata toiming v\u00f5i toimingute kogum, nagu kogumine, dokumenteerimine, korrastamine, struktureerimine, s\u00e4ilitamine, kohandamine ja muutmine, p\u00e4ringute tegemine, lugemine, kasutamine, edastamise, levitamise v\u00f5i muul moel k\u00e4ttesaadavaks tegemise teel avalikustamine, \u00fchitamine v\u00f5i \u00fchendamine, piiramine, kustutamine v\u00f5i h\u00e4vitamine.\n\t<\/p>\n<\/blockquote>\n<p style=\"text-align: justify\">\n\tKui teadlane kasutab oma teadusuuringutes isikuandmeid, on oluline nende n\u00f5uetekohane t\u00f6\u00f6tlus ja s\u00e4ilitamine kogu teadusandmete eluts\u00fckli v\u00e4ltel ja p\u00e4rast t\u00f6\u00f6 l\u00f5ppemist:\n<\/p>\n<p style=\"text-align: justify\">\n\t<img loading=\"lazy\" decoding=\"async\" width=\"891\" height=\"666\" class=\"alignnone wp-image-168\" src=\"https:\/\/sisu.ut.ee\/wp-content\/uploads\/sites\/301\/isikuandmed_slaid.png\" title=\"isikuandmed_slaid.png\" alt=\"isikuandmed eluts\u00fcklis\" srcset=\"https:\/\/sisu.ut.ee\/wp-content\/uploads\/sites\/301\/isikuandmed_slaid.png 891w, https:\/\/sisu.ut.ee\/wp-content\/uploads\/sites\/301\/isikuandmed_slaid-300x224.png 300w, https:\/\/sisu.ut.ee\/wp-content\/uploads\/sites\/301\/isikuandmed_slaid-768x574.png 768w\" sizes=\"auto, (max-width: 891px) 100vw, 891px\">\n<\/p>\n<p style=\"text-align: justify\">\n\t<br>Teadust\u00f6\u00f6s, eriti sotsiaal- ja meditsiiniuuringutes, on uuritavate isikute teavitamine, n\u00f5usoleku k\u00fcsimine ja andmete kaitse olnud alati teadust\u00f6\u00f6 hea tava. T\u00f5en\u00e4oliselt see on ka p\u00f5hjus, miks \u00fcldm\u00e4\u00e4rus ei piira isikuandmete kasutamist teadusuuringutes, ajaloouuringutes ja statistikas, kui on kasutusele v\u00f5etud k\u00f5ik asjakohased organisatoorsed ja tehnilised meetmed uuritavate privaatsuse tagamiseks.\u00a0\n<\/p>\n<p style=\"text-align: justify\">\n\t\u00a0\n<\/p>\n<p style=\"text-align: justify\">\n\t<strong>Isikuandmete t\u00f6\u00f6tlemise p\u00f5him\u00f5tted<\/strong>\n<\/p>\n<ul>\n<li style=\"text-align: justify\">\n\t\tSeaduslikkus, \u00f5iglus, l\u00e4bipaistvus\n\t<\/li>\n<li style=\"text-align: justify\">\n\t\t<strong>Eesm\u00e4rgi piirang (ei kehti teadust\u00f6\u00f6 puhul)<\/strong>\n\t<\/li>\n<li style=\"text-align: justify\">\n\t\tV\u00f5imalikult v\u00e4heste andmete kogumine\n\t<\/li>\n<li style=\"text-align: justify\">\n\t\tAndmete \u00f5igsus\n\t<\/li>\n<li style=\"text-align: justify\">\n\t\t<strong>S\u00e4ilitamise piirang (ei kehti teadust\u00f6\u00f6 puhul)<\/strong>\n\t<\/li>\n<li style=\"text-align: justify\">\n\t\tVastutus\n\t<\/li>\n<li style=\"text-align: justify\">\n\t\tUsaldusv\u00e4\u00e4rsus ja konfidentsiaalsus\n\t<\/li>\n<\/ul>\n<p style=\"text-align: justify\">\n\t<strong>Illustreerimaks, kuidas isikuandmete kogumise eesm\u00e4rgi ja s\u00e4ilitamise piirangud ei kehti teadust\u00f6\u00f6 puhul<\/strong>, toome v\u00e4lja geeniuuringute kaugemad eesm\u00e4rgid ja esimese punkti <a data-url=\"https:\/\/geenidoonor.ee\/nousoleku-vorm\" href=\"https:\/\/geenidoonor.ee\/nousoleku-vorm\" target=\"_blank\" title=\"\" rel=\"noopener\">geenidoonoriks saamise n\u00f5usoleku vormist:<\/a>\n<\/p>\n<p>\n\t1. Geenivaramu eesm\u00e4rk on koguda teavet Eesti rahvastiku tervise ja p\u00e4rilikkuse kohta ning luua ja t\u00e4iendada selle p\u00f5hjal andmetega andmekogu \u201cGeenivaramu\u201c. Geenivaramut v\u00f5ib kasutada \u00fcksnes teaduslikuks uurimist\u00f6\u00f6ks, geenidoonori haiguste uurimiseks ja raviks, rahva tervise uurimiseks ja statistilistel eesm\u00e4rkidel. Geenivaramu kasutamine muul otstarbel, eriti tsiviil- v\u00f5i kriminaalprotsessis t\u00f5endite kogumiseks v\u00f5i j\u00e4litustegevuseks, on keelatud. <strong>Geenivaramu abil tehtavad uuringud on j\u00e4tkuvad ja ei ole piiratud k\u00e4esoleva aja teaduse tasemega.<\/strong>\n<\/p>\n<p>\n\t<strong>Andes oma n\u00f5usoleku, lubab geenidoonor oma andmeid kasutada mitmetel teaduslikel eesm\u00e4rkidel piiramatu aja jooksul, mis on seotud geeniuuringutega. <\/strong>Kui teadust\u00f6\u00f6le kehtiksid ka p\u00f5him\u00f5tted, et isikuandmeid tohib koguda vaid \u00fchel kindlal eesm\u00e4rgil ja andmed tuleks h\u00e4vitada eesm\u00e4rgi t\u00e4itmisel, siis oleksid nimetatud geeniuuringud ja ka v\u00e4ga paljud teised isikuandmetel p\u00f5hinevad uuringud t\u00e4iesti v\u00f5imatud.\n<\/p>\n<p style=\"text-align: justify\">\n\t\u00a0\n<\/p>\n<p style=\"text-align: justify\">\n\t<strong>Teadust\u00f6\u00f6 kontekstis saab r\u00e4\u00e4kida peamiselt kahest\u00a0\u00f5iguslikust alusest isikuandmete t\u00f6\u00f6tlemiseks:<\/strong>\n<\/p>\n<p style=\"text-align: justify\">\n\t1. <strong>Uuringus osaleja (f\u00fc\u00fcsiline isik) on andnud n\u00f5usoleku t\u00f6\u00f6delda oma isikuandmeid<\/strong> \u00fchel v\u00f5i mitmel konkreetsel eesm\u00e4rgil;\n<\/p>\n<blockquote>\n<p style=\"text-align: justify\">\n\t\tN\u00f5usolek on vabatahtlik, konkreetne, teadlik ja \u00fchem\u00f5tteline tahteavaldus, millega isik kas avalduse vormis v\u00f5i selge n\u00f5usolekut v\u00e4ljendava tegevusega n\u00f5ustub tema kohta k\u00e4ivate isikuandmete t\u00f6\u00f6tlemisega\n\t<\/p>\n<\/blockquote>\n<p style=\"text-align: justify\">\n\tAndmekaitse Inspektsiooni varasemate dokumentide hulgas oli kontrollk\u00fcsimustik\u00a0n\u00f5usoleku k\u00fcsimise kohta. Ehkki see ei ole enam sealt leitav, on k\u00f5ik kehtiv:\n<\/p>\n<p>\n\t<img loading=\"lazy\" decoding=\"async\" width=\"654\" height=\"803\" class=\"alignnone wp-image-166\" style=\"margin-left: auto;margin-right: auto;text-align: justify\" src=\"https:\/\/sisu.ut.ee\/wp-content\/uploads\/sites\/301\/nousolek.png\" title=\"nousolek.png\" alt=\"nousolek.png\" srcset=\"https:\/\/sisu.ut.ee\/wp-content\/uploads\/sites\/301\/nousolek.png 654w, https:\/\/sisu.ut.ee\/wp-content\/uploads\/sites\/301\/nousolek-244x300.png 244w\" sizes=\"auto, (max-width: 654px) 100vw, 654px\">\n<\/p>\n<p style=\"text-align: justify\">\n\t\u00a0\n<\/p>\n<p style=\"text-align: justify\">\n\t<strong>2. Avalik huvi\u00a0(n\u00f5usolekuta t\u00f6\u00f6tlemine)<\/strong>\n<\/p>\n<p style=\"text-align: justify\">\n\tAvalikku huvi peab p\u00f5hjendama ja n\u00e4itama, et need huvid kaaluvad \u00fcles isiku \u00f5iguse eraelule ja isikuandmete kaitsele,\u00a0kasutades siiski nii palju organisatsioonilisi ja tehnilisi meetmeid, kui v\u00e4hegi v\u00f5imalik.\n<\/p>\n<p style=\"text-align: justify\">\n\t<b>Avalik huvi<\/b> tuleneb n\u00e4iteks Tartu \u00dclikooli p\u00f5hikirjast, mis \u00fctleb, et \u201eTartu \u00dclikool on Eesti Vabariigi rahvus\u00fclikool, universaalne integreeritud teadus-, arendus-, \u00f5ppe- ja kultuuriasutus, mille eesm\u00e4rk on edendada teadusi ja kultuuri, pakkuda teaduse ja tehnoloogia arengule tuginevaid k\u00f5rghariduse omandamise v\u00f5imalusi k\u00f5rgharidustaseme kolmel astmel humanitaar-, sotsiaal-, arsti- ja loodusteaduste alal ning osutada \u00f5ppe-, teadus- ja muul loometegevusel p\u00f5hinevaid avalikke teenuseid\u201c.\n<\/p>\n<p>\n\tKokkuv\u00f5tvalt: \u00fclikooli \u00fclesanne on teadusuuringute l\u00e4biviimine avalikes huvides.\n<\/p>\n<p style=\"text-align: justify\">\n\t<strong>Avalik huvi on sageli aluseks sekundaarsetele uuringutele<\/strong>, kus andmed on n\u00f5usoleku alusel kogutud \u00fchel eesm\u00e4rgil, kuid neid soovitakse kasutada mingi teise teadusuuringu juures. Sellisel juhul tuleb hinnata j\u00f5upingutuse ja tulemuse suhet uue n\u00f5usoleku k\u00fcsimiseks. Kui see on ebam\u00f5istlikult suur, tuleb p\u00f6\u00f6rduda andmekaitse inspektsiooni ja\/v\u00f5i eetikakomiteesse ning k\u00fcsida luba uueks uuringuks, seda igak\u00fclgselt p\u00f5hjendades.<br>Tartu \u00dclikooli inimuuringute eetika komitee <a data-url=\"https:\/\/ut.ee\/et\/sisu\/inimuuringute-eetikakomitee\" href=\"https:\/\/ut.ee\/et\/sisu\/inimuuringute-eetikakomitee\" target=\"_blank\" title=\"\" rel=\"noopener\">veebilehel<\/a> on olemas juhendid ja vormid korrektseks asjaajamiseks. Tuleb arvestada, et eetikakomitee koosk\u00f5lastus tuleb taotleda enne uuringu alustamist ja andmete kogumist, tagantj\u00e4rele luba ei anta.\n<\/p>\n<p>\n\tKiire \u00fclevaate selle kohta, milliste uurimist\u00f6\u00f6 eetiliste aspektidega tuleks arvestada, saab ka Eesti Teadusagentuuri veebilehelt <a data-url=\"https:\/\/www.etag.ee\/wp-content\/uploads\/2022\/02\/Eetika_Tabel_EST_2022.pdf\" href=\"https:\/\/www.etag.ee\/wp-content\/uploads\/2022\/02\/Eetika_Tabel_EST_2022.pdf\" target=\"_blank\" title=\"\" rel=\"noopener\">Juhis eetikak\u00fcsimuste anal\u00fc\u00fcsimiseks granditaotluses<\/a>\n<\/p>\n<p>\n\tAndmehaldusplaanis tuleks p\u00f6\u00f6rata isikuandmete t\u00f6\u00f6tlusele teravdatud\u00a0t\u00e4helepanu, kui tegemist on tundlike isikuandmete, laste v\u00f5i v\u00e4hemusr\u00fchmadega.\n<\/p>\n<p>\n\tIsikuandmete s\u00e4ilitamise ja t\u00f6\u00f6tlemise puhul on oluline k\u00e4sitleda rakendatavaid turvameetmeid, vt. <a data-url=\"https:\/\/sisu.ut.ee\/andmehaldus\/andmete-s%C3%A4ilitamine-ja-infoturve\" href=\"https:\/\/sisu.ut.ee\/andmehaldus\/andmete-s%C3%A4ilitamine-ja-infoturve\" target=\"_blank\" title=\"\" rel=\"noopener\">Andmete s\u00e4ilitamine ja infoturve<\/a>.\n<\/p>\n<p style=\"text-align: justify\">\n\tSiinkohal on oluline teada, et <strong>pseudon\u00fcmiseeritud andmed on isikuandmed,<\/strong> kuid <strong>anon\u00fcmiseeritud andmed ei ole isikuandmed<\/strong>, sest anon\u00fcmiseerimist ei saa tagasi p\u00f6\u00f6rata. Anon\u00fcmiseeritud andmete alusel uue uuringu l\u00e4biviimiseks ei pea k\u00fcsima luba eetikakomiteelt, sest isikud ei ole enam tuvastatavad.\u00a0\n<\/p>\n<p style=\"text-align: justify\">\n\tPseudon\u00fcmiseerimine on isikuandmete t\u00f6\u00f6tlemine sellisel viisil, et isikuandmeid ei saa enam t\u00e4iendavat teavet (v\u00f5tit) kasutamata seostada konkreetse isikuga, kuid v\u00f5tme olemasolul on isik siiski tuvastatav.\u00a0\n<\/p>\n<p style=\"text-align: justify\">\n\tTeisalt tuleb j\u00e4rele m\u00f5elda, kas anon\u00fcmiseerimine v\u00f5ib kahjustada andmete v\u00e4\u00e4rtust. N\u00e4iteks meditsiiniuuringutes ei saa anon\u00fcmiseeritud andmete puhul anda uuringus osalenule tagasisidet tema geeni- ja terviseriskide kohta.\u00a0<br>Andmete anon\u00fcmiseerimine v\u00f5ib luua petliku tunde, et andmeid v\u00f5ib jagada ilma eriliste turvameetmeteta. Ikkagi tuleb l\u00e4bi m\u00f5elda, kas re-identifitseerimine ei v\u00f5i osutuda v\u00f5imalikuks mingite teiste isikuandmete andmebaasidega agregeerides v\u00f5i uusi tehnoloogiaid ja meetodeid kasutades.\n<\/p>\n<p style=\"text-align: justify\">\n\tLondoni metrookaardil p\u00f5hinev isikuandmete t\u00f6\u00f6tlemise m\u00f5juhinnangu skeem v\u00f5ib olla abiks otsustamaks, milliseid samme tuleks astuda:\u00a0\n<\/p>\n<p style=\"text-align: center\">\n\t<img decoding=\"async\" alt=\"\" src=\"https:\/\/sisu.ut.ee\/wp-content\/uploads\/sites\/301\/londoni_metroo.png\" style=\"width: 800px;height: 568px\">\n<\/p>\n<p style=\"text-align: justify\">\n\t<strong><span style=\"background-color:#ffa07a\">Lisavaatamist<\/span><\/strong>: kui on vaja t\u00f6\u00f6tada isikuandmetega, siis kindlasti on abiks OpenAIRE veebinar \u201cLegal and ethical considerations for sharing research data\u201d.\n<\/p>\n<p style=\"text-align: justify\">\n\t<\/p><div class=\"ratio ratio-16x9 mb-3\"><div class=\"video-placeholder-wrapper video-placeholder-wrapper--16x9\">\n\t\t\t    <div class=\"video-placeholder d-flex justify-content-center align-items-center\">\n\t\t\t        <div class=\"overlay text-white p-2 w-100 text-center d-block justify-content-center align-items-center\">\n\t\t\t            <div>Kolmandate osapoolte sisu n\u00e4gemiseks palun n\u00f5ustu k\u00fcpsistega.<\/div>\n\t\t\t            <button class=\"btn btn-secondary btn-sm mt-1 consent-change\">Muuda n\u00f5usolekut<\/button>\n\t\t\t        <\/div>\n\t\t\t    <\/div>\n\t\t\t<\/div>\n<\/div>\n\n<p style=\"text-align: justify\">\n\t\u00a0\n<\/p>\n<h2>\n\t<b>Teadlase privaatsuse kaitsmine<\/b><br>\n<\/h2>\n<p>\n\tV\u00e4ga palju p\u00f6\u00f6ratakse t\u00e4helepanu sellele, kuidas uurijad peavad kaitsma uuringus osalejate isikuandmeid.\n<\/p>\n<blockquote>\n<p>\n\t\tSelle k\u00f5rval ei tohi unustada asjaolu, et teadlane peaks oma privaatsust samuti kaitsma ning andmete kogumise v\u00f5i t\u00f6\u00f6tlemisega seotud ohtusid endale teadvustama.\n\t<\/p>\n<\/blockquote>\n<p>\n\tN\u00e4iteks eElurikkuse andmebaasis on andmed loodusvaatluste kohta:\n<\/p>\n<p>\n\t<a data-url=\"https:\/\/elurikkus.ee\/generic-hub\/occurrences\/search?q=*%3A*&amp;sort=occurrence_date&amp;dir=desc&amp;pageSize=100&amp;fq=basis_of_record%3A%22HumanObservation%22&amp;fq=country%3AEstonia#records\" href=\"https:\/\/elurikkus.ee\/generic-hub\/occurrences\/search?q=*%3A*&amp;sort=occurrence_date&amp;dir=desc&amp;pageSize=100&amp;fq=basis_of_record%3A%22HumanObservation%22&amp;fq=country%3AEstonia#records\" target=\"_blank\" title=\"\" rel=\"noopener\">https:\/\/elurikkus.ee\/generic-hub\/occurrences\/search?q=*%3A*&amp;sort=occurrence_date&amp;dir=desc&amp;pageSize=100&amp;fq=basis_of_record%3A%22HumanObservation%22&amp;fq=country%3AEstonia#records<\/a>\n<\/p>\n<p>\n\tning iga kirje avamisel on v\u00f5imalik teada saada, kes, kus ja millal mingit liiki vaatles. Otsingut saab teostada vaatleja nime j\u00e4rgi, mis annab selge pildi sellest, kus vaatleja t\u00e4pselt liikus. Kui loodusvaatlejal on harjumus k\u00e4ia korduvalt sama ajal samades piirkondades (n\u00e4iteks veeta p\u00fchap\u00e4eva hommik linnuvaatlusi tehes), siis on andmete p\u00f5hjal tema tegevuse prognoosimine ja asukoha m\u00e4\u00e4ramine v\u00e4ga lihtne.<br>Linnuvaatleja kannab sageli kaasas teleobjektiiviga kaamerat ning mobiilseid seadmeid, postitades fotosid ja vaatlusandmeid jooksvalt andmebaasidesse. Fotodega on kaasas palju tehnilisi metaandmeid, mis annab aimu, millist varustust linnuvaatleja omab. \u00dcks v\u00f5imalus pildifailide metaandmete uurimiseks on nende \u00fcleslaadimine saidil <a href=\"https:\/\/www.get-metadata.com\/\">https:\/\/www.get-metadata.com\/<\/a>.\n<\/p>\n<p>\n\tMuude metaandmetega agregeerimisel v\u00f5ivad need kujutada otsest ohtu isiku varale ja turvalisusele, kirjeldades isiku valduses olevat vara, asukohta ja harjumusi.\n<\/p>\n<p>\n\tNeed k\u00f5ik on andmed, millele on lihtne ligip\u00e4\u00e4s igal inimesel ning isikuandmete kasutamise eesm\u00e4rk ei ole kuidagi kontrollitav.\u00a0Metaandmete toimetamine enne andmete avalikustamist on andmete koguja enda \u00fclesanne ja vastutus, et suurendada oma turvalisust.\n<\/p>\n<p style=\"text-align: justify\">\n\t\u00a0\n<\/p>\n<p style=\"text-align: justify\">\n\t\u00a0<\/p>\n","protected":false},"excerpt":{"rendered":"<p>\u00a0 Avatud teadusandmeid ei kasuta mitte \u00fcksnes teadlased, nendele on ligip\u00e4\u00e4s \u00fchtviisi k\u00f5ikidel\u00a0inimestel, s\u00f5ltumata kasutamise eesm\u00e4rgist. Kuna avatud teaduse p\u00fc\u00fce on s\u00e4ilitada ja teha k\u00e4ttesaadavaks masinloetavad FAIR andmed, siis on ligip\u00e4\u00e4s ka masinatele, mis teeb andmete kasutamise kontrollimatuks p\u00e4rast nende &#8230;<\/p>\n","protected":false},"author":78,"featured_media":0,"parent":0,"menu_order":0,"comment_status":"closed","ping_status":"closed","template":"","meta":{"_acf_changed":false,"inline_featured_image":false,"footnotes":""},"class_list":["post-39","page","type-page","status-publish","hentry"],"acf":[],"_links":{"self":[{"href":"https:\/\/sisu.ut.ee\/andmehaldus\/wp-json\/wp\/v2\/pages\/39","targetHints":{"allow":["GET"]}}],"collection":[{"href":"https:\/\/sisu.ut.ee\/andmehaldus\/wp-json\/wp\/v2\/pages"}],"about":[{"href":"https:\/\/sisu.ut.ee\/andmehaldus\/wp-json\/wp\/v2\/types\/page"}],"author":[{"embeddable":true,"href":"https:\/\/sisu.ut.ee\/andmehaldus\/wp-json\/wp\/v2\/users\/78"}],"replies":[{"embeddable":true,"href":"https:\/\/sisu.ut.ee\/andmehaldus\/wp-json\/wp\/v2\/comments?post=39"}],"version-history":[{"count":1,"href":"https:\/\/sisu.ut.ee\/andmehaldus\/wp-json\/wp\/v2\/pages\/39\/revisions"}],"predecessor-version":[{"id":325,"href":"https:\/\/sisu.ut.ee\/andmehaldus\/wp-json\/wp\/v2\/pages\/39\/revisions\/325"}],"wp:attachment":[{"href":"https:\/\/sisu.ut.ee\/andmehaldus\/wp-json\/wp\/v2\/media?parent=39"}],"curies":[{"name":"wp","href":"https:\/\/api.w.org\/{rel}","templated":true}]}}