{"id":29,"date":"2024-04-04T04:36:10","date_gmt":"2024-04-04T01:36:10","guid":{"rendered":"https:\/\/sisu.ut.ee\/andmehaldus\/huvipoolte-rollid\/"},"modified":"2024-10-18T15:31:31","modified_gmt":"2024-10-18T12:31:31","slug":"huvipoolte-rollid","status":"publish","type":"page","link":"https:\/\/sisu.ut.ee\/andmehaldus\/huvipoolte-rollid\/","title":{"rendered":"Huvipoolte rollid"},"content":{"rendered":"<p style=\"text-align: justify;\">Avatud teadusandmetest on huvitatud v\u00e4ga paljud osapooled: teadlased, poliitikud, rahastajad, riigi kodanikud, ettev\u00f5tjad, ajakirjanikud, \u00fclikoolid.<\/p>\n<p style=\"text-align: center;\"><img decoding=\"async\" style=\"width: 456px; height: 240px;\" src=\"https:\/\/sisu.ut.ee\/wp-content\/uploads\/sites\/301\/puzzle-1713170_640.jpg\" alt=\"puzzle\"><\/p>\n<p style=\"text-align: justify;\"><strong>Teadlased<\/strong><\/p>\n<p style=\"text-align: justify;\">Uuringu aluseks olevate andmete globaalne\u00a0jagamine suurendab teadusuuringute <strong>l\u00e4bipaistvust ja korratavust, seega tagab teadlase usaldusv\u00e4\u00e4rsuse.<\/strong><\/p>\n<p style=\"text-align: justify;\">Teadlane saab tasu kogu t\u00f6\u00f6 eest, st\u00a0<strong>tsiteeritakse nii artikleid kui ka nende aluseks olevaid andmeid.<\/strong> Avatud juurdep\u00e4\u00e4su praktiseerimine suurendab tsiteeringute arvu.<\/p>\n<p style=\"text-align: justify;\">Jagatud andmeid on v\u00f5imalik iseendal ja teistel teadlastel<strong> taaskasutada<\/strong>.\u00a0Seda eeldusel, et andmed on FAIR andmed v\u00f5i siis v\u00e4hemalt korrektselt hallatud andmed.<\/p>\n<p style=\"text-align: justify;\">Andmed on varandus, millele tuginedes v\u00f5ivad tekkida <strong>uued t\u00f5lgendused ja avastused<\/strong>.\u00a0Avaandmete k\u00e4ttesaadavus suurendab <strong>interdistsiplinaarsust ning\u00a0koost\u00f6\u00f6d teadusvaldkondade vahel, samuti rahvusvahelist koost\u00f6\u00f6d.\u00a0\u00a0<\/strong><\/p>\n<blockquote>\n<p style=\"text-align: justify;\">Teadlased omavad avatud teaduses v\u00f5tmerolli, sest panustavad oma t\u00f6\u00f6ga uute v\u00e4\u00e4rtuste (andmete) loomisse ning kasutavad teiste poolt loodud v\u00e4\u00e4rtusi.<\/p>\n<\/blockquote>\n<p style=\"text-align: justify;\">Perioodiliselt avaldatav Digital Science Report toob v\u00e4lja, mis motiveerib teadlasi oma teadusandmeid jagama. Mitme aasta v\u00f5rdluses on n\u00e4ha, kuidas motivaatorid on muutunud.<\/p>\n<p style=\"text-align: justify;\"><img loading=\"lazy\" decoding=\"async\" width=\"813\" height=\"416\" class=\"alignnone wp-image-130\" title=\"data_sharing.png\" src=\"https:\/\/sisu.ut.ee\/wp-content\/uploads\/sites\/301\/data_sharing.png\" alt=\"Data Sharing\" srcset=\"https:\/\/sisu.ut.ee\/wp-content\/uploads\/sites\/301\/data_sharing.png 813w, https:\/\/sisu.ut.ee\/wp-content\/uploads\/sites\/301\/data_sharing-300x154.png 300w, https:\/\/sisu.ut.ee\/wp-content\/uploads\/sites\/301\/data_sharing-768x393.png 768w\" sizes=\"auto, (max-width: 813px) 100vw, 813px\"><\/p>\n<p style=\"text-align: justify;\"><span style=\"font-size: 11px;\">Allikas: Science, Digital; Fane, Briony; Ayris, Paul; Hahnel, Mark; Hrynaszkiewicz, Iain; Baynes, Grace; et al. (2019): The State of Open Data Report 2019. figshare. Report.\u00a0<a title=\"Press Ctrl\/Cmd + C to copy\" href=\"https:\/\/doi.org\/10.6084\/m9.figshare.9980783.v2\">https:\/\/doi.org\/10.6084\/m9.figshare.9980783.v2<\/a><\/span><\/p>\n<p style=\"text-align: justify;\">Andmed 2020.a. kohta, kus selgelt t\u00f5useb esile andmete avaldamisest saadav kasu: andmete tsiteerimine ja teadust\u00f6\u00f6 n\u00e4htavus.<\/p>\n<p style=\"text-align: justify;\"><img loading=\"lazy\" decoding=\"async\" width=\"758\" height=\"369\" class=\"alignnone wp-image-132\" title=\"mot2020.png\" src=\"https:\/\/sisu.ut.ee\/wp-content\/uploads\/sites\/301\/mot2020.png\" alt=\"Mot2020\" srcset=\"https:\/\/sisu.ut.ee\/wp-content\/uploads\/sites\/301\/mot2020.png 758w, https:\/\/sisu.ut.ee\/wp-content\/uploads\/sites\/301\/mot2020-300x146.png 300w\" sizes=\"auto, (max-width: 758px) 100vw, 758px\"><\/p>\n<p style=\"text-align: justify;\"><span style=\"font-size: 11px;\">Science, Digital; Hahnel, Mark; McIntosh Borrelli, Leslie; Hyndman, Alan; Baynes, Grace; Crosas, Merce; et al. (2020): The State of Open Data 2020. Digital Science. Report. <\/span><a title=\"\" href=\"https:\/\/doi.org\/10.6084\/m9.figshare.13227875.v2\" target=\"_blank\" rel=\"noopener\" data-url=\"https:\/\/doi.org\/10.6084\/m9.figshare.13227875.v2\">https:\/\/doi.org\/10.6084\/m9.figshare.13227875.v2<\/a><\/p>\n<p style=\"text-align: justify;\"><\/p><div class=\"ratio ratio-16x9 mb-3\"><div class=\"video-placeholder-wrapper video-placeholder-wrapper--16x9\">\n\t\t\t    <div class=\"video-placeholder d-flex justify-content-center align-items-center\">\n\t\t\t        <div class=\"overlay text-white p-2 w-100 text-center d-block justify-content-center align-items-center\">\n\t\t\t            <div>Kolmandate osapoolte sisu n\u00e4gemiseks palun n\u00f5ustu k\u00fcpsistega.<\/div>\n\t\t\t            <button class=\"btn btn-secondary btn-sm mt-1 consent-change\">Muuda n\u00f5usolekut<\/button>\n\t\t\t        <\/div>\n\t\t\t    <\/div>\n\t\t\t<\/div>\n<\/div>\n<p style=\"text-align: justify;\"><strong>Poliitikud<\/strong><\/p>\n<p style=\"text-align: justify;\">Poliitikud peaksid oma otsused tegema koost\u00f6\u00f6s teadlastega ja tuginedes uusimatele teadustulemustele. See suurendaks poliitiliste <strong>otsustuste teadusp\u00f5hisust ja l\u00e4bipaistvust ning toetaks demokraatiat<\/strong>: avatud andmed oleksid \u00fchtviisi k\u00e4ttesaadavad poliitikutele, teadlastele ja kodanikele. T\u00f5en\u00e4oliselt suurendaks see ka usaldust poliitiliste otsuste suhtes.<\/p>\n<p style=\"text-align: justify;\">Alltoodud n\u00e4ide on sotsiaalteadlaste ja geograafide \u00fchisuuring, mille tulemustega arvestamine poliitikute poolt aitaks\u00a0kaasa sotsiaalsete probleemide lahendamisele Eestis.<\/p>\n<p style=\"text-align: justify;\">Allikas:\u00a0Silm,\u00a0S., and\u00a0R.\u00a0Ahas.\u00a02014.\u00a0Ethnic differences in activity spaces: A study of out-of-home nonemployment activities with mobile phone data.\u00a0<i>Annals of the Association of American Geographers<\/i>\u00a0104 (3):\u00a0542\u201359.\u00a0<a href=\"https:\/\/doi.org\/10.1080\/00045608.2014.892362\">doi.org\/10.1080\/00045608.2014.892362<\/a><\/p>\n<p style=\"text-align: justify;\"><img loading=\"lazy\" decoding=\"async\" width=\"941\" height=\"608\" class=\"alignnone wp-image-131\" title=\"russian-speaking.png\" src=\"https:\/\/sisu.ut.ee\/wp-content\/uploads\/sites\/301\/russian-speaking.png\" alt=\"Social media and the city\" srcset=\"https:\/\/sisu.ut.ee\/wp-content\/uploads\/sites\/301\/russian-speaking.png 941w, https:\/\/sisu.ut.ee\/wp-content\/uploads\/sites\/301\/russian-speaking-300x194.png 300w, https:\/\/sisu.ut.ee\/wp-content\/uploads\/sites\/301\/russian-speaking-768x496.png 768w\" sizes=\"auto, (max-width: 941px) 100vw, 941px\"><\/p>\n<p style=\"text-align: justify;\"><strong><span style=\"background-color: #ffa500;\">Lisavaatamist<\/span><\/strong>: <a title=\"\" href=\"https:\/\/novaator.err.ee\/1608370788\/videoloeng-kuidas-liiguvad-eesti-erinevad-rahvusruhmad\" target=\"_blank\" rel=\"noopener\" data-url=\"https:\/\/novaator.err.ee\/1608370788\/videoloeng-kuidas-liiguvad-eesti-erinevad-rahvusruhmad\">Kuidas liiguvad Eesti erinevad rahvusr\u00fchmad<\/a> (15.10.2021)<br>\nEvelyn Uuemaa \u2013 \u201e<a href=\"https:\/\/youtu.be\/TKTEcfxzQFg?si=1GmwTSybEd_192N5\" target=\"_blank\" rel=\"noopener\">Miks on oluline andmep\u00f5hine otsustamine ja kuidas teha andmep\u00f5hiseid otsuseid?<\/a>\u201c<\/p>\n<p style=\"text-align: justify;\"><strong>Rahastajad<\/strong><\/p>\n<p style=\"text-align: justify;\">Teaduse rahastaja tahab n\u00e4ha, <strong>mida maksumaksja raha eest on \u00fchiskonna h\u00fcvanguks \u00e4ra tehtud<\/strong>.\u00a0Samal ajal soovib\u00a0ta\u00a0olla kindel, et ei rahastataks sarnaseid uuringuid ning\u00a0pigem\u00a0soodustatakse\u00a0koopereerumist.<\/p>\n<p style=\"text-align: justify;\"><strong>Kodanikud<\/strong><\/p>\n<p style=\"text-align: justify;\">Kodanikel on samuti \u00f5igus teada saada, mida teadlased tema maksurahaga teevad ning \u00f5igus p\u00e4\u00e4seda ligi teadusandmetele. See annaks iga\u00fchele v\u00f5imaluse kaasa r\u00e4\u00e4kida otsuste tegemisel toetudes teadusele, mis \u00fchtlasi\u00a0<strong>suurendaks demokraatiat<\/strong>.<\/p>\n<p style=\"text-align: justify;\">ORIONi avatud teaduse aruanne <em><a href=\"https:\/\/v-a.se\/downloads\/Orion-WP2-PublicSurveyReport.pdf\" target=\"_blank\" rel=\"noopener\">Public attitudes to life sciences research in six European countries<\/a><\/em>\u00a0(2018) n\u00e4itab, et kodanikud on eluteadustest v\u00e4ga huvitatud ning soovivad teadlastega koost\u00f6\u00f6d teha:<\/p>\n<p><img loading=\"lazy\" decoding=\"async\" width=\"676\" height=\"436\" class=\"alignnone wp-image-129\" style=\"margin-left: auto; margin-right: auto; text-align: justify;\" title=\"citizens.png\" src=\"https:\/\/sisu.ut.ee\/wp-content\/uploads\/sites\/301\/citizens.png\" alt=\"citizens.png\" srcset=\"https:\/\/sisu.ut.ee\/wp-content\/uploads\/sites\/301\/citizens.png 676w, https:\/\/sisu.ut.ee\/wp-content\/uploads\/sites\/301\/citizens-300x193.png 300w\" sizes=\"auto, (max-width: 676px) 100vw, 676px\"><\/p>\n<p>Teisest k\u00fcljest on kodanikel suur huvi kaasa l\u00fc\u00fca teadusprojektides. Eestis on t\u00f5en\u00e4oliselt hobiteadlased k\u00f5ige rohkem kaasatud loodusvaatlustesse, mille tulemused sisestatakse <a title=\"\" href=\"https:\/\/elurikkus.ee\/\" target=\"_blank\" rel=\"noopener\" data-url=\"https:\/\/elurikkus.ee\/\">eElurikkuse<\/a> portaali.<\/p>\n<p><strong><span style=\"background-color: #ffa07a;\">Lisalugemist:<\/span><\/strong> Kaardistav \u00fclevaade, kuidas kodanikud saaksid oma biomeditsiini- ja terviseandmetega teadusesse panustada:<\/p>\n<p>Ann Borda, Kathleen Gray, Yuqing Fu, Research data management in health and biomedical citizen science: practices and prospects,\u00a0<em>JAMIA Open<\/em>, Volume 3, Issue 1, April 2020, Pages 113\u2013125,\u00a0<a href=\"https:\/\/doi.org\/10.1093\/jamiaopen\/ooz052\">https:\/\/doi.org\/10.1093\/jamiaopen\/ooz052<\/a><\/p>\n<p style=\"text-align: justify;\"><strong>Ettev\u00f5tjad<\/strong><\/p>\n<p style=\"text-align: justify;\">Ettev\u00f5tjad on huvitatud nii riigi avaandmetest kui ka teadusandmetest, et <strong>pakkuda teenuseid ja soodustada innovatsiooni<\/strong>.<\/p>\n<p>Euroopa Komisjon on avaldanud <a href=\"https:\/\/commission.europa.eu\/strategy-and-policy\/priorities-2019-2024\/europe-fit-digital-age\/european-data-strategy_et\" target=\"_blank\" rel=\"noopener\">Euroopa andmestrateegia<\/a>, mille eesm\u00e4rk on muuta EL andmep\u00f5hise \u00fchiskonna liidriks. Andmete \u00fchtse turu loomine v\u00f5imaldab andmetel ELi piires ja valdkondade vahel vabalt liikuda, et neist saaksid kasu ettev\u00f5tjad, teadlased ja haldusasutused.<br>\nRiigikogu juures tegutsev s\u00f5ltumatu m\u00f5ttekoda Arenguseire keskus on avaldanud reporti <a href=\"https:\/\/arenguseire.ee\/raportid\/andmeuhiskonna-tulevik-stsenaariumid-aastani-2035\/\" target=\"_blank\" rel=\"noopener\">Andme\u00fchiskonna tulevik. Stsenaariumid aastani 2035,<\/a> milles k\u00e4sitletakse andmevaldkonna edasist arengut kujundavaid suundumusi ja v\u00f5imalikke p\u00f6\u00f6rdepunkte.<\/p>\n<p>Majandus- ja kommunikatsiooniministeeriumi hiljuti avaldatud \u201c<a href=\"https:\/\/www.mkm.ee\/media\/10154\/download?ref=tehisintellekt.co\" target=\"_blank\" rel=\"noopener\">Tehisintellekti ja andmete valge raamat 2024-2030<\/a>\u201d ja \u201cT<a href=\"https:\/\/www.mkm.ee\/media\/10151\/download?ref=tehisintellekt.co\" target=\"_blank\" rel=\"noopener\">ehisintellekti tegevuskava 2024-2026<\/a>\u201d dokumendid toovad esile riigi ambitsioonikad plaanid ja strateegiad selles valdkonnas.<\/p>\n<p style=\"text-align: justify;\">On tekkinud <strong>andmeajakirjandus<\/strong>, kus anal\u00fc\u00fcsitakse suuri andmemassiive, kombineeritakse andmebaase ja sorteeritakse tulemusi.<\/p>\n<p style=\"text-align: justify;\">Heaks andmeajakirjanduse n\u00e4iteks on T\u00dc \u00fchiskonnateaduste instituudis kursuse \u201cAndmete t\u00f5lgendamine ja esitamine\u201d raames valminud sotsioloogia magistri\u00a0Heidi Paaborti artikkel \u201c<a title=\"\" href=\"https:\/\/novaator.err.ee\/954100\/noored-kes-ei-opi-ega-toota-soltuvad-eesti-regionaalpoliitikast\" target=\"_blank\" rel=\"noopener\" data-url=\"https:\/\/novaator.err.ee\/954100\/noored-kes-ei-opi-ega-toota-soltuvad-eesti-regionaalpoliitikast\">Noored, kes ei \u00f5pi ega t\u00f6\u00f6ta s\u00f5ltuvad Eesti regionaalpoliitikast<\/a>\u201c.<\/p>\n<p style=\"text-align: justify;\"><strong>Organisatsioonid (\u00fclikoolid, instituudid)<\/strong><\/p>\n<p style=\"text-align: justify;\"><strong>Avaandmete poliitikat omav organisatsioon on teadusmaailmas n\u00e4htav, usaldusv\u00e4\u00e4rne ja innovaatiline.<\/strong>\u00a0V\u00f5ib\u00a0olla kindel, et avaandmed on turvaliselt s\u00e4ilitatud ning\u00a0\u00f5iguslikud alused on k\u00f5ikidele \u00fchesugused ja\u00a0seadusi j\u00e4rgitakse. Tekib v\u00f5imalus raha kokku hoida, n\u00e4iteks arendades \u00fcle\u00fclikoolilisi andmet\u00f6\u00f6tlusmeetodeid ja tarkvara.<\/p>\n<p style=\"text-align: justify;\">Avatud teadusandmete puhul on ettev\u00f5tjatel lihtsam arendada koost\u00f6\u00f6d teadus\u00fclikoolidega, luues koos innovatiivseid lahendusi jningedendades majandust.<\/p>\n<p style=\"text-align: justify;\"><span style=\"font-size: 15px;\"><strong>\u00dchiskonna andmestumine<\/strong><\/span><\/p>\n<p style=\"text-align: justify;\"><strong>Andmestumine (ingl\u00a0<i>datafication<\/i>)<\/strong>, viitab protsessidele, mille k\u00e4igus igasugune inimtegevus t\u00f5lgendatakse andmetesse, mis anal\u00fc\u00fcsi teel saab informatsiooniks ja seel\u00e4bi luuakse uut v\u00e4\u00e4rtust. Digitaalsed andmed pakuvad teadlastele v\u00e4\u00e4rtuslikku teavet info\u00fchiskonna n\u00e4htuste, toimimise ja inimeste k\u00e4itumise kohta, nende abil saavad otsustajad leida lahendusi \u00fchiskondlikele probleemidele.<\/p>\n<p style=\"text-align: justify;\"><strong>N\u00e4ide:<\/strong>\u00a02023. a. s\u00fcgisel k\u00fctab kirgi planeeritav autode maksustamine. Autode kasutamise ajaloolist tausta avab siinkohal artikkel\u00a0<a title=\"\" href=\"https:\/\/digilab.rara.ee\/blogi\/autosoit-labi-suurandmete\/\" target=\"_blank\" rel=\"noopener\" data-url=\"https:\/\/digilab.rara.ee\/blogi\/autosoit-labi-suurandmete\/\">Autos\u00f5it l\u00e4bi suurandmete<\/a>, kus RaRA digilaboris on\u00a0suurandmete allikana kasutatud\u00a0digiteeritud eesti ajalehtedes esinevad s\u00f5namitmikuid.<\/p>\n<p style=\"text-align: justify;\"><strong><span style=\"background-color: #ffa500;\">Lisalugemist:<\/span><\/strong>\u00a0Tallinna \u00dclikooli kirjastus on v\u00e4lja andnud kogumiku \u201c<strong>Kuidas m\u00f5ista andmestunud maailma?\u201d, <\/strong>milles<strong>\u00a0<\/strong>\u00a038 eri distsipliinide esindajat, eksperti, \u00f5ppej\u00f5udu ja praktikut Tartu \u00dclikoolist, Tallinna \u00dclikoolist ja Tallinna Tehnika\u00fclikoolist ning mitmest teadus- ja arendusasutustest, eraettev\u00f5tetest ja v\u00e4lis\u00fclikoolidest keskenduvad andmestumise kui \u00fche viimaste aastate olulisima ning vastuolulisema n\u00e4htuse uurimisele.<\/p>\n<p style=\"text-align: justify;\">\u201cKudas m\u00f5ista andmestunud maailma?\u201d tunnistati parimaks 2020. a. ilmunud eestikeelseks k\u00f5rgkooli\u00f5pikuks.<\/p>\n<p style=\"text-align: justify;\"><a id=\"recordnum\" href=\"https:\/\/www.ester.ee\/record=b5388794*est\">https:\/\/www.ester.ee\/record=b5388794*est<\/a><\/p>\n<p style=\"text-align: justify;\"><img loading=\"lazy\" decoding=\"async\" width=\"242\" height=\"351\" class=\"alignnone wp-image-147\" title=\"andmestumine.png\" src=\"https:\/\/sisu.ut.ee\/wp-content\/uploads\/sites\/301\/andmestumine.png\" alt=\"andmestumine\" srcset=\"https:\/\/sisu.ut.ee\/wp-content\/uploads\/sites\/301\/andmestumine.png 242w, https:\/\/sisu.ut.ee\/wp-content\/uploads\/sites\/301\/andmestumine-207x300.png 207w\" sizes=\"auto, (max-width: 242px) 100vw, 242px\"><\/p>\n<p style=\"text-align: center;\"><span style=\"font-size: 10px;\">\u00a0<\/span><\/p>\n","protected":false},"excerpt":{"rendered":"<p>Avatud teadusandmetest on huvitatud v\u00e4ga paljud osapooled: teadlased, poliitikud, rahastajad, riigi kodanikud, ettev\u00f5tjad, ajakirjanikud, \u00fclikoolid. Teadlased Uuringu aluseks olevate andmete globaalne\u00a0jagamine suurendab teadusuuringute l\u00e4bipaistvust ja korratavust, seega tagab teadlase usaldusv\u00e4\u00e4rsuse. Teadlane saab tasu kogu t\u00f6\u00f6 eest, st\u00a0tsiteeritakse nii artikleid kui &#8230;<\/p>\n","protected":false},"author":78,"featured_media":0,"parent":0,"menu_order":0,"comment_status":"closed","ping_status":"closed","template":"","meta":{"_acf_changed":false,"inline_featured_image":false,"footnotes":""},"class_list":["post-29","page","type-page","status-publish","hentry"],"acf":[],"_links":{"self":[{"href":"https:\/\/sisu.ut.ee\/andmehaldus\/wp-json\/wp\/v2\/pages\/29","targetHints":{"allow":["GET"]}}],"collection":[{"href":"https:\/\/sisu.ut.ee\/andmehaldus\/wp-json\/wp\/v2\/pages"}],"about":[{"href":"https:\/\/sisu.ut.ee\/andmehaldus\/wp-json\/wp\/v2\/types\/page"}],"author":[{"embeddable":true,"href":"https:\/\/sisu.ut.ee\/andmehaldus\/wp-json\/wp\/v2\/users\/78"}],"replies":[{"embeddable":true,"href":"https:\/\/sisu.ut.ee\/andmehaldus\/wp-json\/wp\/v2\/comments?post=29"}],"version-history":[{"count":4,"href":"https:\/\/sisu.ut.ee\/andmehaldus\/wp-json\/wp\/v2\/pages\/29\/revisions"}],"predecessor-version":[{"id":562,"href":"https:\/\/sisu.ut.ee\/andmehaldus\/wp-json\/wp\/v2\/pages\/29\/revisions\/562"}],"wp:attachment":[{"href":"https:\/\/sisu.ut.ee\/andmehaldus\/wp-json\/wp\/v2\/media?parent=29"}],"curies":[{"name":"wp","href":"https:\/\/api.w.org\/{rel}","templated":true}]}}