{"id":6,"date":"2024-04-03T23:25:21","date_gmt":"2024-04-03T20:25:21","guid":{"rendered":"https:\/\/sisu.ut.ee\/andmebaasid\/avaleht\/"},"modified":"2026-03-27T11:29:16","modified_gmt":"2026-03-27T09:29:16","slug":"avaleht","status":"publish","type":"page","link":"https:\/\/sisu.ut.ee\/andmebaasid\/","title":{"rendered":"\u00dclevaade T\u00dc-le avatud andmebaasidest"},"content":{"rendered":"<p>K\u00f5ik Tartu \u00dclikoolile avatud andmebaasid leiate raamatukogu kodulehel lingi <strong>Andmebaasid<\/strong> <a href=\"https:\/\/utlib.ut.ee\/andmebaasid\" target=\"_blank\" rel=\"noopener\">https:\/\/utlib.ut.ee\/andmebaasid<\/a>\u00a0alt.\u00a0Andmebaase on v\u00f5imalik sorteerida valdkondade j\u00e4rgi.<\/p>\n\n\n\n<p>\u00dclikooli v\u00f5rgus olles saate andmebaasi nimel kl\u00f5psates andmebaasi sisse, v\u00e4ljastpoolt \u00fclikooli v\u00f5rku saab sisse \u00d5IS-i kasutajatunnustega. Vt <strong><a title=\"\" href=\"https:\/\/sisu.ut.ee\/andmebaasid\/koduarvutist-juurdepaas\/\" target=\"_blank\" rel=\"noopener\" data-url=\"https:\/\/sisu.ut.ee\/andmebaasid\/koduarvutist-juurdep%C3%A4%C3%A4s\">koduarvutist juurdep\u00e4\u00e4s<\/a>.<\/strong><\/p>\n\n\n\n<p>Andmebaaside lehel on iga andmebaasi juures l\u00fchike kirjeldus ja olemasolu korral ka kasutusjuhend. <\/p>\n\n\n\n<p>Paljudel erialadel on olemas\u00a0<strong style=\"line-height: 1.6em;\">referaatandmebaasid<\/strong>, mis v\u00f5imaldavad saada \u00fclevaadet kogu antud erialal ilmunud materjalidest (ajakirjaartiklid, konverentside materjalid, dissertatsioonid, kogumike artiklid, raamatud, raamatute retsensioonid jm). Referaatandmebaasid sisaldavad lisaks bibliograafilistele andmetele ka artikli v\u00f5i muu materjali sisukokkuv\u00f5tet. Nt\u00a0<em style=\"line-height: 1.6em;\">ERIC<\/em>\u00a0(haridus), <em>Medline<\/em> (meditsiin),\u00a0<em style=\"line-height: 1.6em;\">PsycInfo <\/em>(ps\u00fchholoogia)<em style=\"line-height: 1.6em;\">,<\/em><em style=\"line-height: 1.6em;\">\u00a0MLA International Bibliography\u00a0<\/em>(keele- ja kirjandusteadus), SciFinder Scholar (keemia),\u00a0<em style=\"line-height: 1.6em;\">SportDiscus<\/em>\u00a0ja paljud teised.<\/p>\n\n\n\n<p>M\u00f5ned andmebaasid on \u00fchtlasi\u00a0<strong>nii referaat- kui ka t\u00e4istekstandmebaasid<\/strong>.<br>N\u00e4iteks EBSCO multidistsiplinaarne andmebaas\u00a0<em style=\"line-height: 1.6em;\">Academic Search Ultimate<\/em>\u00a0pakub enam kui 12500\u00a0ajakirja artiklite bibliograafilisi andmeid ja sisukokkuv\u00f5tteid, samas on k\u00e4ttesaadavad 10 000\u00a0ajakirja artiklite t\u00e4istekstid. Majandusalased referaat- ja t\u00e4istekstandmebaas on <em>Business Source Ultimate.<\/em>\u00a0 Andmebaas\u00a0<em style=\"line-height: 1.6em;\">Communication and Mass Media Complete <\/em>sisaldab meedia ja kommunikatsiooni alaste v\u00e4ljaannete sisukokkuv\u00f5tteid ja t\u00e4istekste.<br>Andmebaasid on ka omavahel\u00a0<strong style=\"line-height: 1.6em;\">linkidega seotud,\u00a0 <\/strong>enamasti on olemas lingid \u00fclikoolile avatud t\u00e4istekstidele.<\/p>\n\n\n\n<p>Paljudele andmebaasidele on juurdep\u00e4\u00e4s \u00fchisel platvormil ning nad on otsitavad \u00fchise kasutajaliidese kaudu.<\/p>\n\n\n\n<p><span style=\"color: #ff0000;\">NB! <\/span>J\u00e4rgnevate linkidega on juurdep\u00e4\u00e4s andmebaasidele, kui kasutate <a title=\"\" href=\"https:\/\/wiki.ut.ee\/pages\/viewpage.action?pageId=17105590\" target=\"_blank\" rel=\"noopener\" data-url=\"https:\/\/wiki.ut.ee\/pages\/viewpage.action?pageId=17105590\">VPN \u00fchendust<\/a>.<\/p>\n\n\n\n<p>Nt\u00a0<strong style=\"line-height: 1.6em;\">EBSCO\u00a0<\/strong><a href=\"https:\/\/search.ebscohost.com\" data-type=\"link\" data-id=\"https:\/\/search.ebscohost.com\" target=\"_blank\" rel=\"noreferrer noopener\">https:\/\/search.ebscohost.com<\/a> platvormil on k\u00e4ttesaadavad mitme eriala referaatandmebaasid ja t\u00e4istekstandmebaasid, samuti multidistsiplinaarsne referaat- ja t\u00e4istekstandmebaas <strong>Academic Search Ultimate.<\/strong> \u00a0Andmebaaside nimekiri avaneb, kl\u00f5psates <em>EBSCOhost Web<\/em>, <br>Otsinguportaal\u00a0<strong>EBSCO Discovery<\/strong> <a href=\"https:\/\/research.ebsco.com\/c\/qlurcm\/search\"><\/a><a href=\"https:\/\/research.ebsco.com\/c\/qlurcm\/search\" target=\"_blank\" rel=\"noreferrer noopener\">https:\/\/research.ebsco.com\/c\/qlurcm\/search<\/a> v\u00f5imaldab otsida korraga enamikus Tartu \u00fclikoolile avatud teadusandmebaasides ja muudes teadusinfo ressurssides.<\/p>\n\n\n\n<p><strong style=\"line-height: 1.6em;\">Web of Science<\/strong> <a href=\"https:\/\/www.webofscience.com\/wos\/\">https:\/\/www.webofscience.com\/wos\/<\/a> platvormil on k\u00e4ttesaadavad\u00a0 Clarivate Analytics\u2019i viitamisandmebaas\u00a0<em>Web of Science Core Collection<\/em>\u00a0ja ajakirjade m\u00f5jufaktorit kajastav andmebaas <em>Journal Citation Reports.<strong>\u00a0 <\/strong><\/em>Juurdep\u00e4\u00e4s on ka andmebaasile\u00a0<em>Essential Science Indicators<\/em>, mis aitab anal\u00fc\u00fcsida ja hinnata teadust\u00f6\u00f6 kvaliteeti nii teadlaste, institutsioonide kui ka riikide tasandil.<\/p>\n\n\n\n<p><strong style=\"line-height: 1.6em;\">SCOPUS<\/strong>\u00a0<a title=\"\" href=\"https:\/\/www.scopus.com\/\" target=\"_blank\" rel=\"noopener\" data-url=\"https:\/\/www.scopus.com\/\">https:\/\/www.scopus.com\/<\/a>\u00a0on kirjastuse\u00a0<em style=\"line-height: 1.6em;\">Elsevier Science<\/em>\u00a0multidistsiplinaarne viitamisandmebaas, mis refereerib \u00fcle 40\u00a0000 teadusajakirja. Kirjastuse hinnangul sisaldub andmebaasis umbes 80% rahvusvahelistest eelretsenseeritavatest teadusajakirjadest.<br>WOS ja SCOPUS on paljuski sarnased, p\u00f5hilise erinevusena on andmebaaside v\u00f5rdlejad v\u00e4lja toonud, et SCOPUS-e ajakirjade valik on laiem, WOS-il on suurem ajaline ulatus. Andmebaasid t\u00e4iendavad teineteist.<\/p>\n\n\n\n<p>Lisaks on rida\u00a0<strong>t\u00e4istekstandmebaase, mis sisaldavad \u00fche kirjastuse e-ajakirju.\u00a0<\/strong><br>T\u00dc raamatukogu kaudu on juurdep\u00e4\u00e4s j\u00e4rgmistele\u00a0kirjastuste andmebaasidele (vt nende kohta lisaks <a data-url=\"https:\/\/sisu.ut.ee\/kirjastuste\/\" title=\"\" href=\"https:\/\/sisu.ut.ee\/kirjastuste\/\" target=\"_blank\" rel=\"noopener\">Otsing kirjastuste e-ajakirjade andmebaasides<\/a>), mis sisaldavad erinevate erialade ajakirju:<br><a href=\"https:\/\/www.cambridge.org\/core\/\" target=\"_blank\" rel=\"noreferrer noopener\">Cambridge Core<\/a><br><a data-url=\"https:\/\/www.emerald.com\/insight\" title=\"\" href=\"https:\/\/www.emerald.com\/insight\" target=\"_blank\" rel=\"noopener\">Emerald \u00a0Insight\u00a0<\/a><br><a data-url=\"https:\/\/academic.oup.com\/journals\/\" title=\"\" href=\"https:\/\/academic.oup.com\/journals\/\" target=\"_blank\" rel=\"noopener\">Oxford Academic<\/a><em style=\"line-height: 1.6em;\">\u00a0<\/em><br><a data-url=\"https:\/\/journals.sagepub.com\/\" title=\"\" href=\"https:\/\/journals.sagepub.com\/\" target=\"_blank\" rel=\"noopener\">Sage Journals\u00a0Online<\/a><br><a data-url=\"http:\/\/www.sciencedirect.com\/\" title=\"\" href=\"http:\/\/www.sciencedirect.com\/\" target=\"_blank\" rel=\"noopener\">ScienceDirect<\/a><br><a href=\"https:\/\/link.springer.com\/\" target=\"_blank\" rel=\"noreferrer noopener\">Springer Nature Link<\/a><em style=\"line-height: 1.6em;\">\u00a0<\/em><br><a data-url=\"http:\/\/www.tandfonline.com\/\" title=\"\" href=\"http:\/\/www.tandfonline.com\/\" target=\"_blank\" rel=\"noopener\">Taylor &amp; Francis Online<\/a><em>\u00a0<\/em><br><a data-url=\"https:\/\/onlinelibrary.wiley.com\/action\/showPublications?startPage=&amp;PubType=journal&amp;=\" title=\"\" href=\"https:\/\/onlinelibrary.wiley.com\/action\/showPublications?startPage=&amp;PubType=journal&amp;=\" target=\"_blank\" rel=\"noopener\">Wiley Online Library<\/a><\/p>\n\n\n\n<p>Oluline\u00a0multidistsiplinaarne t\u00e4istekstandmebaas on \u00a0<strong>JSTOR<\/strong>\u00a0<em style=\"line-height: 1.6em;\">(Journal Storage \u2013 The Scholarly Journal Archive)\u00a0<\/em><a title=\"\" href=\"https:\/\/www.jstor.org\/\" target=\"_blank\" rel=\"noopener\" data-url=\"https:\/\/www.jstor.org\/\">https:\/\/www.jstor.org\/<\/a>. Tegemist on teadusajakirjade arhiiviga, mis sisaldab juurdep\u00e4\u00e4su peamiselt humanitaar-, sotsiaal-, majandus- ja loodusteaduste alaste ajakirjade vanematele aastak\u00e4ikudele, enamasti alates ajakirja ilmumisaja algusest, viimased 3-5 aastak\u00e4iku JSTOR-is k\u00e4ttesaadavad ei ole. Juurdep\u00e4\u00e4su uuematele aastak\u00e4ikudele kontrollige e-ajakirjade portaalis.<\/p>\n\n\n\n<p><strong>Project Muse<\/strong>\u00a0<a title=\"\" href=\"https:\/\/muse.jhu.edu\/\" target=\"_blank\" rel=\"noopener\" data-url=\"https:\/\/muse.jhu.edu\/\">https:\/\/muse.jhu.edu\/\u00a0<\/a>\u00a0on humanitaar- ja sotsiaalteaduste e-ajakirjade kollektsioon.\u00a0Sisaldab l\u00fcle 800\u00a0maailma juhtivate \u00fclikoolide ja teadus\u00fchingute <a title=\"\" href=\"https:\/\/about.muse.jhu.edu\/about\/publishers\" target=\"_blank\" rel=\"noopener\" data-url=\"https:\/\/about.muse.jhu.edu\/about\/publishers\">kirjastuste<\/a> ajakirja.<\/p>\n\n\n\n<p><strong>Annual Reviews<\/strong>\u00a0<a href=\"https:\/\/www.annualreviews.org\/\" data-type=\"link\" data-id=\"https:\/\/www.annualreviews.org\/\" target=\"_blank\" rel=\"noreferrer noopener\">https:\/\/www.annualreviews.org\/<\/a> sisaldab\u00a0<a title=\"\" data-url=\"https:\/\/www.annualreviews.org\/action\/showPublications\" href=\"https:\/\/www.annualreviews.org\/action\/showPublications\" target=\"_blank\" rel=\"noopener\">\u00fclevaateajakirju<\/a> rohkem kui 50\u00a0erialalt. Artiklid annavad \u00fclevaate vastaval erialal ilmunud olulistest publikatsioonidest. Ajakirjad ilmuvad kord aastas ja kuuluvad enimviidatud ajakirjade hulka<b id=\"docs-internal-guid-a36023ef-7fff-08a5-0f64-847b601a54f7\">.\u00a0<\/b><\/p>\n\n\n\n<p>On veel mitmeid\u00a0<strong>t\u00e4istekstandmebaase, mis sisaldavad \u00fche valdkonna ajakirju<\/strong>\u00a0kas \u00fchelt v\u00f5i paljudelt erinevatelt kirjastustelt (nt\u00a0<em>American Chemical Society<\/em>\u00a0e-ajakirjad,\u00a0<em>American Physical Society<\/em>\u00a0e-ajakirjad,\u00a0<em>American Society for Microbiology\u00a0<\/em>e-ajakirjad,\u00a0<em>Beck-Online<\/em>\u00a0(\u00f5igus),\u00a0<em>CSIRO Publishing<\/em>\u00a0e-ajakirjad (loodusteadused),\u00a0<em>IEEE Xplore (arvutiteadus, elektroonika),\u00a0<\/em><em>Institute of Physics<\/em>\u00a0(IOP) e-ajakirjad,\u00a0APA <em>PsycArticles<\/em>\u00a0(ps\u00fchholoogia) jne.<\/p>\n\n\n\n<p>Raamatukogu kaudu on \u00fclikoolile avatud ka\u00a0<strong style=\"line-height: 1.6em;\">statistikaandmebaas\u00a0<\/strong><strong>IMD World Competitiveness Online<\/strong>\u00a0\u00a0<a data-url=\"https:\/\/worldcompetitiveness.imd.org\/\" title=\"\" href=\"https:\/\/worldcompetitiveness.imd.org\/\" target=\"_blank\" rel=\"noopener\">https:\/\/worldcompetitiveness.imd.org\/<\/a> , mis sisaldab v\u00f5rdlevaid statistilisi andmeid 69 riigi kohta. Andmebaas v\u00f5imaldab T\u00dc arvutiv\u00f5rgust juurdep\u00e4\u00e4su 10 kasutajale korraga.<\/p>\n\n\n\n<p><\/p>\n","protected":false},"excerpt":{"rendered":"<p>K\u00f5ik Tartu \u00dclikoolile avatud andmebaasid leiate raamatukogu kodulehel lingi Andmebaasid https:\/\/utlib.ut.ee\/andmebaasid\u00a0alt.\u00a0Andmebaase on v\u00f5imalik sorteerida valdkondade j\u00e4rgi. \u00dclikooli v\u00f5rgus olles saate andmebaasi nimel kl\u00f5psates andmebaasi sisse, v\u00e4ljastpoolt \u00fclikooli v\u00f5rku saab sisse \u00d5IS-i kasutajatunnustega. Vt koduarvutist juurdep\u00e4\u00e4s. Andmebaaside lehel on iga andmebaasi &#8230;<\/p>\n","protected":false},"author":5,"featured_media":0,"parent":0,"menu_order":0,"comment_status":"closed","ping_status":"closed","template":"","meta":{"_acf_changed":false,"inline_featured_image":false,"footnotes":""},"class_list":["post-6","page","type-page","status-publish","hentry"],"acf":[],"_links":{"self":[{"href":"https:\/\/sisu.ut.ee\/andmebaasid\/wp-json\/wp\/v2\/pages\/6","targetHints":{"allow":["GET"]}}],"collection":[{"href":"https:\/\/sisu.ut.ee\/andmebaasid\/wp-json\/wp\/v2\/pages"}],"about":[{"href":"https:\/\/sisu.ut.ee\/andmebaasid\/wp-json\/wp\/v2\/types\/page"}],"author":[{"embeddable":true,"href":"https:\/\/sisu.ut.ee\/andmebaasid\/wp-json\/wp\/v2\/users\/5"}],"replies":[{"embeddable":true,"href":"https:\/\/sisu.ut.ee\/andmebaasid\/wp-json\/wp\/v2\/comments?post=6"}],"version-history":[{"count":10,"href":"https:\/\/sisu.ut.ee\/andmebaasid\/wp-json\/wp\/v2\/pages\/6\/revisions"}],"predecessor-version":[{"id":118,"href":"https:\/\/sisu.ut.ee\/andmebaasid\/wp-json\/wp\/v2\/pages\/6\/revisions\/118"}],"wp:attachment":[{"href":"https:\/\/sisu.ut.ee\/andmebaasid\/wp-json\/wp\/v2\/media?parent=6"}],"curies":[{"name":"wp","href":"https:\/\/api.w.org\/{rel}","templated":true}]}}