{"id":42,"date":"2024-04-03T23:29:35","date_gmt":"2024-04-03T20:29:35","guid":{"rendered":"https:\/\/sisu.ut.ee\/amr\/pollumajandus\/"},"modified":"2024-04-10T12:54:41","modified_gmt":"2024-04-10T09:54:41","slug":"pollumajandus","status":"publish","type":"page","link":"https:\/\/sisu.ut.ee\/amr\/pollumajandus\/","title":{"rendered":"Veterinaaria"},"content":{"rendered":"<ul>\n<li>Aasm\u00e4e, Birgit; Kalmus, Piret (2012). Antimicrobial resistance of animal pathogens 2006-2009 in Estonia. A.Markevica, Z.Kriauciunene, N.Karpova-Sadigova (Toim.). Research for rural development 2012 (181 \u2013 188). L\u00e4ti: Latvia University of Agriculture<\/li>\n<li>Aasm\u00e4e, Birgit; Kalmus, Piret; Onoper, Alar; Lehtla, Andzela; H\u00e4kkinen, Liidia; Birkenfeldt, Margus (2012). Soovitused antibiootikumide m\u00f5istlikuks kasutamiseks eri loomaliikide bakteriaalsete infektsioonide ravis. Eesti Loomaarstlik Ringvaade, 4, 18 \u2013 24.<\/li>\n<li>Kalmus, P.; Aasm\u00e4e, B.; Karssin, A.; Orro, T.; Kask, K. (2011). Udder pathogens and their resistance to antimicrobial agents in dairy cows in Estonia. Acta Veterinaria Scandinavica, 53, 4<\/li>\n<li>Aasm\u00e4e, Birgit; Kalmus, Piret; Kalmus, Kalmer; H\u00e4kkinen, Liidia (2011). Monitoring of antimicrobial resistance of animal pathogens in Estonia. In Proceedings: Animal Hygiene and Sustainable Livestock Production, XV ISAH Congress (1435 \u2013 1439). Vienna, Austria: Tribun EU<\/li>\n<li>Kalmus, Piret; Aasm\u00e4e, Birgit (2011). Ravimij\u00e4\u00e4kide piima sattumise t\u00f5en\u00e4osus, ravimij\u00e4\u00e4kide m\u00e4\u00e4ramise kiirtestid. Terve loom ja tervislik toit (85 \u2013 90). Tartu: Eesti Maa\u00fclikool<\/li>\n<li>Kalmus, Piret; Aasm\u00e4e, Birgit (2010). Mikroobide antibiootikumiresistentsuse monitooring Eestis aastatel 2005.-2009. Terve loom ja tervislik toit (4 \u2013 9). Tartu: Eesti Maa\u00fclikool<\/li>\n<li>Aasm\u00e4e, B.; Kalmus, P.; Tiirats, T. (2003). Antimicrobial resistance of pathogens causing clinical mastitis in dairy cows. L\u00fcpsilehmade kliinilist mastiiti p\u00f5hjustavate mikroobide antibiootikumiresistentsus. Agraarteadus : journal of agricultural science : Akadeemilise P\u00f5llumajanduse Seltsi v\u00e4ljaanne, XIV(3), 139 \u2013 143.<\/li>\n<\/ul>\n","protected":false},"excerpt":{"rendered":"<p>Aasm\u00e4e, Birgit; Kalmus, Piret (2012). Antimicrobial resistance of animal pathogens 2006-2009 in Estonia. A.Markevica, Z.Kriauciunene, N.Karpova-Sadigova (Toim.). Research for rural development 2012 (181 \u2013 188). L\u00e4ti: Latvia University of Agriculture Aasm\u00e4e, Birgit; Kalmus, Piret; Onoper, Alar; Lehtla, Andzela; H\u00e4kkinen, Liidia; &#8230;<\/p>\n","protected":false},"author":39,"featured_media":0,"parent":0,"menu_order":0,"comment_status":"closed","ping_status":"closed","template":"","meta":{"_acf_changed":false,"inline_featured_image":false,"footnotes":""},"class_list":["post-42","page","type-page","status-publish","hentry"],"acf":[],"_links":{"self":[{"href":"https:\/\/sisu.ut.ee\/amr\/wp-json\/wp\/v2\/pages\/42","targetHints":{"allow":["GET"]}}],"collection":[{"href":"https:\/\/sisu.ut.ee\/amr\/wp-json\/wp\/v2\/pages"}],"about":[{"href":"https:\/\/sisu.ut.ee\/amr\/wp-json\/wp\/v2\/types\/page"}],"author":[{"embeddable":true,"href":"https:\/\/sisu.ut.ee\/amr\/wp-json\/wp\/v2\/users\/39"}],"replies":[{"embeddable":true,"href":"https:\/\/sisu.ut.ee\/amr\/wp-json\/wp\/v2\/comments?post=42"}],"version-history":[{"count":3,"href":"https:\/\/sisu.ut.ee\/amr\/wp-json\/wp\/v2\/pages\/42\/revisions"}],"predecessor-version":[{"id":599,"href":"https:\/\/sisu.ut.ee\/amr\/wp-json\/wp\/v2\/pages\/42\/revisions\/599"}],"wp:attachment":[{"href":"https:\/\/sisu.ut.ee\/amr\/wp-json\/wp\/v2\/media?parent=42"}],"curies":[{"name":"wp","href":"https:\/\/api.w.org\/{rel}","templated":true}]}}