{"id":21,"date":"2024-04-04T08:15:31","date_gmt":"2024-04-04T05:15:31","guid":{"rendered":"https:\/\/sisu.ut.ee\/alusta-ettevotlusega\/turg-ja-turundus\/"},"modified":"2024-04-19T08:17:17","modified_gmt":"2024-04-19T05:17:17","slug":"turg-ja-turundus","status":"publish","type":"page","link":"https:\/\/sisu.ut.ee\/alusta-ettevotlusega\/turg-ja-turundus\/","title":{"rendered":"IV. Turg ja turundus"},"content":{"rendered":"<blockquote><p>Neljandas moodulis \u00f5pid kavandama\u00a0turundustegevusi vastavalt \u00e4riidees valitud tootele, tarbijale ja turutingimustele.<\/p><\/blockquote>\n<h4><img loading=\"lazy\" decoding=\"async\" width=\"300\" height=\"269\" class=\"alignnone wp-image-33\" style=\"width: 200px; height: 179px; float: right;\" title=\"iv-turg-turumajandus.png\" src=\"https:\/\/sisu.ut.ee\/wp-content\/uploads\/sites\/587\/iv-turg-turumajandus.png\" alt=\"iv-turg-turumajandus.png\">Selle mooduli teemad on:<\/h4>\n<ol>\n<li>Turg ja turuanal\u00fc\u00fcs<\/li>\n<li>N\u00f5udlus ja pakkumine. V\u00e4\u00e4rtuspakkumine<\/li>\n<li>Turundus ja turundussuhtlus<\/li>\n<\/ol>\n<h4>Mooduli l\u00e4binud \u00f5ppija<\/h4>\n<ul>\n<li>teab turu toimimise p\u00f5him\u00f5tteid, oskab koostada turuanal\u00fc\u00fcsi ja m\u00e4\u00e4ratleda\u00a0turuosa;<\/li>\n<li>oskab hinnata, mis m\u00f5jutab n\u00f5udlust\u00a0ja pakkumist ning mis on v\u00e4\u00e4rtuspakkumine;<\/li>\n<li>oskab kavandada turundustegevusi\u00a0l\u00e4htuvalt sihtr\u00fchmast, turust ja tootest.<\/li>\n<\/ul>\n<h4>Vaata teema sissejuhatuseks<strong>\u00a0<\/strong>Edu ja Tegu programmis loodud Robin Saluoksa \u00f5ppevideot\u00a0<strong>\u201cKonkurents v\u00f5i koost\u00f6\u00f6\u201d.<\/strong><\/h4>\n<p><a title=\"\" href=\"https:\/\/www.youtube.com\/watch?v=62FoRYFD-dM&amp;\" data-url=\"https:\/\/www.youtube.com\/watch?v=62FoRYFD-dM&amp;\"><img loading=\"lazy\" decoding=\"async\" width=\"1716\" height=\"1094\" class=\"alignnone wp-image-73\" style=\"width: 250px; height: 159px; float: left;\" title=\"robin_saluoks_video.jpg\" src=\"https:\/\/sisu.ut.ee\/wp-content\/uploads\/sites\/587\/robin_saluoks_video.jpg\" alt=\"AE_4_video\" srcset=\"https:\/\/sisu.ut.ee\/wp-content\/uploads\/sites\/587\/robin_saluoks_video.jpg 1716w, https:\/\/sisu.ut.ee\/wp-content\/uploads\/sites\/587\/robin_saluoks_video-300x191.jpg 300w, https:\/\/sisu.ut.ee\/wp-content\/uploads\/sites\/587\/robin_saluoks_video-1024x653.jpg 1024w, https:\/\/sisu.ut.ee\/wp-content\/uploads\/sites\/587\/robin_saluoks_video-768x490.jpg 768w, https:\/\/sisu.ut.ee\/wp-content\/uploads\/sites\/587\/robin_saluoks_video-1536x979.jpg 1536w\" sizes=\"auto, (max-width: 1716px) 100vw, 1716px\"><\/a><a title=\"\" href=\"https:\/\/www.youtube.com\/watch?v=62FoRYFD-dM&amp;list=PLu6QyDgH-tEYjmxSYZFFA9hxWB73vZc-M&amp;index=17\" target=\"_blank\" rel=\"noopener\" data-url=\"https:\/\/www.youtube.com\/watch?v=62FoRYFD-dM&amp;list=PLu6QyDgH-tEYjmxSYZFFA9hxWB73vZc-M&amp;index=17\">https:\/\/www.youtube.com\/watch?v=62FoRYFD-dM&amp;<\/a><\/p>\n","protected":false},"excerpt":{"rendered":"<p>Neljandas moodulis \u00f5pid kavandama\u00a0turundustegevusi vastavalt \u00e4riidees valitud tootele, tarbijale ja turutingimustele. Selle mooduli teemad on: Turg ja turuanal\u00fc\u00fcs N\u00f5udlus ja pakkumine. V\u00e4\u00e4rtuspakkumine Turundus ja turundussuhtlus Mooduli l\u00e4binud \u00f5ppija teab turu toimimise p\u00f5him\u00f5tteid, oskab koostada turuanal\u00fc\u00fcsi ja m\u00e4\u00e4ratleda\u00a0turuosa; oskab hinnata, mis &#8230;<\/p>\n","protected":false},"author":63,"featured_media":0,"parent":0,"menu_order":0,"comment_status":"closed","ping_status":"closed","template":"","meta":{"_acf_changed":false,"inline_featured_image":false,"footnotes":""},"class_list":["post-21","page","type-page","status-publish","hentry"],"acf":[],"_links":{"self":[{"href":"https:\/\/sisu.ut.ee\/alusta-ettevotlusega\/wp-json\/wp\/v2\/pages\/21","targetHints":{"allow":["GET"]}}],"collection":[{"href":"https:\/\/sisu.ut.ee\/alusta-ettevotlusega\/wp-json\/wp\/v2\/pages"}],"about":[{"href":"https:\/\/sisu.ut.ee\/alusta-ettevotlusega\/wp-json\/wp\/v2\/types\/page"}],"author":[{"embeddable":true,"href":"https:\/\/sisu.ut.ee\/alusta-ettevotlusega\/wp-json\/wp\/v2\/users\/63"}],"replies":[{"embeddable":true,"href":"https:\/\/sisu.ut.ee\/alusta-ettevotlusega\/wp-json\/wp\/v2\/comments?post=21"}],"version-history":[{"count":2,"href":"https:\/\/sisu.ut.ee\/alusta-ettevotlusega\/wp-json\/wp\/v2\/pages\/21\/revisions"}],"predecessor-version":[{"id":188,"href":"https:\/\/sisu.ut.ee\/alusta-ettevotlusega\/wp-json\/wp\/v2\/pages\/21\/revisions\/188"}],"wp:attachment":[{"href":"https:\/\/sisu.ut.ee\/alusta-ettevotlusega\/wp-json\/wp\/v2\/media?parent=21"}],"curies":[{"name":"wp","href":"https:\/\/api.w.org\/{rel}","templated":true}]}}