{"id":12,"date":"2024-04-04T08:15:30","date_gmt":"2024-04-04T05:15:30","guid":{"rendered":"https:\/\/sisu.ut.ee\/alusta-ettevotlusega\/ettevotte-loomine\/"},"modified":"2024-04-19T08:12:49","modified_gmt":"2024-04-19T05:12:49","slug":"ettevotte-loomine","status":"publish","type":"page","link":"https:\/\/sisu.ut.ee\/alusta-ettevotlusega\/ettevotte-loomine\/","title":{"rendered":"II. Ettev\u00f5tte loomine"},"content":{"rendered":"<blockquote><p>Teises moodulis \u00f5pid kavandama ettev\u00f5tte asutamisprotsessi, l\u00e4htudes \u00e4riseadustikust.<\/p><\/blockquote>\n<h4>Sell<img loading=\"lazy\" decoding=\"async\" width=\"300\" height=\"269\" class=\"alignnone wp-image-31\" style=\"width: 200px; height: 179px; float: right;\" title=\"ii-ettevotteloomine.png\" src=\"https:\/\/sisu.ut.ee\/wp-content\/uploads\/sites\/587\/ii-ettevotteloomine.png\" alt=\"ii-ettevotteloomine.png\">e mooduli teemad on:<\/h4>\n<ol>\n<li>Ettev\u00f5tluse tugis\u00fcsteem ja rahastamisallikad<\/li>\n<li>\u00c4riidee,\u00a0\u00e4riplaan ja ettev\u00f5tlusega seotud riskid<\/li>\n<li>Meeskonna loomine<\/li>\n<li>Ettev\u00f5tte asutamisprotsess<\/li>\n<\/ol>\n<h4>Mooduli l\u00e4binud \u00f5ppija<\/h4>\n<ul>\n<li>teab ettev\u00f5tluse tugis\u00fcsteeme Eestis ja millised v\u00f5imalused on ettev\u00f5tte rahastamiseks;<\/li>\n<li>oskab luua \u00e4rimudeli, l\u00e4htudes oma \u00e4riideest ja hinnata ettev\u00f5tlusega seotud riske;<\/li>\n<li>oskab hinnata t\u00f6\u00f6j\u00f5u vajadust ja teab t\u00f6\u00f6j\u00f5u v\u00e4rbamisega seotud aspekte;<\/li>\n<li>oskab kavandada ettev\u00f5tte asutamisprotsessi, l\u00e4htudes \u00e4riseadustikust.<\/li>\n<\/ul>\n<h4>Vaata teema sissejuhatuseks\u00a0Edu ja Tegu programmis loodud Indrek Maripuu \u00f5ppevideot <strong>\u201cM\u00f5ttemustrite muutmine viib lahenduseni\u201d.<\/strong><\/h4>\n<p><a title=\"\" href=\"https:\/\/www.youtube.com\/watch?v=Z0WF8FGj4dY&amp;\" data-url=\"https:\/\/www.youtube.com\/watch?v=Z0WF8FGj4dY&amp;\"><img loading=\"lazy\" decoding=\"async\" width=\"1716\" height=\"1094\" class=\"alignnone wp-image-49\" style=\"width: 250px; height: 159px; float: left;\" title=\"indrek_maripuu_video.jpg\" src=\"https:\/\/sisu.ut.ee\/wp-content\/uploads\/sites\/587\/indrek_maripuu_video.jpg\" alt=\"AE_2_vidoe\" srcset=\"https:\/\/sisu.ut.ee\/wp-content\/uploads\/sites\/587\/indrek_maripuu_video.jpg 1716w, https:\/\/sisu.ut.ee\/wp-content\/uploads\/sites\/587\/indrek_maripuu_video-300x191.jpg 300w, https:\/\/sisu.ut.ee\/wp-content\/uploads\/sites\/587\/indrek_maripuu_video-1024x653.jpg 1024w, https:\/\/sisu.ut.ee\/wp-content\/uploads\/sites\/587\/indrek_maripuu_video-768x490.jpg 768w, https:\/\/sisu.ut.ee\/wp-content\/uploads\/sites\/587\/indrek_maripuu_video-1536x979.jpg 1536w\" sizes=\"auto, (max-width: 1716px) 100vw, 1716px\"><\/a><a title=\"\" href=\"https:\/\/www.youtube.com\/watch?v=Z0WF8FGj4dY&amp;list=PLu6QyDgH-tEYjmxSYZFFA9hxWB73vZc-M&amp;index=12\" target=\"_blank\" rel=\"noopener\" data-url=\"https:\/\/www.youtube.com\/watch?v=Z0WF8FGj4dY&amp;list=PLu6QyDgH-tEYjmxSYZFFA9hxWB73vZc-M&amp;index=12\">https:\/\/www.youtube.com\/watch?v=Z0WF8FGj4dY&amp;<\/a><\/p>\n<h4><\/h4>\n","protected":false},"excerpt":{"rendered":"<p>Teises moodulis \u00f5pid kavandama ettev\u00f5tte asutamisprotsessi, l\u00e4htudes \u00e4riseadustikust. Selle mooduli teemad on: Ettev\u00f5tluse tugis\u00fcsteem ja rahastamisallikad \u00c4riidee,\u00a0\u00e4riplaan ja ettev\u00f5tlusega seotud riskid Meeskonna loomine Ettev\u00f5tte asutamisprotsess Mooduli l\u00e4binud \u00f5ppija teab ettev\u00f5tluse tugis\u00fcsteeme Eestis ja millised v\u00f5imalused on ettev\u00f5tte rahastamiseks; oskab luua &#8230;<\/p>\n","protected":false},"author":63,"featured_media":0,"parent":0,"menu_order":0,"comment_status":"closed","ping_status":"closed","template":"","meta":{"_acf_changed":false,"inline_featured_image":false,"footnotes":""},"class_list":["post-12","page","type-page","status-publish","hentry"],"acf":[],"_links":{"self":[{"href":"https:\/\/sisu.ut.ee\/alusta-ettevotlusega\/wp-json\/wp\/v2\/pages\/12","targetHints":{"allow":["GET"]}}],"collection":[{"href":"https:\/\/sisu.ut.ee\/alusta-ettevotlusega\/wp-json\/wp\/v2\/pages"}],"about":[{"href":"https:\/\/sisu.ut.ee\/alusta-ettevotlusega\/wp-json\/wp\/v2\/types\/page"}],"author":[{"embeddable":true,"href":"https:\/\/sisu.ut.ee\/alusta-ettevotlusega\/wp-json\/wp\/v2\/users\/63"}],"replies":[{"embeddable":true,"href":"https:\/\/sisu.ut.ee\/alusta-ettevotlusega\/wp-json\/wp\/v2\/comments?post=12"}],"version-history":[{"count":2,"href":"https:\/\/sisu.ut.ee\/alusta-ettevotlusega\/wp-json\/wp\/v2\/pages\/12\/revisions"}],"predecessor-version":[{"id":178,"href":"https:\/\/sisu.ut.ee\/alusta-ettevotlusega\/wp-json\/wp\/v2\/pages\/12\/revisions\/178"}],"wp:attachment":[{"href":"https:\/\/sisu.ut.ee\/alusta-ettevotlusega\/wp-json\/wp\/v2\/media?parent=12"}],"curies":[{"name":"wp","href":"https:\/\/api.w.org\/{rel}","templated":true}]}}