{"id":11,"date":"2024-04-04T08:15:30","date_gmt":"2024-04-04T05:15:30","guid":{"rendered":"https:\/\/sisu.ut.ee\/alusta-ettevotlusega\/ariidee\/"},"modified":"2024-04-19T08:12:30","modified_gmt":"2024-04-19T05:12:30","slug":"ariidee","status":"publish","type":"page","link":"https:\/\/sisu.ut.ee\/alusta-ettevotlusega\/ariidee\/","title":{"rendered":"4. \u00c4riidee s\u00f5nastamine"},"content":{"rendered":"<blockquote>\n<p>Selle teema raames \u00f5pid\u00a0s\u00f5nastama\u00a0\u00e4riideed ja hidama selle teostatavust.<\/p>\n<\/blockquote>\n<h3>\u00c4riidee<\/h3>\n<p>Ettev\u00f5tte rajamine saab alguse \u00fcldjuhul \u00fchest v\u00f5i m\u00f5nest ettev\u00f5tjast ning \u00fchest \u00e4riideest ehk ideest, mida saab kasutada tulu teenimiseks. Hea \u00e4riidee luuakse positiivselt ja loovalt m\u00f5eldes ja seda on vaja nii ettev\u00f5tte alustamiseks kui ka olemasoleva arendamiseks. Ei ole olemas kaupa v\u00f5i teenust, mida saaks m\u00fc\u00fca l\u00f5putult ilma seda arendamata v\u00f5i muutmata.\u00a0<\/p>\n<p>Hea \u00e4riidee leidmise ja elluviimise tulemusel pakutakse potentsiaalsetele klientidele v\u00e4lja toode, mis sisaldab nende jaoks midagi m\u00e4rkimisv\u00e4\u00e4rset v\u00f5i kasulikku. Pakutav toode lahendab klientide mingid probleemid v\u00f5i muudab nende elu lihtsamaks, mugavamaks, huvitavamaks v\u00f5i v\u00f5imaldab s\u00e4\u00e4sta aega ja raha. Oluline pole seejuures mitte ainult see, et keegi seda toodet vajab, vaid kas kellelgi on ka v\u00f5imalus ja soov seda osta.<\/p>\n<p>\u00c4riidee leidmisele v\u00f5ib t\u00f5uke anda n\u00e4iteks<\/p>\n<ul>\n<li>isiklikud kogemused ja oskused v\u00f5i hobid;<\/li>\n<li>senine t\u00f6\u00f6kogemus;<\/li>\n<li>v\u00e4lismaal kogetud \u00e4riideed;<\/li>\n<li>haridus;<\/li>\n<li>peretraditsioonid;<\/li>\n<li>kasutada olev ressurss;<\/li>\n<li>s\u00fcstemaatiline otsing idee leidmiseks.<\/li>\n<\/ul>\n<h4>\u00c4riidee arendamine<\/h4>\n<p><img loading=\"lazy\" decoding=\"async\" width=\"744\" height=\"471\" class=\"alignnone wp-image-47\" style=\"width: 300px; height: 190px; float: right;\" title=\"\u00c4riidee loomise p\u00f5hik\u00fcsimused\" src=\"https:\/\/sisu.ut.ee\/wp-content\/uploads\/sites\/587\/ariidee_kusimused.png\" alt=\"AE_1_4_idee\" srcset=\"https:\/\/sisu.ut.ee\/wp-content\/uploads\/sites\/587\/ariidee_kusimused.png 744w, https:\/\/sisu.ut.ee\/wp-content\/uploads\/sites\/587\/ariidee_kusimused-300x190.png 300w\" sizes=\"auto, (max-width: 744px) 100vw, 744px\">\u00c4riideed s\u00f5nastades ja edasi arendades peaks m\u00f5tlema sellistele k\u00fcsimustele nagu kellele, mida, kuidas, miks.<\/p>\n<p><strong>Kellele?\u00a0<\/strong><\/p>\n<ul>\n<li>Keda n\u00e4hakse\u00a0tulevaste klientidena, kus nad asuvad?<\/li>\n<li>Miks just see sihtgrupp, kui suur see on?<\/li>\n<li>Milliseid m\u00fc\u00fcgi- ja reklaamikanaleid v\u00f5iksid kliendid eelistada?<\/li>\n<li>Kuidas v\u00f5iksid klientide n\u00f5udmised edaspidi muutuda?<\/li>\n<\/ul>\n<p><strong>Mida?<\/strong><\/p>\n<ul>\n<li>Milliseid tooteid ja teenuseid\u00a0pakkuda?<\/li>\n<\/ul>\n<p><strong>Kuidas?<\/strong><\/p>\n<ul>\n<li>Kuidas ettev\u00f5te toimib?<\/li>\n<li>Kus ja kuidas korraldada tootmine v\u00f5i teenuse pakkumine?<\/li>\n<li>Kuidas tooteid ja teenuseid klientidele vahendatakse?<\/li>\n<li>Milliseid ruume ja seadmeid on vaja?<\/li>\n<li>Kui palju ja milliste oskustega t\u00f6\u00f6tajaid on vaja?<\/li>\n<li>Kellega tehakse koost\u00f6\u00f6d?<\/li>\n<\/ul>\n<p><strong>Miks?<\/strong><\/p>\n<ul>\n<li>Milline on tulevase ettev\u00f5tte peamine konkurentsieelis?<\/li>\n<li>Milles seisneb idee uudsus, erilisus v\u00f5i oman\u00e4olisus?<\/li>\n<\/ul>\n<p>Konkurentsieelis eristab ettev\u00f5tet konkurentidest ja on p\u00f5hjuseks, miks v\u00e4hemalt osa inimesi eelistab mingit toodet konkureerivatele toodetele.<\/p>\n<h3>Toode. Kas kaup v\u00f5i teenus?<\/h3>\n<p><strong>Kaubad<\/strong><br>Kui oled v\u00e4lja m\u00f5elnud \u00e4riidee, kellele, mida ja kuidas planeerid turul pakkuda, siis on sul olemas toote idee. Toote m\u00fc\u00fcmiseks saab\u00a0kasutada j\u00e4rgmisi selgitusi, k\u00fcsimusi ja \u00fclesandeid.<\/p>\n<p>N\u00e4iteks kui oled otsustanud hakata valmistama ja m\u00fc\u00fcma k\u00e4sitsi kootud villaseid kindaid v\u00f5i v\u00e4rsketest puuviljadest smuutisid, siis on kindad ja smuutid tooted.<\/p>\n<p>Tooted rahuldavad mingeid tarbija vajadusi v\u00f5i lahendavad probleeme. N\u00e4iteks telefon, teksad v\u00f5i pusa, m\u00f5ni toiduaine, toit, jook v\u00f5i raamat on tooted. Aga neid v\u00f5ib nimetada ka kaubaks, kui neid m\u00fc\u00fcakse.<\/p>\n<p>Telefoni on vaja selleks, et s\u00f5prade v\u00f5i perega \u00fchenduses olla v\u00f5i videoid vaadata, toit selleks, et k\u00f5ht t\u00e4is s\u00fc\u00fca\u00a0ja jook selleks, et janu kustutada.<\/p>\n<p><strong>Teenused<\/strong><br>Lisaks asjadele saab osta ja m\u00fc\u00fca ka teenuseid, n\u00e4iteks toitlustus- v\u00f5i transporditeenust, traadita internetti (Wifi), vaba aja veetmise v\u00f5i pangateenuseid. Nagu toode, nii p\u00f5hineb ka teenus vajadusel v\u00f5i probleemil. N\u00e4iteks transporditeenust on vaja selleks, et inimesed saaksid liikuda \u00fchest paigast teise, telekommunikatsiooniteenust selleks, et saaksime internetti kasutada v\u00f5i telekat vaadata. Toitlustusteenust vajame selleks, et saaksime s\u00fc\u00fca v\u00e4ljaspool kodu, n\u00e4iteks koolis, kinno aga l\u00e4heme selleks, et veeta vaba aega ja saada filmielamus.<\/p>\n<p>T\u00e4nap\u00e4eval kasutatakse s\u00f5na \u201etoode\u201c nii kaupade kui ka teenuste t\u00e4histamiseks. Sel juhul on toode \u00fcldine nimetus, t\u00e4histades k\u00f5ike, mida saab osta ja m\u00fc\u00fca.<\/p>\n<h3>\u00c4riidee teostatavuse hindamine<\/h3>\n<p>Iga \u00e4riidee ei peegelda veel \u00e4riv\u00f5imalust ega garanteeri edu.\u00a0<\/p>\n<p>Igal juhul on esimese asjana vaja hinnata, kas tegu on v\u00e4\u00e4rt ideega, muidu v\u00f5ib juhtuda, et panustad ideesse oma aega ja raha, aga tagasi ei saa midagi.<\/p>\n<h4>\u00c4riidee hindamine 10 k\u00fcsimuse abil<\/h4>\n<p>Selleks tuleb vastata k\u00fcmnele k\u00fcsimusele skaalal 0\u201310, kus 0 on k\u00f5ige raskem, v\u00e4het\u00f5en\u00e4olisem, vaevalisem ning 10 on v\u00e4ga lihtne, atraktiivseim, tulutoovaim.<\/p>\n<ol>\n<li><strong>Vajadus. <\/strong>Kui suurt huvi tunnevad kliendid antud toote v\u00f5i teenuse vastu? N\u00e4iteks vana filmi rentimise vastu tuntakse v\u00e4hem huvi kui uue filmi esilinastuse puhul.<\/li>\n<li><strong>Turu suurus<\/strong>. Kui palju inimesi ostaks seda kaupa v\u00f5i teenust? N\u00e4iteks lugemisprillide ostjaskond on suur, aga liivi keelest eesti keelde t\u00f5lkimise teenuse tellijaid oleks v\u00e4he.<\/li>\n<li><strong>Hinnapotentsiaal. <\/strong>Kui palju on kliendid n\u00f5us teenuse v\u00f5i toote eest maksma? N\u00e4iteks paki tikkude eest on klient n\u00f5us maksma vaid sente, auto eest aga k\u00fcmneid tuhandeid.<\/li>\n<li><strong>Klientide leidmiskulud.<\/strong> Kui palju peab kulutama raha uute klientide leidmiseks? N\u00e4iteks s\u00f6\u00f6gikoht suures kontorihoones leiab kliendid kulutusteta, maiustuste tootja peab aga tegema pidevalt reklaami, et tagada klientide huvi just enda toote vastu.<\/li>\n<li><strong>Toote v\u00f5i teenuse loomise kulud.<\/strong> Kui kulukas on antud teenust osutada v\u00f5i toodet toota\/m\u00fc\u00fca? N\u00e4iteks konsultatsioonide osutamine on praktiliselt kuluvaba, samas uue huvitava toote v\u00e4ljat\u00f6\u00f6tamine ning tootmine keerulisem.<\/li>\n<li><strong>Toote\/teenuse unikaalsus.<\/strong> Kui unikaalne on see toode v\u00f5i teenus, kui palju on konkurente v\u00f5i kui kerge on konkurentidel hakata pakkuma samalaadset lahendust? N\u00e4iteks raamatupidamisteenuseid pakuvad paljud, aga Eestit valgusfooridega varustaval firmal konkurente eriti pole.<\/li>\n<li><strong>Kiirus.<\/strong>\u00a0Kui kiiresti saab toodet pakkuma hakata? N\u00e4iteks naabrile lapsehoidmisteenust saaks pakkuda kohe, aga uue kindlustusseltsi asutamiseks vajaliku litsentsi hankimine v\u00f5ib v\u00f5tta aasta.<\/li>\n<li><strong>Esmainvesteeringu suurus. <\/strong>Kui palju peab investeerima m\u00fc\u00fcgi alustamiseks? N\u00e4iteks eelnimetatud lapsehoidmisteenuse pakkumiseks pole kulutusi vaja teha, aga j\u00e4\u00e4tisevabriku sisseseade maksab palju.<\/li>\n<li><strong>Laienemispotentsiaal. <\/strong>Kui palju saab \u00fchele ja samale kliendile toodet v\u00f5i teenust m\u00fc\u00fca? N\u00e4iteks kohvikus saab kohvi k\u00f5rvale m\u00fc\u00fca ka saiakesi v\u00f5i autoostjale hooldust, kuid kamina ostja t\u00f5en\u00e4oliselt l\u00e4hiajal rohkem ostma ei tule.<\/li>\n<li><strong>K\u00e4ibe p\u00fcsivus.<\/strong> Kui palju peab tegema kulutusi, et k\u00e4ivet pikemat aega hoida? N\u00e4iteks raamatupidamisteenus eeldab igakuist t\u00f6\u00f6d k\u00e4ibe tekkimiseks, valmis kirjutatud raamatu puhul edaspidi kirjutamiskulud puuduvad.<\/li>\n<\/ol>\n<p>N\u00fc\u00fcd liida hinded kokku. Kui summa j\u00e4\u00e4b alla 50 punkti, siis unusta see idee, on paremaid kohti, kuhu oma aega ja raha investeerida. \u00dcle 75 punkti t\u00e4hendab potentsiaalselt v\u00e4ga tulutoovat \u00e4riideed. 50\u201375 punkti vahel j\u00e4\u00e4v idee on keskp\u00e4rane ning n\u00f5uab suurt t\u00f6\u00f6d, et sellega edu saavutada.<\/p>\n<p>\u00c4riidee hindamine nende k\u00fcsimuste p\u00f5hjal on lihtne ja annab selge vastuse.<\/p>\n<h4>Vaata inspiratsiooniks<strong>\u00a0<\/strong>Edu ja Tegu programmis loodud Marti H\u00e4\u00e4le \u00f5ppevideot\u00a0<strong>\u201c<\/strong><span style=\"line-height: 107%;\"><strong>Autonoomne motivatsioon \u2013\u00a0kui tihti ma endalt k\u00fcsin, miks midagi teen<\/strong>?<\/span><strong>\u201c<\/strong><\/h4>\n<p><a href=\"https:\/\/www.youtube.com\/watch?v=2tjgkAjbGyc%20\"><img loading=\"lazy\" decoding=\"async\" width=\"1716\" height=\"1094\" class=\"alignnone wp-image-48\" style=\"width: 250px; height: 159px; float: left;\" title=\"marti_haal_video.jpg\" src=\"https:\/\/sisu.ut.ee\/wp-content\/uploads\/sites\/587\/marti_haal_video.jpg\" alt=\"AE_1-4_video\" srcset=\"https:\/\/sisu.ut.ee\/wp-content\/uploads\/sites\/587\/marti_haal_video.jpg 1716w, https:\/\/sisu.ut.ee\/wp-content\/uploads\/sites\/587\/marti_haal_video-300x191.jpg 300w, https:\/\/sisu.ut.ee\/wp-content\/uploads\/sites\/587\/marti_haal_video-1024x653.jpg 1024w, https:\/\/sisu.ut.ee\/wp-content\/uploads\/sites\/587\/marti_haal_video-768x490.jpg 768w, https:\/\/sisu.ut.ee\/wp-content\/uploads\/sites\/587\/marti_haal_video-1536x979.jpg 1536w\" sizes=\"auto, (max-width: 1716px) 100vw, 1716px\"><\/a><a href=\"https:\/\/www.youtube.com\/watch?v=2tjgkAjbGyc\">https:\/\/www.youtube.com\/watch?v=2tjgkAjbGyc<\/a><\/p>\n<p>\u00a0<\/p>\n<h3>\u00a0<\/h3>\n<h3>\u00a0<\/h3>\n<h3>\u00a0<\/h3>\n<h3>Enesekontrolli harjutused<\/h3>\n<p>\u00a0<\/p>\n\n\n<div class=\"h5p-iframe-wrapper\"><div class=\"video-placeholder-wrapper video-placeholder-wrapper--fixed\" style=\"height: 366px;\">\n\t\t\t    <div class=\"video-placeholder d-flex justify-content-center align-items-center\">\n\t\t\t        <div class=\"overlay text-white p-2 w-100 text-center d-block justify-content-center align-items-center\">\n\t\t\t            <div>Kolmandate osapoolte sisu n\u00e4gemiseks palun n\u00f5ustu k\u00fcpsistega.<\/div>\n\t\t\t            <button class=\"btn btn-secondary btn-sm mt-1 consent-change\">Muuda n\u00f5usolekut<\/button>\n\t\t\t        <\/div>\n\t\t\t    <\/div>\n\t\t\t<\/div>\n<\/div>\n\n\n<h3><br>M\u00f5tteharjutus<\/h3>\n<p><\/p><div class=\"accordion mb-3\">\n        <div class=\"accordion-item accordion-item--white\">\n        <h2 class=\"accordion-header\" id=\"accordion-69e03751a93c9-heading\">\n            <button class=\"accordion-button collapsed\" type=\"button\" data-bs-toggle=\"collapse\" data-bs-target=\"#accordion-69e03751a93c9-collapse\" aria-expanded=\"true\" aria-controls=\"accordion-69e03751a93c9-collapse\">Vaata oma esialgset kirja pandud \u00e4riideed ja \u00e4rieesm\u00e4rki ning arenda seda edasi. M\u00f5tle ja pane kirja kellele, mida, miks ja kuidas soovid pakkuda ja kas pakutavaks tooteks on kaup v\u00f5i teenus. Seej\u00e4rel hinda oma \u00e4riideed teema l\u00f5pus toodud 10 k\u00fcsimuse abi. <\/button>\n        <\/h2>\n        <div id=\"accordion-69e03751a93c9-collapse\" class=\"accordion-collapse collapse\" aria-labelledby=\"accordion-69e03751a93c9-heading\">\n            <div class=\"accordion-body\"><strong>Iga \u00e4riidee ei peegelda veel \u00e4riv\u00f5imalust ega garanteeri edu. \u00c4riidee teostatavuse hindamine idee loomise etapis on \u00fclimalt oluline. Kui juhtub, et sinu \u00e4riidee ei ole piisavalt hea, v\u00f5ib juhtuda, et panustad kehva ideesse palju oma v\u00e4\u00e4rtuslikku aega ja raha, kuid tagasi ei saa midagi. Edasi tasub minna vaid v\u00e4ga hea ja tulutoova ideega. Ka keskp\u00e4rane idee v\u00f5ib olla teostatav, kuid n\u00f5uab suurt t\u00f6\u00f6d, et sellega edu saavutada.<\/strong> \u00a0<\/div>\n        <\/div>\n        <\/div>\n    <\/div>","protected":false},"excerpt":{"rendered":"<p>Selle teema raames \u00f5pid\u00a0s\u00f5nastama\u00a0\u00e4riideed ja hidama selle teostatavust. \u00c4riidee Ettev\u00f5tte rajamine saab alguse \u00fcldjuhul \u00fchest v\u00f5i m\u00f5nest ettev\u00f5tjast ning \u00fchest \u00e4riideest ehk ideest, mida saab kasutada tulu teenimiseks. Hea \u00e4riidee luuakse positiivselt ja loovalt m\u00f5eldes ja seda on vaja nii &#8230;<\/p>\n","protected":false},"author":63,"featured_media":0,"parent":0,"menu_order":0,"comment_status":"closed","ping_status":"closed","template":"","meta":{"_acf_changed":false,"inline_featured_image":false,"footnotes":""},"class_list":["post-11","page","type-page","status-publish","hentry"],"acf":[],"_links":{"self":[{"href":"https:\/\/sisu.ut.ee\/alusta-ettevotlusega\/wp-json\/wp\/v2\/pages\/11","targetHints":{"allow":["GET"]}}],"collection":[{"href":"https:\/\/sisu.ut.ee\/alusta-ettevotlusega\/wp-json\/wp\/v2\/pages"}],"about":[{"href":"https:\/\/sisu.ut.ee\/alusta-ettevotlusega\/wp-json\/wp\/v2\/types\/page"}],"author":[{"embeddable":true,"href":"https:\/\/sisu.ut.ee\/alusta-ettevotlusega\/wp-json\/wp\/v2\/users\/63"}],"replies":[{"embeddable":true,"href":"https:\/\/sisu.ut.ee\/alusta-ettevotlusega\/wp-json\/wp\/v2\/comments?post=11"}],"version-history":[{"count":4,"href":"https:\/\/sisu.ut.ee\/alusta-ettevotlusega\/wp-json\/wp\/v2\/pages\/11\/revisions"}],"predecessor-version":[{"id":177,"href":"https:\/\/sisu.ut.ee\/alusta-ettevotlusega\/wp-json\/wp\/v2\/pages\/11\/revisions\/177"}],"wp:attachment":[{"href":"https:\/\/sisu.ut.ee\/alusta-ettevotlusega\/wp-json\/wp\/v2\/media?parent=11"}],"curies":[{"name":"wp","href":"https:\/\/api.w.org\/{rel}","templated":true}]}}