{"id":37,"date":"2024-04-04T03:04:23","date_gmt":"2024-04-04T00:04:23","guid":{"rendered":"https:\/\/sisu.ut.ee\/aktiivope\/rakendusvoimaluste-leidmine\/"},"modified":"2024-04-04T03:04:36","modified_gmt":"2024-04-04T00:04:36","slug":"rakendusvoimaluste-leidmine","status":"publish","type":"page","link":"https:\/\/sisu.ut.ee\/aktiivope\/rakendusvoimaluste-leidmine\/","title":{"rendered":"Rakendusv\u00f5imaluste leidmine"},"content":{"rendered":"<p><span>Refleksiooni toetavad ka \u00fclesanded, mille k\u00e4igus \u00f5ppija peab leidma \u00f5pitud materjali t\u00e4henduse iseenda jaoks: st selle vajalikkuse ning rakendatavuse oma praktilises tegevuses v\u00f5i tulevasel erialal.\u00a0<\/span><\/p>\n<p><span>Praktilise rakendatavuse esiletoomist saab \u00f5petaja toetada j\u00e4rgmiste k\u00fcsimustega: <\/span><\/p>\n<ul>\n<li>Kuidas saate \u00f5pitavat rakendada oma valdkonnas?<\/li>\n<li>Milline t\u00e4hendus \u00f5pitaval v\u00f5ib olla 10 aasta p\u00e4rast?<\/li>\n<li>Milliseid raskusi teie arvates v\u00f5ib antud teooriate v\u00f5i mudelite praktikas rakendamine kaasa tuua?<\/li>\n<li>Mida peaksite veel juurde \u00f5ppima, et loetud ideid tulevikus edukalt rakendada?<\/li>\n<li>\u2026<\/li>\n<\/ul>\n<p><span>K\u00fcsimustele vastamiseks saab kasutada l\u00fchikeste kirjutamis\u00fclesannete vormi v\u00f5i \u00f5pip\u00e4eviku sissekandeid v\u00f5i e-portfooliot.<\/span><\/p>\n","protected":false},"excerpt":{"rendered":"<p>Refleksiooni toetavad ka \u00fclesanded, mille k\u00e4igus \u00f5ppija peab leidma \u00f5pitud materjali t\u00e4henduse iseenda jaoks: st selle vajalikkuse ning rakendatavuse oma praktilises tegevuses v\u00f5i tulevasel erialal.\u00a0 Praktilise rakendatavuse esiletoomist saab \u00f5petaja toetada j\u00e4rgmiste k\u00fcsimustega: Kuidas saate \u00f5pitavat rakendada oma valdkonnas? Milline &#8230;<\/p>\n","protected":false},"author":9,"featured_media":0,"parent":0,"menu_order":0,"comment_status":"closed","ping_status":"closed","template":"","meta":{"_acf_changed":false,"inline_featured_image":false,"footnotes":""},"class_list":["post-37","page","type-page","status-publish","hentry"],"acf":[],"_links":{"self":[{"href":"https:\/\/sisu.ut.ee\/aktiivope\/wp-json\/wp\/v2\/pages\/37","targetHints":{"allow":["GET"]}}],"collection":[{"href":"https:\/\/sisu.ut.ee\/aktiivope\/wp-json\/wp\/v2\/pages"}],"about":[{"href":"https:\/\/sisu.ut.ee\/aktiivope\/wp-json\/wp\/v2\/types\/page"}],"author":[{"embeddable":true,"href":"https:\/\/sisu.ut.ee\/aktiivope\/wp-json\/wp\/v2\/users\/9"}],"replies":[{"embeddable":true,"href":"https:\/\/sisu.ut.ee\/aktiivope\/wp-json\/wp\/v2\/comments?post=37"}],"version-history":[{"count":1,"href":"https:\/\/sisu.ut.ee\/aktiivope\/wp-json\/wp\/v2\/pages\/37\/revisions"}],"predecessor-version":[{"id":130,"href":"https:\/\/sisu.ut.ee\/aktiivope\/wp-json\/wp\/v2\/pages\/37\/revisions\/130"}],"wp:attachment":[{"href":"https:\/\/sisu.ut.ee\/aktiivope\/wp-json\/wp\/v2\/media?parent=37"}],"curies":[{"name":"wp","href":"https:\/\/api.w.org\/{rel}","templated":true}]}}