{"id":36,"date":"2024-04-04T03:04:23","date_gmt":"2024-04-04T00:04:23","guid":{"rendered":"https:\/\/sisu.ut.ee\/aktiivope\/mottekaardi-koostamine\/"},"modified":"2024-04-04T03:04:36","modified_gmt":"2024-04-04T00:04:36","slug":"mottekaardi-koostamine","status":"publish","type":"page","link":"https:\/\/sisu.ut.ee\/aktiivope\/mottekaardi-koostamine\/","title":{"rendered":"M\u00f5ttekaardi koostamine"},"content":{"rendered":"<p>\n\t<span>M\u00f5ttekaardi koostamine sobib refleksiooni\u00fclesandeks, kuna see v\u00f5imaldab \u00f5pitud materjali korrastada ja s\u00fcsteemi paigutada.\u00a0<\/span>\n<\/p>\n<p>\n\t<span>\u00d5ppijatele v\u00f5ib soovitada j\u00e4rgmisi samme m\u00f5ttekaardi koostamiseks:<\/span>\n<\/p>\n<ul>\n<li>\n\t\t<span>leida loetud (kuulatud, vaadatud) materjalist keskne m\u00f5iste (p\u00f5hiidee) ning paigutada see m\u00f5ttekaardi keskele;<\/span>\n\t<\/li>\n<li>\n\t\tm\u00e4\u00e4ratleda kesksest m\u00f5istest l\u00e4htuvad olulised m\u00f5isted (kontseptsioonid) \u2013 \u00fclevaatlikkuse huvides mitte rohkem kui seitse;\n\t<\/li>\n<li>\n\t\ttuua v\u00e4lja m\u00f5istete (kontseptsioonide omavahelised seosed);\n\t<\/li>\n<li>\n\t\tvajadusel laiendada ja t\u00e4iendada skeemi, lisada n\u00e4iteid;\n\t<\/li>\n<li>\n\t\tm\u00f5isted on kasulik kirjutada joonele (v\u00f5imaldab paremini kaarti laiendada, iga joone otsast struktuuri edasi arendada);\n\t<\/li>\n<li>\n\t\tkui selgub, et m\u00f5ttekaart \u00e4pardus (valiti ebaolulised m\u00f5isted, m\u00f5istete seosed, hierarhiad ja struktuur l\u00e4ksid segamini), siis tasub tunda r\u00f5\u00f5mu toimunud m\u00f5tlemisprotsessist, alustada otsast ning teha uus ja m\u00f5testatum m\u00f5ttekaart.\n\t<\/li>\n<\/ul>\n<p>\n\tM\u00f5ttekaartide loomiseks saab kasutada n\u00e4iteks Moodle\u2019i m\u00f5istakaarti (ei pruugi olla igas Moodle\u2019is) v\u00f5i j\u00e4rgmisi tasuta veebirakendusi: <strong>Bubbl<\/strong> (<a href=\"http:\/\/bubbl.us\/\" target=\"_blank\" rel=\"noopener\">http:\/\/bubbl.us\/<\/a>), <strong>Coggle<\/strong> (<a href=\"https:\/\/coggle.it\/\" style=\"background-color: #ffffff\" target=\"_blank\" rel=\"noopener\">https:\/\/coggle.it\/<\/a>).<\/p>\n","protected":false},"excerpt":{"rendered":"<p>M\u00f5ttekaardi koostamine sobib refleksiooni\u00fclesandeks, kuna see v\u00f5imaldab \u00f5pitud materjali korrastada ja s\u00fcsteemi paigutada.\u00a0 \u00d5ppijatele v\u00f5ib soovitada j\u00e4rgmisi samme m\u00f5ttekaardi koostamiseks: leida loetud (kuulatud, vaadatud) materjalist keskne m\u00f5iste (p\u00f5hiidee) ning paigutada see m\u00f5ttekaardi keskele; m\u00e4\u00e4ratleda kesksest m\u00f5istest l\u00e4htuvad olulised m\u00f5isted (kontseptsioonid) &#8230;<\/p>\n","protected":false},"author":9,"featured_media":0,"parent":0,"menu_order":0,"comment_status":"closed","ping_status":"closed","template":"","meta":{"_acf_changed":false,"inline_featured_image":false,"footnotes":""},"class_list":["post-36","page","type-page","status-publish","hentry"],"acf":[],"_links":{"self":[{"href":"https:\/\/sisu.ut.ee\/aktiivope\/wp-json\/wp\/v2\/pages\/36","targetHints":{"allow":["GET"]}}],"collection":[{"href":"https:\/\/sisu.ut.ee\/aktiivope\/wp-json\/wp\/v2\/pages"}],"about":[{"href":"https:\/\/sisu.ut.ee\/aktiivope\/wp-json\/wp\/v2\/types\/page"}],"author":[{"embeddable":true,"href":"https:\/\/sisu.ut.ee\/aktiivope\/wp-json\/wp\/v2\/users\/9"}],"replies":[{"embeddable":true,"href":"https:\/\/sisu.ut.ee\/aktiivope\/wp-json\/wp\/v2\/comments?post=36"}],"version-history":[{"count":1,"href":"https:\/\/sisu.ut.ee\/aktiivope\/wp-json\/wp\/v2\/pages\/36\/revisions"}],"predecessor-version":[{"id":129,"href":"https:\/\/sisu.ut.ee\/aktiivope\/wp-json\/wp\/v2\/pages\/36\/revisions\/129"}],"wp:attachment":[{"href":"https:\/\/sisu.ut.ee\/aktiivope\/wp-json\/wp\/v2\/media?parent=36"}],"curies":[{"name":"wp","href":"https:\/\/api.w.org\/{rel}","templated":true}]}}