{"id":21,"date":"2024-04-04T03:04:22","date_gmt":"2024-04-04T00:04:22","guid":{"rendered":"https:\/\/sisu.ut.ee\/aktiivope\/kasutatud-allikad-1\/"},"modified":"2024-04-04T03:04:36","modified_gmt":"2024-04-04T00:04:36","slug":"kasutatud-allikad-1","status":"publish","type":"page","link":"https:\/\/sisu.ut.ee\/aktiivope\/kasutatud-allikad-1\/","title":{"rendered":"Kasutatud allikad"},"content":{"rendered":"<ul>\n<li><span>Buehl, D. 2001. Interaktiiv\u00f5ppe strateegiad klassiruumis. Oman\u00e4olise Kooli Arenduskeskus.<\/span><\/li>\n<li><span>Lerkkanen. M.-K. 2007. Lugema \u00f5ppimine ja \u00f5petamine. Tartu: Tartu \u00dclikooli Kirjastus.<\/span><\/li>\n<\/ul>\n","protected":false},"excerpt":{"rendered":"<p>Buehl, D. 2001. Interaktiiv\u00f5ppe strateegiad klassiruumis. Oman\u00e4olise Kooli Arenduskeskus. Lerkkanen. M.-K. 2007. Lugema \u00f5ppimine ja \u00f5petamine. Tartu: Tartu \u00dclikooli Kirjastus.<\/p>\n","protected":false},"author":9,"featured_media":0,"parent":0,"menu_order":0,"comment_status":"closed","ping_status":"closed","template":"","meta":{"_acf_changed":false,"inline_featured_image":false,"footnotes":""},"class_list":["post-21","page","type-page","status-publish","hentry"],"acf":[],"_links":{"self":[{"href":"https:\/\/sisu.ut.ee\/aktiivope\/wp-json\/wp\/v2\/pages\/21","targetHints":{"allow":["GET"]}}],"collection":[{"href":"https:\/\/sisu.ut.ee\/aktiivope\/wp-json\/wp\/v2\/pages"}],"about":[{"href":"https:\/\/sisu.ut.ee\/aktiivope\/wp-json\/wp\/v2\/types\/page"}],"author":[{"embeddable":true,"href":"https:\/\/sisu.ut.ee\/aktiivope\/wp-json\/wp\/v2\/users\/9"}],"replies":[{"embeddable":true,"href":"https:\/\/sisu.ut.ee\/aktiivope\/wp-json\/wp\/v2\/comments?post=21"}],"version-history":[{"count":1,"href":"https:\/\/sisu.ut.ee\/aktiivope\/wp-json\/wp\/v2\/pages\/21\/revisions"}],"predecessor-version":[{"id":142,"href":"https:\/\/sisu.ut.ee\/aktiivope\/wp-json\/wp\/v2\/pages\/21\/revisions\/142"}],"wp:attachment":[{"href":"https:\/\/sisu.ut.ee\/aktiivope\/wp-json\/wp\/v2\/media?parent=21"}],"curies":[{"name":"wp","href":"https:\/\/api.w.org\/{rel}","templated":true}]}}