{"id":12,"date":"2024-04-04T03:04:21","date_gmt":"2024-04-04T00:04:21","guid":{"rendered":"https:\/\/sisu.ut.ee\/aktiivope\/soojendus-ja-energia-tostmise-harjutused\/"},"modified":"2024-04-04T03:04:36","modified_gmt":"2024-04-04T00:04:36","slug":"soojendus-ja-energia-tostmise-harjutused","status":"publish","type":"page","link":"https:\/\/sisu.ut.ee\/aktiivope\/soojendus-ja-energia-tostmise-harjutused\/","title":{"rendered":"Soojendus- ja energia t\u00f5stmise harjutused"},"content":{"rendered":"<h2>1. Sassis laused<\/h2>\n<p>\u00dclesandeks on moodustada etteantud s\u00f5nadest terviklause v\u00f5i n\u00e4iteks vanas\u00f5na. Osa s\u00f5nu v\u00f5ib olla puudu ja need tuleb r\u00fchmas ise v\u00e4lja m\u00f5elda. Kuna tavaliselt on v\u00f5imalusi erinevatest s\u00f5nadest\/fraasidest lausete moodustamiseks palju, tekib koomilisi variante ja vajadus omavahel suhelda.<\/p>\n<p>E-\u00f5ppes saab selleks kasutada n\u00e4iteks m\u00f5istekaarti, kus on etteantud s\u00f5nad, millest \u00f5ppijad omapoolseid s\u00f5nu lisades peavad v\u00f5imalikult palju vanas\u00f5nu moodustama. Iga \u00f5ppija v\u00f5ib enda vanas\u00f5na teha eri v\u00e4rvi.<\/p>\n<h2>2. V\u00f5istlus<\/h2>\n<p>Igale osalejale antakse rida \u00fclesandeid. Esimesena l\u00f5petanu on v\u00f5itja. E-\u00f5ppes v\u00f5iksid \u00fclesanded olla seotud n\u00e4iteks erinevate ostingute ja info leidmise, v\u00e4ljaselgitamisega, aga ka f\u00fc\u00fcsiliste tegevustega.<\/p>\n<p>N\u00e4iteid \u00fclesannetest:<\/p>\n<ul>\n<li>Selgita v\u00e4lja, kes r\u00fchmakaaslastest m\u00e4ngib m\u00f5nda pilli.<\/li>\n<li>M\u00e4ngi laualum\u00e4ngu \u201cKes aias\u201d koos teise r\u00fchmaliikmega ja salvesta esitus.<\/li>\n<li>Leia kaaslane, kes oskab laulda m\u00f5nda h\u00e4llilaulu. Palu laulda esimene salm, salvesta.<\/li>\n<li>Leia keegi, kes oskab sulle \u00f5petada m\u00f5nda tantsusammu (kasv\u00f5i ise v\u00e4lja m\u00f5eldud). \u00d5pi sammud selgeks ja salvesta.<\/li>\n<li>Leia keegi, kes oskab soovitada sulle m\u00f5nda head raamatut lugemiseks. Pane kirja pealkiri.<\/li>\n<\/ul>\n<h2><a href=\"\/wp-content\/uploads\/sites\/187\/sonapilv_0.png\" target=\"_blank\" rel=\"noopener\"><img loading=\"lazy\" decoding=\"async\" width=\"437\" height=\"509\" class=\"alignnone wp-image-48\" style=\"float: right\" src=\"https:\/\/sisu.ut.ee\/wp-content\/uploads\/sites\/187\/sonapilv.png\" title=\"sonapilv.png\" alt=\"sonapilv.png\" srcset=\"https:\/\/sisu.ut.ee\/wp-content\/uploads\/sites\/187\/sonapilv.png 437w, https:\/\/sisu.ut.ee\/wp-content\/uploads\/sites\/187\/sonapilv-258x300.png 258w\" sizes=\"auto, (max-width: 437px) 100vw, 437px\"><\/a>3. Sisseelamine teemasse \u2013 s\u00f5napilv<\/h2>\n<p>\u00d5ppijatel palutakse vikisse v\u00f5i foorumisse kirjutada nt 5 m\u00e4rks\u00f5na, mis neil \u00f5pitava teemaga seostub. \u00d5petaja kogub m\u00e4rks\u00f5nad kokku ning moodustab neist rakendusega <strong>Wordle<\/strong> (<a href=\"http:\/\/www.wordle.net\/\" target=\"_blank\" rel=\"noopener\">http:\/\/www.wordle.net\/<\/a>) v\u00f5i <strong>Tagul<\/strong> (<a href=\"https:\/\/tagul.com\/\" target=\"_blank\" rel=\"noopener\">https:\/\/tagul.com\/<\/a>) s\u00f5napilve. S\u00f5napilves on suuremalt k\u00f5ige enam kordunud m\u00e4rks\u00f5nad. S\u00f5napilv iseloomustab \u00f5ppijate jaoks teemaga seonduvaid tuttavamaid v\u00f5i olulisemaid m\u00f5isteid. Kui te ei soovi enda s\u00f5napilve avalikku galeriisse salvestada, v\u00f5ite selle kopeerida klaviatuurilt <em>Print Screen<\/em> nupust m\u00f5nda pildit\u00f6\u00f6tlusprogrammi (nt <em>Paint<\/em>) v\u00f5i tekstifaili.<\/p>\n<h5>Huvitavat lugemist: Gorman, M. (2012). 108 Ways to Use Word Clouds in the Classroom\u2026Word Clouds in Education Series: Part\u00a02.\u00a0<a href=\"https:\/\/21centuryedtech.wordpress.com\/2012\/05\/21\/108-ways-to-use-word-clouds-in-the-classroom-word-clouds-in-education-series-part-2\/\" target=\"_blank\" rel=\"noopener\">https:\/\/21centuryedtech.wordpress.com\/2012\/05\/21\/108-ways-to-use-word-clouds-in-the-classroom-word-clouds-in-education-series-part-2\/<\/a>\u00a0<\/h5>\n<h2><a href=\"\/wp-content\/uploads\/sites\/187\/sonapilt_0.png\" target=\"_blank\" rel=\"noopener\"><img loading=\"lazy\" decoding=\"async\" width=\"400\" height=\"386\" class=\"alignnone wp-image-49\" style=\"float: right\" src=\"https:\/\/sisu.ut.ee\/wp-content\/uploads\/sites\/187\/sonapilt.png\" title=\"sonapilt.png\" alt=\"sonapilt.png\" srcset=\"https:\/\/sisu.ut.ee\/wp-content\/uploads\/sites\/187\/sonapilt.png 400w, https:\/\/sisu.ut.ee\/wp-content\/uploads\/sites\/187\/sonapilt-300x290.png 300w\" sizes=\"auto, (max-width: 400px) 100vw, 400px\"><\/a>4. Sisseelamine teemasse \u2013 s\u00f5napilt<\/h2>\n<p>Lehek\u00fcljel <strong>Texter<\/strong> (<a href=\"http:\/\/tholman.com\/texter\/\" target=\"_blank\" rel=\"noopener\">http:\/\/tholman.com\/texter\/<\/a>) saavad \u00f5ppijad paremas \u00fclanurgas olevasse tekstilahtrisse sisestatud s\u00f5nadest v\u00f5i lausest joonistada teemaga seotud pildi v\u00f5i kujundi. Pildi saab salvestada ning esitada nt foorumisse teistele vaatamiseks, m\u00f5istatamiseks v\u00f5i kommenteerimiseks.<\/p>\n","protected":false},"excerpt":{"rendered":"<p>1. Sassis laused \u00dclesandeks on moodustada etteantud s\u00f5nadest terviklause v\u00f5i n\u00e4iteks vanas\u00f5na. Osa s\u00f5nu v\u00f5ib olla puudu ja need tuleb r\u00fchmas ise v\u00e4lja m\u00f5elda. Kuna tavaliselt on v\u00f5imalusi erinevatest s\u00f5nadest\/fraasidest lausete moodustamiseks palju, tekib koomilisi variante ja vajadus omavahel suhelda. &#8230;<\/p>\n","protected":false},"author":9,"featured_media":0,"parent":0,"menu_order":0,"comment_status":"closed","ping_status":"closed","template":"","meta":{"_acf_changed":false,"inline_featured_image":false,"footnotes":""},"class_list":["post-12","page","type-page","status-publish","hentry"],"acf":[],"_links":{"self":[{"href":"https:\/\/sisu.ut.ee\/aktiivope\/wp-json\/wp\/v2\/pages\/12","targetHints":{"allow":["GET"]}}],"collection":[{"href":"https:\/\/sisu.ut.ee\/aktiivope\/wp-json\/wp\/v2\/pages"}],"about":[{"href":"https:\/\/sisu.ut.ee\/aktiivope\/wp-json\/wp\/v2\/types\/page"}],"author":[{"embeddable":true,"href":"https:\/\/sisu.ut.ee\/aktiivope\/wp-json\/wp\/v2\/users\/9"}],"replies":[{"embeddable":true,"href":"https:\/\/sisu.ut.ee\/aktiivope\/wp-json\/wp\/v2\/comments?post=12"}],"version-history":[{"count":1,"href":"https:\/\/sisu.ut.ee\/aktiivope\/wp-json\/wp\/v2\/pages\/12\/revisions"}],"predecessor-version":[{"id":160,"href":"https:\/\/sisu.ut.ee\/aktiivope\/wp-json\/wp\/v2\/pages\/12\/revisions\/160"}],"wp:attachment":[{"href":"https:\/\/sisu.ut.ee\/aktiivope\/wp-json\/wp\/v2\/media?parent=12"}],"curies":[{"name":"wp","href":"https:\/\/api.w.org\/{rel}","templated":true}]}}