{"id":4,"date":"2024-04-04T06:16:27","date_gmt":"2024-04-04T03:16:27","guid":{"rendered":"https:\/\/sisu.ut.ee\/ajalooandmebaasid\/vikidata-paringud\/"},"modified":"2024-04-04T06:16:44","modified_gmt":"2024-04-04T03:16:44","slug":"vikidata-paringud","status":"publish","type":"page","link":"https:\/\/sisu.ut.ee\/ajalooandmebaasid\/vikidata-paringud\/","title":{"rendered":"Vikidata p\u00e4ringud"},"content":{"rendered":"<p dir=\"ltr\">\n\t<a data-url=\"https:\/\/www.wikipedia.org\/\" href=\"https:\/\/www.wikipedia.org\/\" target=\"_blank\" title=\"\" rel=\"noopener\">Vikipeedia<\/a><b>\u00a0 <\/b>(ingl k <em>Wikidedia<\/em>) <em>\u2014<\/em><b>\u00a0<\/b>paljukeelne v\u00f5rguents\u00fcklopeedia, mida k\u00f5ik saavad vabalt kasutada ning t\u00e4iendada ja parandada.\n<\/p>\n<p dir=\"ltr\">\n\t<a data-url=\"https:\/\/www.wikidata.org\/wiki\/Wikidata:Main_Page\" href=\"https:\/\/www.wikidata.org\/wiki\/Wikidata:Main_Page\" target=\"_blank\" title=\"\" rel=\"noopener\">Vikiandmed<\/a> (ingl k <em>Wikidata<\/em>)\u00a0<em>\u2014<\/em>\u00a0struktureeritud linkandmete projekt, mis on Vikipeedia andmeallikas. Loetav nii inimeste kui masinate poolt.\n<\/p>\n<p dir=\"ltr\">\n\t<a data-url=\"https:\/\/query.wikidata.org\/\" href=\"https:\/\/query.wikidata.org\/\" target=\"_blank\" title=\"\" rel=\"noopener\">Wikidata Query Service<\/a> <em>\u2014<\/em>\u00a0keskkond Vikiandmetest p\u00e4ringute tegemiseks. <a data-url=\"https:\/\/www.wikidata.org\/wiki\/Wikidata:SPARQL_query_service\/Wikidata_Query_Help\" href=\"https:\/\/www.wikidata.org\/wiki\/Wikidata:SPARQL_query_service\/Wikidata_Query_Help\" target=\"_blank\" title=\"\" rel=\"noopener\">Uuri t\u00e4psemalt<\/a>.\u00a0\n<\/p>\n<p dir=\"ltr\">\n\tSPARQL\u00a0<em>\u2014<\/em>\u00a0p\u00e4ringukeel RDF andmetest (sealhulgas Vikiandmete) p\u00e4ringute tegemiseks.\n<\/p>\n<p dir=\"ltr\">\n\t\u00a0<\/p>\n","protected":false},"excerpt":{"rendered":"<p>Vikipeedia\u00a0 (ingl k Wikidedia) \u2014\u00a0paljukeelne v\u00f5rguents\u00fcklopeedia, mida k\u00f5ik saavad vabalt kasutada ning t\u00e4iendada ja parandada. Vikiandmed (ingl k Wikidata)\u00a0\u2014\u00a0struktureeritud linkandmete projekt, mis on Vikipeedia andmeallikas. Loetav nii inimeste kui masinate poolt. Wikidata Query Service \u2014\u00a0keskkond Vikiandmetest p\u00e4ringute tegemiseks. Uuri t\u00e4psemalt.\u00a0 &#8230;<\/p>\n","protected":false},"author":231,"featured_media":0,"parent":0,"menu_order":0,"comment_status":"closed","ping_status":"closed","template":"","meta":{"_acf_changed":false,"inline_featured_image":false,"footnotes":""},"class_list":["post-4","page","type-page","status-publish","hentry"],"acf":[],"_links":{"self":[{"href":"https:\/\/sisu.ut.ee\/ajalooandmebaasid\/wp-json\/wp\/v2\/pages\/4","targetHints":{"allow":["GET"]}}],"collection":[{"href":"https:\/\/sisu.ut.ee\/ajalooandmebaasid\/wp-json\/wp\/v2\/pages"}],"about":[{"href":"https:\/\/sisu.ut.ee\/ajalooandmebaasid\/wp-json\/wp\/v2\/types\/page"}],"author":[{"embeddable":true,"href":"https:\/\/sisu.ut.ee\/ajalooandmebaasid\/wp-json\/wp\/v2\/users\/231"}],"replies":[{"embeddable":true,"href":"https:\/\/sisu.ut.ee\/ajalooandmebaasid\/wp-json\/wp\/v2\/comments?post=4"}],"version-history":[{"count":1,"href":"https:\/\/sisu.ut.ee\/ajalooandmebaasid\/wp-json\/wp\/v2\/pages\/4\/revisions"}],"predecessor-version":[{"id":147,"href":"https:\/\/sisu.ut.ee\/ajalooandmebaasid\/wp-json\/wp\/v2\/pages\/4\/revisions\/147"}],"wp:attachment":[{"href":"https:\/\/sisu.ut.ee\/ajalooandmebaasid\/wp-json\/wp\/v2\/media?parent=4"}],"curies":[{"name":"wp","href":"https:\/\/api.w.org\/{rel}","templated":true}]}}