{"id":28,"date":"2026-03-10T07:55:37","date_gmt":"2026-03-10T05:55:37","guid":{"rendered":"https:\/\/sisu.ut.ee\/ahistamiseuuring\/?page_id=28"},"modified":"2026-04-09T23:30:13","modified_gmt":"2026-04-09T20:30:13","slug":"nou-ja-abi","status":"publish","type":"page","link":"https:\/\/sisu.ut.ee\/ahistamiseuuring\/nou-ja-abi\/","title":{"rendered":"N\u00f5u ja abi"},"content":{"rendered":"<p>Kui tunnete, et vajate seoses seksuaalse ahistamise, kiusamise v\u00f5i diskrimineerimisega tuge, v\u00f5i m\u00e4rkate, et seda on tarvis Teie kolleegil v\u00f5i kaas\u00fcli\u00f5pilasel, siis leiab siit vajalikud kontaktandmed.<\/p>\n<h2>\u00dclikoolisisene n\u00f5u ja abi:<\/h2>\n<ul>\n<li><a href=\"http:\/\/ut.ee\/et\/vordne-kohtlemine\">V\u00f5rdse kohtlemise juhend<\/a> (juhised esmaseks reageerimiseks, n\u00f5u saamine, kaebuse esitamine, juhtumi lahendamine)<\/li>\n<li><a href=\"http:\/\/siseveeb.ut.ee\/et\/tugiteenused\/tootajate-psuhholoogiline-noustamine\">Ps\u00fchholoogiline abi t\u00f6\u00f6tajatele<\/a> (\u00fclikooli personaliosakond)<\/li>\n<li><a href=\"http:\/\/ut.ee\/et\/noustamiskeskus\">Ps\u00fchholoogiline abi \u00fcli\u00f5pilastele<\/a> (n\u00f5ustamiskeskus)<\/li>\n<\/ul>\n<h2>Abi v\u00e4ljaspool \u00fclikooli:<\/h2>\n<ul>\n<li><a href=\"http:\/\/volinik.ee\/vota-meiega-uhendust.html\">Soolise v\u00f5rd\u00f5iguslikkuse ja v\u00f5rdse kohtlemise volinik<\/a><\/li>\n<li><a href=\"http:\/\/politsei.ee\/et\/avaldus-politseile\">Politsei- ja piirivalveamet<\/a> (avalduse esitamine)<\/li>\n<li><a href=\"http:\/\/tooelu.ee\/et\/66\/tooalane-kiusamine\">T\u00f6\u00f6inspektsioon<\/a><\/li>\n<li><a href=\"http:\/\/seksuaaltervis.ee\/noorte-noustamiskeskused\">Noorte n\u00f5ustamiskeskused<\/a> (visiiditasuta seksuaaltervise tervishoiuteenus kuni 26-aastastele)<\/li>\n<li><a href=\"http:\/\/palunabi.ee\/et\/seksuaalvagivald\">Seksuaalv\u00e4givalla kriisiabikeskused<\/a> (24h abi seitsme \u00f6\u00f6p\u00e4eva jooksul p\u00e4rast seksuaalv\u00e4givalda)<\/li>\n<li><a href=\"http:\/\/palunabi.ee\/et\/perevagivald-ja-lahisuhtevagivald\">Abi l\u00e4hisuhtev\u00e4givalla korral<\/a><\/li>\n<li>Ohvriabi \u00f5\u00f5p\u00e4evaringne kriisitelefon 116 006<\/li>\n<li><a href=\"http:\/\/lgbt.ee\">Eesti LGBT \u00fching<\/a><\/li>\n<li>Emotsionaalse toe ja hingehoiu telefon 116 123 (iga p\u00e4ev kl 10\u201324)<\/li>\n<li>V\u00e4givallast loobumise tugiliin 660 6077<\/li>\n<\/ul>\n\n\n<p><\/p>\n\n\n\n<p><\/p>\n\n\n\n<p><\/p>\n\n\n\n<h2 class=\"wp-block-heading\">Advice and support<\/h2>\n\n\n\n<p>If you feel that you need support in relation to sexual harassment, bullying or discrimination, or if a colleague or a fellow student does, you will find some contact details below.<\/p>\n\n\n\n<p><strong>Advice and support within the university<\/strong><\/p>\n\n\n\n<ul class=\"wp-block-list\">\n<li><a href=\"https:\/\/ut.ee\/en\/equal-treatment\">Guidelines for equal treatment<\/a>\u00a0(guidelines for initial response, getting advice, filing a complaint, solving the incident)<\/li>\n\n\n\n<li><a href=\"https:\/\/siseveeb.ut.ee\/en\/support-services\/psychological-counselling-staff\">Psychological counselling for staff (UT Human Resources Office)<\/a><\/li>\n\n\n\n<li><a href=\"https:\/\/ut.ee\/en\/counselling-centre\">Psychological counselling for students (UT Counselling Centre)<\/a><\/li>\n<\/ul>\n\n\n\n<p><strong>Support outside the university<\/strong><\/p>\n\n\n\n<ul class=\"wp-block-list\">\n<li><a href=\"https:\/\/www.volinik.ee\/en\/contact-us.html\">Gender Equality and Equal Treatment Commissioner<\/a><\/li>\n\n\n\n<li><a href=\"https:\/\/www.politsei.ee\/en\/report-to-police\">Police and Border Guard Board (report to police)<\/a>\u00a0<\/li>\n\n\n\n<li><a href=\"https:\/\/www.tooelu.ee\/en\/66\/harassment-workplace\">Labour Inspectorate<\/a><\/li>\n\n\n\n<li><a href=\"https:\/\/seksuaaltervis.ee\/noorte-noustamiskeskused\/\">Youth counselling centres<\/a> (free sexual health services for people up to 26 years of age)<\/li>\n\n\n\n<li><a href=\"https:\/\/www.palunabi.ee\/en\/sexual-violence\">Sexual violence crisis centres<\/a> (24h support for seven days after experiencing sexual violence)<\/li>\n\n\n\n<li><a href=\"https:\/\/www.palunabi.ee\/en\/domestic-violence-and-intimate-partner-violence\">Support in case of intimate partner violence<\/a>\u00a0<\/li>\n\n\n\n<li>24h victim support crisis helpline 116 006<\/li>\n\n\n\n<li><a href=\"https:\/\/www.lgbt.ee\/\">Estonian LGBT Association<\/a>\u00a0<\/li>\n\n\n\n<li>Emotional support and pastoral care helpline 116 123 (every day from 10 to 24)<\/li>\n\n\n\n<li>Violence prevention helpline +372 660 6077<\/li>\n<\/ul>\n","protected":false},"excerpt":{"rendered":"<p>Kui tunnete, et vajate seoses seksuaalse ahistamise, kiusamise v\u00f5i diskrimineerimisega tuge, v\u00f5i m\u00e4rkate, et seda on tarvis Teie kolleegil v\u00f5i kaas\u00fcli\u00f5pilasel, siis leiab siit vajalikud kontaktandmed. \u00dclikoolisisene n\u00f5u ja abi: V\u00f5rdse kohtlemise juhend (juhised esmaseks reageerimiseks, n\u00f5u saamine, kaebuse esitamine, &#8230;<\/p>\n","protected":false},"author":9,"featured_media":0,"parent":0,"menu_order":0,"comment_status":"closed","ping_status":"closed","template":"","meta":{"_acf_changed":false,"inline_featured_image":false,"footnotes":""},"class_list":["post-28","page","type-page","status-publish","hentry"],"acf":[],"_links":{"self":[{"href":"https:\/\/sisu.ut.ee\/ahistamiseuuring\/wp-json\/wp\/v2\/pages\/28","targetHints":{"allow":["GET"]}}],"collection":[{"href":"https:\/\/sisu.ut.ee\/ahistamiseuuring\/wp-json\/wp\/v2\/pages"}],"about":[{"href":"https:\/\/sisu.ut.ee\/ahistamiseuuring\/wp-json\/wp\/v2\/types\/page"}],"author":[{"embeddable":true,"href":"https:\/\/sisu.ut.ee\/ahistamiseuuring\/wp-json\/wp\/v2\/users\/9"}],"replies":[{"embeddable":true,"href":"https:\/\/sisu.ut.ee\/ahistamiseuuring\/wp-json\/wp\/v2\/comments?post=28"}],"version-history":[{"count":6,"href":"https:\/\/sisu.ut.ee\/ahistamiseuuring\/wp-json\/wp\/v2\/pages\/28\/revisions"}],"predecessor-version":[{"id":194,"href":"https:\/\/sisu.ut.ee\/ahistamiseuuring\/wp-json\/wp\/v2\/pages\/28\/revisions\/194"}],"wp:attachment":[{"href":"https:\/\/sisu.ut.ee\/ahistamiseuuring\/wp-json\/wp\/v2\/media?parent=28"}],"curies":[{"name":"wp","href":"https:\/\/api.w.org\/{rel}","templated":true}]}}