{"id":2,"date":"2026-02-20T14:46:14","date_gmt":"2026-02-20T14:46:14","guid":{"rendered":"https:\/\/sisu.ut.ee\/ahistamiseuuring\/?page_id=2"},"modified":"2026-04-08T17:57:05","modified_gmt":"2026-04-08T14:57:05","slug":"sample-page","status":"publish","type":"page","link":"https:\/\/sisu.ut.ee\/ahistamiseuuring\/","title":{"rendered":"Avaleht"},"content":{"rendered":"<p><strong>Tere tulemast uuringu \u201eSeksuaalne ahistamine, kiusamine ja diskrimineerimine Tartu \u00dclikoolis 2026\u2033 avalehele!<\/strong><\/p>\n<p>Tartu \u00dclikoolis t\u00e4hendab v\u00f5rdne kohtlemine seda, et \u00fclikoolipere k\u00f5ikidel liikmetel on v\u00f5rdsed v\u00f5imalused ja \u00fchtki inimest ei tohi ahistada, kiusata ega diskrimineerida (<a href=\"https:\/\/ut.ee\/sites\/default\/files\/2023-04\/Vordse%20kohtlemise%20juhend_aprill%202023.pdf\" target=\"_blank\" rel=\"noopener\">Tartu \u00dclikooli v\u00f5rdse kohtlemise juhend<\/a>).<\/p>\n<p>Viimastel aastatel maailmas aset leidnud muutused on pannud senisest enam proovile v\u00f5rdse kohtlemise, sh soolise v\u00f5rd\u00f5iguslikkusega seotud v\u00e4\u00e4rtused, mist\u00f5ttu vajavad\u00a0 need teadlikku kaitsmist ja j\u00e4rjepidevat edendamist. \u00dclikoolidel on selles olukorras suur vastutus, sest akadeemilise pere otsused ja hoiakud kujundavad kogu \u00fchiskonna arusaamu.<\/p>\n<p>Seksuaalsel ahistamisel kui \u00fchel soolise ja seksuaalse v\u00e4givalla vormil ning igat liiki kiusamisel ja diskrimineerimisel on kahjulik m\u00f5ju nii \u00fcksikisikutele kui ka \u00fclikoolidele. T\u00f6\u00f6tajate ja \u00fcli\u00f5pilaste puhul v\u00e4ljendub see ennek\u00f5ike ps\u00fchholoogilise heaolu kahanemises, mis tingib t\u00f6\u00f6tajate t\u00f6\u00f6viljakuse v\u00e4henemise, soovi k\u00f5rgharidussektorist lahkuda ja rahulolematuse oma t\u00f6\u00f6ga. \u00dcli\u00f5pilaste puhul toob see kaasa \u00f5ppet\u00f6\u00f6lt puudumise, \u00f5pitulemuste halvenemise, eraldumise ja rahulolematuse oma \u00f5pingutega. Ebav\u00f5rdse kohtlemise, sh seksuaalse ahistamise juhtumite avalikustamine v\u00f5ib esmapilgul \u00fclikooli mainet kahjustada, kuid n\u00e4itab l\u00f5pptulemusena pigem teadlikkuse kasvu ja vaikimiskultuuri taandumist. Kui diskrimineerimise ja ahistamise juhtumitest ei vaadata m\u00f6\u00f6da, neist julgetakse r\u00e4\u00e4kida ja neile reageeritakse, aitab see luua paremaid ennetusmeetmeid, selgemaid juhiseid ja t\u00f5husamaid toetusmehhanisme. Seega on v\u00f5rdne kohtlemine juhtimise keskne k\u00fcsimus, mis loob turvalise ja lugupidava t\u00f6\u00f6- ning \u00f5pikeskkonna.<\/p>\n<p>Eesti \u00fclikoolide hulgas on Tartu \u00dclikool v\u00f5rdse kohtlemise edendamise eestvedaja. Sellekohaseid v\u00e4\u00e4rtusi kajastatakse <a href=\"http:\/\/ut.ee\/et\/arengukava\" target=\"_blank\" rel=\"noopener\">Tartu \u00dclikooli arengukavas 2026\u20132035<\/a> ja <a href=\"http:\/\/ut.ee\/et\/vordne-kohtlemine\" target=\"_blank\" rel=\"noopener\">soolise v\u00f5rd\u00f5iguslikkuse arengukavas 2026\u20132030<\/a>. Korraldatakse teemakohaseid koolitusi, loodud on <a href=\"https:\/\/ut.ee\/et\/vordne-kohtlemine\">v\u00f5rdse kohtlemise koduleht<\/a>, juhend ja tugiisikute v\u00f5rgustik ning 2026. aasta esimesel poolel asub ametisse v\u00f5rdse kohtlemise volinik. M\u00f6\u00f6dunud aastal moodustas senat v\u00f5rdse kohtlemise strateegia komisjoni, mille \u00fclesanne on toetada mitmekesisust hindavat ja kaasavat akadeemilist kultuuri. Samas on esile kerkinud puuduj\u00e4\u00e4gid vaidluste lahendamise ja \u00fcli\u00f5pilaste p\u00f6\u00f6rdumiste k\u00e4sitlemise s\u00fcsteemis ning juhtide vajadus saada rohkem tuge ebav\u00f5rdse kohtlemisega seotud probleemide lahendamisel.<\/p>\n<p>Siiani ei ole t\u00f6\u00f6tajate seas kogutud piisavalt andmeid seksuaalse ahistamisega seotud hoiakute kohta. V\u00e4he on teada, mis soodustab ja takistab seksuaalse ahistamise juhtumite m\u00e4rkamist, nendesse sekkumist ja nende lahendamist. Samuti ei ole piisavalt selge, kes on seksuaalse ahistamise peamised riskir\u00fchmad ning milline on ahistamise m\u00f5ju tervisele, \u00f5ppimisele ja karj\u00e4\u00e4rile. Vaja on m\u00f5ista tegureid, mis m\u00f5jutavad abi otsimise ja juhtumitest teatamise otsuseid, et ennetusmeetmeid tugevdada. Kiusamisel, diskrimineerimisel ja ahistamisel ei ole Tartu \u00dclikoolis kohta ning \u00fclikool on astunud otsustavaid samme, et luua kogu \u00fclikooliperele turvalisem, m\u00f5istvam ja toetavam t\u00f6\u00f6- ja \u00f5pikeskkond.<\/p>\n<p>Eelkirjeldatu on l\u00e4htepunkt uuringule \u201eSeksuaalne ahistamine, kiusamine ja diskrimineerimine Tartu \u00dclikoolis 2026\u201c, mis leiab aset 2026. aasta aprillist kuni 2027. aasta aprillini. Loe uuringust l\u00e4hemalt <a href=\"https:\/\/sisu.ut.ee\/ahistamiseuuring\/uuringust\/\">siin<\/a>.<\/p>\n\n\n<p><\/p>\n","protected":false},"excerpt":{"rendered":"<p>Tere tulemast uuringu \u201eSeksuaalne ahistamine, kiusamine ja diskrimineerimine Tartu \u00dclikoolis 2026\u2033 avalehele! Tartu \u00dclikoolis t\u00e4hendab v\u00f5rdne kohtlemine seda, et \u00fclikoolipere k\u00f5ikidel liikmetel on v\u00f5rdsed v\u00f5imalused ja \u00fchtki inimest ei tohi ahistada, kiusata ega diskrimineerida (Tartu \u00dclikooli v\u00f5rdse kohtlemise juhend). Viimastel &#8230;<\/p>\n","protected":false},"author":9,"featured_media":0,"parent":0,"menu_order":0,"comment_status":"closed","ping_status":"open","template":"","meta":{"_acf_changed":false,"inline_featured_image":false,"footnotes":""},"class_list":["post-2","page","type-page","status-publish","hentry"],"acf":[],"_links":{"self":[{"href":"https:\/\/sisu.ut.ee\/ahistamiseuuring\/wp-json\/wp\/v2\/pages\/2","targetHints":{"allow":["GET"]}}],"collection":[{"href":"https:\/\/sisu.ut.ee\/ahistamiseuuring\/wp-json\/wp\/v2\/pages"}],"about":[{"href":"https:\/\/sisu.ut.ee\/ahistamiseuuring\/wp-json\/wp\/v2\/types\/page"}],"author":[{"embeddable":true,"href":"https:\/\/sisu.ut.ee\/ahistamiseuuring\/wp-json\/wp\/v2\/users\/9"}],"replies":[{"embeddable":true,"href":"https:\/\/sisu.ut.ee\/ahistamiseuuring\/wp-json\/wp\/v2\/comments?post=2"}],"version-history":[{"count":10,"href":"https:\/\/sisu.ut.ee\/ahistamiseuuring\/wp-json\/wp\/v2\/pages\/2\/revisions"}],"predecessor-version":[{"id":171,"href":"https:\/\/sisu.ut.ee\/ahistamiseuuring\/wp-json\/wp\/v2\/pages\/2\/revisions\/171"}],"wp:attachment":[{"href":"https:\/\/sisu.ut.ee\/ahistamiseuuring\/wp-json\/wp\/v2\/media?parent=2"}],"curies":[{"name":"wp","href":"https:\/\/api.w.org\/{rel}","templated":true}]}}