{"id":2,"date":"2025-10-23T08:14:49","date_gmt":"2025-10-23T08:14:49","guid":{"rendered":"https:\/\/sisu.ut.ee\/aedviljad\/?page_id=2"},"modified":"2026-02-28T02:08:44","modified_gmt":"2026-02-28T00:08:44","slug":"avaleht","status":"publish","type":"page","link":"https:\/\/sisu.ut.ee\/aedviljad\/","title":{"rendered":"Avaleht"},"content":{"rendered":"<p><br><\/p>\n\n\n\n<p><strong>\u00d5piobjekti eesm\u00e4rk<\/strong> on tutvustada aedviljade toiduainer\u00fchma olemust ning selle t\u00e4htsust tervislikus toitumises.<br><br>Materjal on suunatud II kooliastme \u00f5pilastele ning \u00f5petajatele, et toetada \u00f5pilasi aedviljade toiduainer\u00fchma tundma\u00f5ppimisel. \u00d5piobjekt on \u00f5ppijale iseseisvalt l\u00e4bitav, ajast ja asukohast s\u00f5ltumatu ning ei n\u00f5ua vajalikke eelteadmisi. Seda sobib kasutada k\u00e4sit\u00f6\u00f6 ja kodunduse, loodus\u00f5petuse ja inimese\u00f5petuse tundides tervisliku toitumise teema k\u00e4sitlemisel. \u00d5piobjekti l\u00e4bimiseks on ette n\u00e4htud 2 akadeemilist tundi.<\/p>\n\n\n\n<p>Digitaalset materjali saab kasutada nii \u00f5ppet\u00f6\u00f6 l\u00e4biviimisel kontakt\u00f5ppes, \u00f5ppimiseks ja \u00f5petamiseks kaug\u00f5ppes kui ka veebi\u00f5ppep\u00e4evadel v\u00f5i koduse iseseisva t\u00f6\u00f6 \u00fclesandena. \u00d5piobjekt sisaldab enesekontrolliteste, mille abil saab \u00f5pilane \u00f5pitud teadmisi kontrollida ja kinnistada.<\/p>\n\n\n\n<p><strong>\u00d5piobjekti l\u00e4binud \u00f5ppija:<\/strong><\/p>\n\n\n\n<ul class=\"wp-block-list\">\n<li>defineerib aedviljadega seonduvaid m\u00f5isteid;<\/li>\n\n\n\n<li>nimetab erinevaid puuvilju, k\u00f6\u00f6givilju ja marju;<\/li>\n\n\n\n<li>m\u00f5istab ja kirjeldab aedviljade t\u00e4htsust tervisliku toitumise seisukohast;<\/li>\n\n\n\n<li>m\u00f5istab aedviljade kvaliteeti m\u00f5jutavaid tegureid;<\/li>\n\n\n\n<li>teab aedviljade s\u00e4ilitamise n\u00f5udeid.<\/li>\n<\/ul>\n\n\n\n<p><\/p>\n\n\n\n<p><strong>Juhised \u00f5piobjekti kasutamiseks:<\/strong><\/p>\n\n\n\n<ul class=\"wp-block-list\">\n<li>Alusta \u00f5piobjekti l\u00e4bimist avalehel olevast sissejuhatusest ja kasutusjuhistest.<\/li>\n\n\n\n<li>Loe tekst m\u00f5ttega l\u00e4bi ning liigu seej\u00e4rel j\u00e4rgmise lehe juurde edasi.<\/li>\n\n\n\n<li>Peat\u00fckkide vahel liikumiseks kasuta lehek\u00fclje all\u00e4\u00e4res olevaid navigeerimislinke v\u00f5i veebilehe men\u00fc\u00fcd.<\/li>\n\n\n\n<li>Peat\u00fckkide l\u00e4bimise j\u00e4rel soorita enesekontrollitestid, et kontrollida \u00f5pitu m\u00f5istmist ja meeldej\u00e4tmist.<\/li>\n<\/ul>\n\n\n\n<p><\/p>\n\n\n\n<p>Head ise\u00f5ppimist soovides<\/p>\n\n\n\n<p>Kirke Kask<br>\u00d5piobjekti \u201eAedviljad\u201c autor<br>Viljandi, 2026<\/p>\n","protected":false},"excerpt":{"rendered":"<p>\u00d5piobjekti eesm\u00e4rk on tutvustada aedviljade toiduainer\u00fchma olemust ning selle t\u00e4htsust tervislikus toitumises. Materjal on suunatud II kooliastme \u00f5pilastele ning \u00f5petajatele, et toetada \u00f5pilasi aedviljade toiduainer\u00fchma tundma\u00f5ppimisel. \u00d5piobjekt on \u00f5ppijale iseseisvalt l\u00e4bitav, ajast ja asukohast s\u00f5ltumatu ning ei n\u00f5ua vajalikke eelteadmisi. &#8230;<\/p>\n","protected":false},"author":924,"featured_media":0,"parent":0,"menu_order":0,"comment_status":"closed","ping_status":"closed","template":"","meta":{"_acf_changed":false,"inline_featured_image":false,"footnotes":""},"class_list":["post-2","page","type-page","status-publish","hentry"],"acf":[],"_links":{"self":[{"href":"https:\/\/sisu.ut.ee\/aedviljad\/wp-json\/wp\/v2\/pages\/2","targetHints":{"allow":["GET"]}}],"collection":[{"href":"https:\/\/sisu.ut.ee\/aedviljad\/wp-json\/wp\/v2\/pages"}],"about":[{"href":"https:\/\/sisu.ut.ee\/aedviljad\/wp-json\/wp\/v2\/types\/page"}],"author":[{"embeddable":true,"href":"https:\/\/sisu.ut.ee\/aedviljad\/wp-json\/wp\/v2\/users\/924"}],"replies":[{"embeddable":true,"href":"https:\/\/sisu.ut.ee\/aedviljad\/wp-json\/wp\/v2\/comments?post=2"}],"version-history":[{"count":5,"href":"https:\/\/sisu.ut.ee\/aedviljad\/wp-json\/wp\/v2\/pages\/2\/revisions"}],"predecessor-version":[{"id":32,"href":"https:\/\/sisu.ut.ee\/aedviljad\/wp-json\/wp\/v2\/pages\/2\/revisions\/32"}],"wp:attachment":[{"href":"https:\/\/sisu.ut.ee\/aedviljad\/wp-json\/wp\/v2\/media?parent=2"}],"curies":[{"name":"wp","href":"https:\/\/api.w.org\/{rel}","templated":true}]}}