{"id":26,"date":"2024-04-04T05:10:58","date_gmt":"2024-04-04T02:10:58","guid":{"rendered":"https:\/\/sisu.ut.ee\/adrienne\/uudised\/"},"modified":"2024-04-29T10:34:11","modified_gmt":"2024-04-29T07:34:11","slug":"uudised","status":"publish","type":"page","link":"https:\/\/sisu.ut.ee\/adrienne\/uudised\/","title":{"rendered":"Uudised"},"content":{"rendered":"<p><a title=\"\" href=\"https:\/\/novaator.err.ee\/1608480989\/muuga-lahes-on-end-sisse-seadnud-mehhiko-paritolu-soodav-merekarp\" target=\"_blank\" rel=\"noopener\" data-url=\"https:\/\/novaator.err.ee\/1608480989\/muuga-lahes-on-end-sisse-seadnud-mehhiko-paritolu-soodav-merekarp\"><strong>Muuga lahes on end sisse seadnud Mehhiko p\u00e4ritolu s\u00f6\u00f6dav merekarp<\/strong><\/a><\/p>\n<p><img loading=\"lazy\" decoding=\"async\" width=\"1370\" height=\"820\" class=\"wp-image-104 alignright\" style=\"width: 100px; height: 60px;\" title=\"Rangia cuneata\" src=\"https:\/\/sisu.ut.ee\/wp-content\/uploads\/sites\/363\/rangia.jpg\" alt=\"Rangia cuneata\" srcset=\"https:\/\/sisu.ut.ee\/wp-content\/uploads\/sites\/363\/rangia.jpg 1370w, https:\/\/sisu.ut.ee\/wp-content\/uploads\/sites\/363\/rangia-300x180.jpg 300w, https:\/\/sisu.ut.ee\/wp-content\/uploads\/sites\/363\/rangia-1024x613.jpg 1024w, https:\/\/sisu.ut.ee\/wp-content\/uploads\/sites\/363\/rangia-768x460.jpg 768w\" sizes=\"auto, (max-width: 1370px) 100vw, 1370px\"><\/p>\n<p style=\"margin: 0cm;\"><span style=\"background: white;\"><span style=\"color: #333333;\"><span style=\"letter-spacing: -.25pt;\">2019. aastal Soome lahe Venemaa vetest avastatud Mehhiko p\u00e4ritolu merekarp <em>Rangia cuneata<\/em> on n\u00fc\u00fcdseks laiendanud oma areaali ja j\u00f5udnud ka Muuga lahte. See on s\u00f6\u00f6dav karbiliik.<\/span><\/span><\/span><\/p>\n<p style=\"margin: 10.8pt 0cm 10.8pt 0cm;\"><span style=\"background: white;\"><span style=\"line-height: 16.2pt;\"><span style=\"color: #333333;\"><span style=\"letter-spacing: -.25pt;\">Muuga lootsilaevade sadamast leitu on esimene Mehhiko p\u00e4ritolu merekarbi leid Muuga lahes, \u00fctles ADRIENNE projekti juht Jonne Kotta T\u00dc Eesti Mereinstituudist.<\/span><\/span><\/span><\/span><\/p>\n<p style=\"margin: 10.8pt 0cm 10.8pt 0cm;\"><span style=\"background: white;\"><span style=\"line-height: 16.2pt;\"><span style=\"color: #333333;\"><span style=\"letter-spacing: -.25pt;\">\u201cAntud merekarbi leviala hakkas m\u00f6\u00f6dunud kuuma suvega kiiresti laienema ning piki Narva lahe idapoolset rannikut on selle levik olnud plahvatuslik,\u201d lausus Kotta. Tulevased uuringud n\u00e4itavad, kas selle uustulnuka olemasolu toob kasu v\u00f5i pigem h\u00e4irib kohalikku mereelu, lisas ta.<\/span><\/span><\/span><\/span><\/p>\n<p>Teadlased on kolm aastat t\u00f6\u00f6tanud koos projekti ADRIENNE raames, et omandada rohkem teadmisi Soome lahe kohta. \u00dchisprojekti k\u00e4ivitasid 2019. aastal kolme riigi eksperdid selleks, et \u00fcle saada takistustest \u2013 andmete killustatusest ning riikides kasutatavate uurimis- ja hindamismetoodikate erinevusest -, mis seni pidurdasid edusamme Soome lahe seisundi parandamiseks.<br>\n<a href=\"https:\/\/novaator.err.ee\/1608480989\/muuga-lahes-on-end-sisse-seadnud-mehhiko-paritolu-soodav-merekarp\" target=\"_blank\" rel=\"noopener\">https:\/\/novaator.err.ee\/1608480989\/muuga-lahes-on-end-sisse-seadnud-mehhiko-paritolu-soodav-merekarp<\/a><\/p>\n<p style=\"text-align: justify;\"><strong><span style=\"line-height: 107%;\">Teadlased korraldasid uurimisreisi, mille eesm\u00e4rk oli kaardistada mereelustiku levikut seni v\u00e4hetuntud Soome lahe piirkondades. Suureks \u00fcllatuseks avastasid nad kaks v\u00f5\u00f5rliiki \u2013 Mehhiko lahe merekarbi Rangia cuneata ja teadmata p\u00e4ritoluga hulkharjasussi Laonome xeprovala.<\/span><\/strong><\/p>\n<p style=\"text-align: center;\"><img loading=\"lazy\" decoding=\"async\" width=\"919\" height=\"690\" class=\"alignnone wp-image-106\" style=\"width: 300px; height: 225px;\" title=\"rangia_01.jpg\" src=\"https:\/\/sisu.ut.ee\/wp-content\/uploads\/sites\/363\/rangia_01.jpg\" alt=\"Rangia\" srcset=\"https:\/\/sisu.ut.ee\/wp-content\/uploads\/sites\/363\/rangia_01.jpg 919w, https:\/\/sisu.ut.ee\/wp-content\/uploads\/sites\/363\/rangia_01-300x225.jpg 300w, https:\/\/sisu.ut.ee\/wp-content\/uploads\/sites\/363\/rangia_01-768x577.jpg 768w\" sizes=\"auto, (max-width: 919px) 100vw, 919px\">\u00a0 \u00a0 \u00a0 \u00a0<img loading=\"lazy\" decoding=\"async\" width=\"798\" height=\"758\" class=\"alignnone wp-image-105\" style=\"width: 300px; height: 285px;\" title=\"laonome.jpg\" src=\"https:\/\/sisu.ut.ee\/wp-content\/uploads\/sites\/363\/laonome.jpg\" alt=\"laonome.jpg\" srcset=\"https:\/\/sisu.ut.ee\/wp-content\/uploads\/sites\/363\/laonome.jpg 798w, https:\/\/sisu.ut.ee\/wp-content\/uploads\/sites\/363\/laonome-300x285.jpg 300w, https:\/\/sisu.ut.ee\/wp-content\/uploads\/sites\/363\/laonome-768x730.jpg 768w\" sizes=\"auto, (max-width: 798px) 100vw, 798px\"><\/p>\n<p><span style=\"line-height: 107%;\">Teadlased on teinud kaks aastat tihedat koost\u00f6\u00f6d <\/span><b><span style=\"border: nonewindowtext1.0pt; padding: 0cm;\"><span style=\"line-height: 107%;\">ER55<\/span><\/span><\/b> <span lang=\"EN-US\"><span style=\"line-height: 107%;\"><a href=\"https:\/\/www.estoniarussia.eu\/wp-content\/uploads\/2020\/01\/Portfolio-ER55-ADRIENNE-upd.pdf\" target=\"_blank\" rel=\"noopener\"><b><span lang=\"ET\" style=\"border: nonewindowtext1.0pt; padding: 0cm;\"><span style=\"line-height: 107%;\">\u201cADRIENNE\u201d<\/span><\/span><\/b><\/a><\/span><\/span><b> <\/b><span style=\"border: nonewindowtext1.0pt; padding: 0cm;\"><span style=\"line-height: 107%;\">projekti raames<\/span><\/span><span style=\"line-height: 107%;\">, et koguda rohkem infot Soome lahe elukeskkonna kohta.\u00a0 Mereuurijate leid kinnitab, et need kaks v\u00f5\u00f5rliiki, keda on varem kohatud L\u00e4\u00e4nemere muudes piirkondades, on n\u00fc\u00fcd ennast <b>sisse seadnud ka mere k\u00f5ige idapoolsemas osas<\/b>. Edasised uuringud n\u00e4itavad, kas uustulnukad hakkavad kohalikku mereelu segama v\u00f5i toovad hoopis kasu. Teadlased t\u00f6\u00f6tavad praegu v\u00e4lja v\u00f5imsat IT-lahendust, mis n\u00e4itab liikide levikut merekeskkonnas. Seda lahendust saab kasutada L\u00e4\u00e4nemere \u00f6kos\u00fcsteemi tervise uurimiseks.<\/span><br>\n<a href=\"https:\/\/www.estoniarussia.eu\/first-random-facts-and-achievements-of-projects-4\/\" target=\"_blank\" rel=\"noopener\">https:\/\/www.estoniarussia.eu\/first-random-facts-and-achievements-of-projects-4\/<\/a><\/p>\n<p><b>ADRIENNE sidusr\u00fchmade konverents\u00a0 \u00a0<\/b><\/p>\n<p>Eesti Mereinstituut korraldas 28. septembril 2021. aastal Adrienne projekti sidusr\u00fchmade konverentsi, kus tutvustati Adrienne projekti tulemusi laiemale kuulajaskonnale.<br>\nKonverentsi ettekanded leiate siit.<br>\nMereelustiku kaardistamine ja kliimamuutuste prognoosimine\u00a0(Kristjan Herk\u00fcl)<br>\n<a href=\"https:\/\/sisu.ut.ee\/wp-content\/uploads\/sites\/363\/2021_stakeholder_conference_mapping_biota_and_predicting_future_changes_-_kristjan_herkul_edited.pdf\" data-fid=\"78462\">Mapping biota and predicting future changes<\/a><br>\nFaktip\u00f5hine l\u00e4henemine otsuste tegemiseks veebikeskkonnas (Jonne Kotta)<br>\n<a href=\"https:\/\/sisu.ut.ee\/wp-content\/uploads\/sites\/363\/2021_stakeholder_conference_building_gis_assessment_portal_-_factual_approach_to_decision_making_-_jonne_kotta_edited.pdf\" data-fid=\"78463\">Building GIS Assessment Portal \u2013 factual approach to decision making<\/a><br>\nV\u00e4lit\u00f6\u00f6de tulemustest ja Adrienne v\u00e4ljunditest (Marina Orlova)<br>\n<a href=\"https:\/\/sisu.ut.ee\/wp-content\/uploads\/sites\/363\/2021_stakeholder_conference_on_fieldwork_results_and_adriennes_outputs_-_marina_orlova_edited.pdf\" data-fid=\"78464\">On fieldwork results and Adrienne\u2019s outputs<\/a><\/p>\n<p><strong>Adrienne l\u00f5pukonverentsi ettekanded\u00a0(m\u00e4rts 2022)<\/strong><\/p>\n<p><a title=\"\" href=\"https:\/\/www.youtube.com\/watch?v=yJlpEWKYaZM\" target=\"_blank\" rel=\"noopener\" data-url=\"https:\/\/www.youtube.com\/watch?v=yJlpEWKYaZM\">ADRIENNE projekti tulemused ja Soome lahe kohta tehtud m\u00f5jude hindamisportaali (PlanWise4Blue p\u00f5hjal) tutvustus<\/a> (Jonne Kotta)<br>\n<a title=\"\" href=\"https:\/\/www.youtube.com\/watch?v=UKTwR5pdETQ&amp;list=PLf5nWwpR55hsi_twSh4mbl0W8rH-j2kBQ&amp;index=3\" target=\"_blank\" rel=\"noopener\" data-url=\"https:\/\/www.youtube.com\/watch?v=UKTwR5pdETQ&amp;list=PLf5nWwpR55hsi_twSh4mbl0W8rH-j2kBQ&amp;index=3\">Nature conservation at sea- MPA as instrument to achieve conservation and environmental targets<\/a> (Georg Martin), inglise keeles<br>\n<a title=\"\" href=\"https:\/\/www.youtube.com\/watch?v=9doo2eAd4eE\" target=\"_blank\" rel=\"noopener\" data-url=\"https:\/\/www.youtube.com\/watch?v=9doo2eAd4eE\">Laevandusega seotud tegevused ja nende v\u00f5imalikud keskkonnam\u00f5jud Eesti Merealal<\/a> (Mari-Liis Tombak, TalTech Eesti Mereakadeemia)<br>\n<a href=\"https:\/\/sisu.ut.ee\/wp-content\/uploads\/sites\/363\/sinimajandus_ja_veeressursside_vaarindamine_loreida_timberg_taltech_eesti_mereakadeemia.pptx\">Sinimajandus ja veeressursside v\u00e4\u00e4rindamine (Loreida Timberg, TalTech Eesti Mereakadeemia).pptx<\/a> (Loreida Timberg, TalTech Eesti Mereakadeemia)<\/p>\n<p style=\"margin: 0px0px0.0001pt; ,helvetica,arial,sans-serif;14px;font-style: normal; font-weight: 400; letter-spacing: normal; text-indent: 0px; text-transform: none; text-align: justify;\">\n<\/p>","protected":false},"excerpt":{"rendered":"<p>Muuga lahes on end sisse seadnud Mehhiko p\u00e4ritolu s\u00f6\u00f6dav merekarp 2019. aastal Soome lahe Venemaa vetest avastatud Mehhiko p\u00e4ritolu merekarp Rangia cuneata on n\u00fc\u00fcdseks laiendanud oma areaali ja j\u00f5udnud ka Muuga lahte. See on s\u00f6\u00f6dav karbiliik. Muuga lootsilaevade sadamast leitu &#8230;<\/p>\n","protected":false},"author":174,"featured_media":0,"parent":0,"menu_order":0,"comment_status":"closed","ping_status":"closed","template":"","meta":{"_acf_changed":false,"inline_featured_image":false,"footnotes":""},"class_list":["post-26","page","type-page","status-publish","hentry"],"acf":[],"_links":{"self":[{"href":"https:\/\/sisu.ut.ee\/adrienne\/wp-json\/wp\/v2\/pages\/26","targetHints":{"allow":["GET"]}}],"collection":[{"href":"https:\/\/sisu.ut.ee\/adrienne\/wp-json\/wp\/v2\/pages"}],"about":[{"href":"https:\/\/sisu.ut.ee\/adrienne\/wp-json\/wp\/v2\/types\/page"}],"author":[{"embeddable":true,"href":"https:\/\/sisu.ut.ee\/adrienne\/wp-json\/wp\/v2\/users\/174"}],"replies":[{"embeddable":true,"href":"https:\/\/sisu.ut.ee\/adrienne\/wp-json\/wp\/v2\/comments?post=26"}],"version-history":[{"count":2,"href":"https:\/\/sisu.ut.ee\/adrienne\/wp-json\/wp\/v2\/pages\/26\/revisions"}],"predecessor-version":[{"id":238,"href":"https:\/\/sisu.ut.ee\/adrienne\/wp-json\/wp\/v2\/pages\/26\/revisions\/238"}],"wp:attachment":[{"href":"https:\/\/sisu.ut.ee\/adrienne\/wp-json\/wp\/v2\/media?parent=26"}],"curies":[{"name":"wp","href":"https:\/\/api.w.org\/{rel}","templated":true}]}}