{"id":9,"date":"2024-04-03T23:15:26","date_gmt":"2024-04-03T20:15:26","guid":{"rendered":"https:\/\/sisu.ut.ee\/abi\/kirjete-eksportimine\/"},"modified":"2024-04-03T23:15:32","modified_gmt":"2024-04-03T20:15:32","slug":"kirjete-eksportimine","status":"publish","type":"page","link":"https:\/\/sisu.ut.ee\/abi\/kirjete-eksportimine\/","title":{"rendered":"Kirjete kopeerimine ja eksportimine"},"content":{"rendered":"<p>\n\tRaamatu detailse info lehel paremal\u00a0<img loading=\"lazy\" decoding=\"async\" width=\"91\" height=\"30\" class=\"alignnone wp-image-24\" src=\"https:\/\/sisu.ut.ee\/wp-content\/uploads\/sites\/58\/2016-02-29_10_58_35-detail_page.png\" title=\"2016-02-29_10_58_35-detail_page.png\" alt=\"2016-02-29_10_58_35-detail_page.png\">\u00a0ja samasugusel nupul Ebook Centrali lugeris \u00fclal kl\u00f5psates saate kopeerida raamatu kirje valikus olevates stiilides. \u00a0<br>Samas saate ka eksportida viidete haldurisse EndNote. EndNote Online juhend <a href=\"https:\/\/sisu.ut.ee\/enwebjuhend\" target=\"_blank\" rel=\"noopener\">https:\/\/sisu.ut.ee\/enwebjuhend<\/a>.\u00a0 Valikus on ka RefWorks, kuid sellele T\u00dc raamatukogul juurdep\u00e4\u00e4s puudub.\n<\/p>\n<p>\n\t<img loading=\"lazy\" decoding=\"async\" width=\"279\" height=\"79\" class=\"alignnone wp-image-25\" src=\"https:\/\/sisu.ut.ee\/wp-content\/uploads\/sites\/58\/2016-02-29_11_08_14-detail_page.png\" title=\"2016-02-29_11_08_14-detail_page.png\" alt=\"2016-02-29_11_08_14-detail_page.png\">\n<\/p>\n<h3>\n\tKirjete eksportimine EndNote\u2019i<br>\u00a0<br>\n<\/h3>\n<p>\n\tKui soovite, et et vastav nupp <img loading=\"lazy\" decoding=\"async\" width=\"104\" height=\"17\" class=\"alignnone wp-image-26\" src=\"https:\/\/sisu.ut.ee\/wp-content\/uploads\/sites\/58\/2016-02-29_11_11_45-ebrary_simple_search_information_literacy_.png\" title=\"2016-02-29_11_11_45-ebrary_simple_search_information_literacy_.png\" alt=\"2016-02-29_11_11_45-ebrary_simple_search_information_literacy_.png\">\u00a0kuvatakse ka otsingutulemustes kirjete juures,\u00a0tuleb see v\u00f5imalus aktiveerida\u00a0<em>My Settings<\/em>\u00a0(\u00fclal paremal) all \u2013\u00a0<em>Citation manager\u00a0<\/em>\u2013 <em>EndNote and Citavi.\u00a0<\/em>\u00a0EndNote Online\u2019i kirje otse \u00fcle ei tule, arvutisse salvestatakse fail <em>biblioExport.Ris<\/em>, mis tuleb EndNote Online\u2019i importida, kasutades Web of Science Core Collection filtrit.\u00a0\n<\/p>\n<h3>\n\tKirjete eksportimine Zoterosse<br>\u00a0<br>\n<\/h3>\n<p>\n\tKui raamatu kirje on avatud, tekib brauseri paremasse serva Zotero ikoon, sellel kl\u00f5psates kantakse kirje Zoterosse.\u00a0<span data-mce-mark=\"1\">Zotero juhend\u00a0<a href=\"https:\/\/sisu.ut.ee\/zoterojuhend\" target=\"_blank\" rel=\"noopener\">https:\/\/sisu.ut.ee\/zoterojuhend<\/a>.\u00a0<\/span><span data-mce-mark=\"1\">Zoterosse saab importida ka arvutisse salvestatud <\/span><em style=\"line-height: 1.6em\">biblioExport<\/em><span data-mce-mark=\"1\"> faili.\u00a0<\/span>\n<\/p>\n<p>\n\t<span>Kirjete \u00fckshaaval eksportimiseks ei pea olema oma kasutajakontoga sisse logitud. Kui soovite aga saata viidete haldurisse rohkem kirjeid korraga, tuleb need kanda oma raamaturiiulis kausta.\u00a0<\/span><\/p>\n","protected":false},"excerpt":{"rendered":"<p>Raamatu detailse info lehel paremal\u00a0\u00a0ja samasugusel nupul Ebook Centrali lugeris \u00fclal kl\u00f5psates saate kopeerida raamatu kirje valikus olevates stiilides. \u00a0Samas saate ka eksportida viidete haldurisse EndNote. EndNote Online juhend https:\/\/sisu.ut.ee\/enwebjuhend.\u00a0 Valikus on ka RefWorks, kuid sellele T\u00dc raamatukogul juurdep\u00e4\u00e4s puudub. &#8230;<\/p>\n","protected":false},"author":5,"featured_media":0,"parent":0,"menu_order":0,"comment_status":"closed","ping_status":"closed","template":"","meta":{"_acf_changed":false,"inline_featured_image":false,"footnotes":""},"class_list":["post-9","page","type-page","status-publish","hentry"],"acf":[],"_links":{"self":[{"href":"https:\/\/sisu.ut.ee\/abi\/wp-json\/wp\/v2\/pages\/9","targetHints":{"allow":["GET"]}}],"collection":[{"href":"https:\/\/sisu.ut.ee\/abi\/wp-json\/wp\/v2\/pages"}],"about":[{"href":"https:\/\/sisu.ut.ee\/abi\/wp-json\/wp\/v2\/types\/page"}],"author":[{"embeddable":true,"href":"https:\/\/sisu.ut.ee\/abi\/wp-json\/wp\/v2\/users\/5"}],"replies":[{"embeddable":true,"href":"https:\/\/sisu.ut.ee\/abi\/wp-json\/wp\/v2\/comments?post=9"}],"version-history":[{"count":1,"href":"https:\/\/sisu.ut.ee\/abi\/wp-json\/wp\/v2\/pages\/9\/revisions"}],"predecessor-version":[{"id":61,"href":"https:\/\/sisu.ut.ee\/abi\/wp-json\/wp\/v2\/pages\/9\/revisions\/61"}],"wp:attachment":[{"href":"https:\/\/sisu.ut.ee\/abi\/wp-json\/wp\/v2\/media?parent=9"}],"curies":[{"name":"wp","href":"https:\/\/api.w.org\/{rel}","templated":true}]}}