{"id":4,"date":"2024-04-03T23:15:25","date_gmt":"2024-04-03T20:15:25","guid":{"rendered":"https:\/\/sisu.ut.ee\/abi\/ebsco-abi\/"},"modified":"2025-02-05T21:32:07","modified_gmt":"2025-02-05T19:32:07","slug":"ebsco-abi","status":"publish","type":"page","link":"https:\/\/sisu.ut.ee\/abi\/ebsco-abi\/","title":{"rendered":"Raamatute lehitsemine ja otsing"},"content":{"rendered":"<p>Raamatuid saab valdkondade kaupa lehitseda, valides andmebaasi avalehel otsingukasti all <strong>Browse\u00a0<\/strong><strong style=\"line-height: 1.6em;\">Subjects.<\/strong><\/p>\n<p><img loading=\"lazy\" decoding=\"async\" width=\"678\" height=\"164\" class=\"alignnone wp-image-11\" title=\"2017-06-05_10_40_17-proquest_ebook_central.png\" src=\"https:\/\/sisu.ut.ee\/wp-content\/uploads\/sites\/58\/2017-06-05_10_40_17-proquest_ebook_central.png\" alt=\"2017-06-05_10_40_17-proquest_ebook_central.png\" srcset=\"https:\/\/sisu.ut.ee\/wp-content\/uploads\/sites\/58\/2017-06-05_10_40_17-proquest_ebook_central.png 678w, https:\/\/sisu.ut.ee\/wp-content\/uploads\/sites\/58\/2017-06-05_10_40_17-proquest_ebook_central-300x73.png 300w\" sizes=\"auto, (max-width: 678px) 100vw, 678px\"><\/p>\n<p><strong style=\"line-height: 1.6em;\">Raamatute otsinguks<\/strong> saab kasutada lihtotsingut ja t\u00e4psemat otsingut (<em style=\"line-height: 1.6em;\">Advanced Search<\/em>).<\/p>\n<p class=\"style5\">Lihtotsing\u00a0otsing h\u00f5lmab raamatute t\u00e4istekste, pealkirju, teemat (<em>subject<\/em>), autoreid ja kirjastusi.<\/p>\n<p class=\"style5\">Valides <em>Advanced Search<\/em>, saate m\u00e4\u00e4rata, kus otsitav s\u00f5na peab esinema (nt pealkiri, autor, m\u00e4rks\u00f5nad (LC Subject Headings \u2013 siin kasutatakse Kongressi Raamatukogu m\u00e4rks\u00f5nastikku).\u00a0 Saab m\u00e4\u00e4rata ka ajavahemikku jm.<\/p>\n<p class=\"style5\">M\u00f5lema otsinguviisi puhul saab otsis\u00f5nade kombineerimiseks kasutada loogikaoperaatoreid <strong>AND, OR, NOT<\/strong>.\u00a0\u00a0T\u00e4pse fraasi otsimiseks tuleb see panna jutum\u00e4rkidesse ja s\u00f5nu saab katkestada t\u00e4rniga. P\u00e4ringu koostamise p\u00f5him\u00f5tete kohta vt \u00a0\u00f5ppematerjali <a href=\"https:\/\/sisu.ut.ee\/otsing\/p%C3%A4ringu-koostamine\" target=\"_blank\" rel=\"noopener\">P\u00e4ringu koostamine<\/a>.<\/p>\n<p class=\"style5\">\n<\/p><p><strong>Otsingutulemused<\/strong> on j\u00e4rjestatud relevantsuse j\u00e4rgi. Tulemuste lehel paremal saab valida ka muid v\u00f5imalusi: pealkiri, autor v\u00f5i toimetaja (<em>Contributor<\/em>) ja ilmumisaeg.<\/p>\n<p><em>Chapter Results<\/em>\u00a0all n\u00e4idatakse peat\u00fckke \u00a0relevantsuse j\u00e4rjekorras, ka siin saab j\u00e4rjestust muuta.<\/p>\n<p class=\"style5\">\n<\/p><p class=\"style5\">\n<\/p><p class=\"style5\">\n<\/p>","protected":false},"excerpt":{"rendered":"<p>Raamatuid saab valdkondade kaupa lehitseda, valides andmebaasi avalehel otsingukasti all Browse\u00a0Subjects. Raamatute otsinguks saab kasutada lihtotsingut ja t\u00e4psemat otsingut (Advanced Search). Lihtotsing\u00a0otsing h\u00f5lmab raamatute t\u00e4istekste, pealkirju, teemat (subject), autoreid ja kirjastusi. Valides Advanced Search, saate m\u00e4\u00e4rata, kus otsitav s\u00f5na peab &#8230;<\/p>\n","protected":false},"author":5,"featured_media":0,"parent":0,"menu_order":0,"comment_status":"closed","ping_status":"closed","template":"","meta":{"_acf_changed":false,"inline_featured_image":false,"footnotes":""},"class_list":["post-4","page","type-page","status-publish","hentry"],"acf":[],"_links":{"self":[{"href":"https:\/\/sisu.ut.ee\/abi\/wp-json\/wp\/v2\/pages\/4","targetHints":{"allow":["GET"]}}],"collection":[{"href":"https:\/\/sisu.ut.ee\/abi\/wp-json\/wp\/v2\/pages"}],"about":[{"href":"https:\/\/sisu.ut.ee\/abi\/wp-json\/wp\/v2\/types\/page"}],"author":[{"embeddable":true,"href":"https:\/\/sisu.ut.ee\/abi\/wp-json\/wp\/v2\/users\/5"}],"replies":[{"embeddable":true,"href":"https:\/\/sisu.ut.ee\/abi\/wp-json\/wp\/v2\/comments?post=4"}],"version-history":[{"count":2,"href":"https:\/\/sisu.ut.ee\/abi\/wp-json\/wp\/v2\/pages\/4\/revisions"}],"predecessor-version":[{"id":78,"href":"https:\/\/sisu.ut.ee\/abi\/wp-json\/wp\/v2\/pages\/4\/revisions\/78"}],"wp:attachment":[{"href":"https:\/\/sisu.ut.ee\/abi\/wp-json\/wp\/v2\/media?parent=4"}],"curies":[{"name":"wp","href":"https:\/\/api.w.org\/{rel}","templated":true}]}}